{"id":570,"date":"2025-03-31T10:19:04","date_gmt":"2025-03-31T13:19:04","guid":{"rendered":"https:\/\/www.posgraduacao.unimontes.br\/proef\/?page_id=570"},"modified":"2026-02-26T10:50:42","modified_gmt":"2026-02-26T13:50:42","slug":"dissertacoes","status":"publish","type":"page","link":"https:\/\/www.posgraduacao.unimontes.br\/proef\/dissertacoes\/","title":{"rendered":"Disserta\u00e7\u00f5es"},"content":{"rendered":"<section class=\"kc-elm kc-css-992329 kc_row\"><div class=\"kc-row-container  kc-container\"><div class=\"kc-wrap-columns\"><div class=\"kc-elm kc-css-254769 kc_col-sm-12 kc_column kc_col-sm-12\"><div class=\"kc-col-container\"><div class=\"kc-elm kc-css-727442 kc_text_block\"><p><img class=\"alignnone size-medium\" src=\"http:\/\/www.posgraduacao.unimontes.br\/proef\/wp-content\/uploads\/sites\/25\/2025\/05\/Disserta\u00e7\u00e3o-Gleidiene-Fernandes-Silva-Turma-4_-1.pdf\" alt=\"\" \/><a href=\"http:\/\/www.posgraduacao.unimontes.br\/proef\/wp-content\/uploads\/sites\/25\/2025\/05\/Disserta\u00e7\u00e3o-Gleidiene-Fernandes-Silva-Turma-4_1.pdf\">Disserta\u00e7\u00e3o Gleidiene Fernandes Silva-Turma-4_1<\/a><\/p>\n<p><a href=\"http:\/\/www.posgraduacao.unimontes.br\/proef\/wp-content\/uploads\/sites\/25\/2025\/05\/Disserta\u00e7\u00e3o-Dejanny-Martins-Turma-4_1.pdf\">Disserta\u00e7\u00e3o Dejanny Martins -Turma-4_1<\/a><\/p>\n<p><a href=\"http:\/\/www.posgraduacao.unimontes.br\/proef\/wp-content\/uploads\/sites\/25\/2025\/05\/DISSERTAC\u0327A\u0303O_PAULO-VITOR-_-Turma-4_1.pdf\">Disserta\u00e7\u00e3o Paulo Vitor &#8211; Turma- 4_1<\/a><\/p>\n<p><a href=\"http:\/\/www.posgraduacao.unimontes.br\/proef\/wp-content\/uploads\/sites\/25\/2025\/09\/Disserta\u00e7\u00e3o_Jessica.pdf\">Disserta\u00e7\u00e3o Jessica Adryane Santos Santana-Turma-4_1<\/a><\/p>\n<p><img class=\"alignnone size-medium\" src=\"http:\/\/www.posgraduacao.unimontes.br\/proef\/wp-content\/uploads\/sites\/25\/2025\/09\/DISSERTA\u00c7\u00c3O__ANDR\u00c9IA-.pdf\" alt=\"\" \/><a href=\"http:\/\/www.posgraduacao.unimontes.br\/proef\/wp-content\/uploads\/sites\/25\/2025\/09\/DISSERTA\u00c7\u00c3O__ANDR\u00c9IA-.pdf\">Disserta\u00e7\u00e3o Andr\u00e9ia de F\u00e1tima Vieira Turma-4_1<\/a><\/p>\n<p><a href=\"http:\/\/www.posgraduacao.unimontes.br\/proef\/wp-content\/uploads\/sites\/25\/2025\/10\/dissertacao_compressed.pdf\">Disserta\u00e7\u00e3o Paulo Henrique Mendes Veloso -Turma-4_1<\/a><\/p>\n<p><a href=\"http:\/\/www.posgraduacao.unimontes.br\/proef\/wp-content\/uploads\/sites\/25\/2026\/02\/ilovepdf_merged-2.pdf\" target=\"_blank\" rel=\"noopener\">Disserta\u00e7\u00e3o Cristina Gon\u00e7alves Sousa e Silva -Turma-4_1<\/a><\/p>\n<\/div><\/div><\/div><\/div><\/div><\/section>\n","protected":false},"excerpt":{"rendered":"","protected":false},"author":21,"featured_media":0,"parent":0,"menu_order":0,"comment_status":"closed","ping_status":"closed","template":"","meta":[],"yoast_head":"<!-- This site is optimized with the Yoast SEO plugin v14.7 - https:\/\/yoast.com\/wordpress\/plugins\/seo\/ -->\n<title>Disserta\u00e7\u00f5es - Mestrado Profissional em Educa\u00e7\u00e3o F\u00edsica em Rede Nacional<\/title>\n<meta name=\"robots\" content=\"index, follow\" \/>\n<meta name=\"googlebot\" content=\"index, follow, max-snippet:-1, max-image-preview:large, max-video-preview:-1\" \/>\n<meta name=\"bingbot\" content=\"index, follow, max-snippet:-1, max-image-preview:large, max-video-preview:-1\" \/>\n<link rel=\"canonical\" href=\"https:\/\/www.posgraduacao.unimontes.br\/proef\/dissertacoes\/\" \/>\n<meta property=\"og:locale\" content=\"pt_BR\" \/>\n<meta property=\"og:type\" content=\"article\" \/>\n<meta property=\"og:title\" content=\"Disserta\u00e7\u00f5es - Mestrado Profissional em Educa\u00e7\u00e3o F\u00edsica em Rede Nacional\" \/>\n<meta property=\"og:description\" content=\"Disserta\u00e7\u00e3o Gleidiene Fernandes Silva-Turma-4_1 Disserta\u00e7\u00e3o Dejanny Martins -Turma-4_1 Disserta\u00e7\u00e3o Paulo Vitor &#8211; Turma- 4_1 Disserta\u00e7\u00e3o Jessica Adryane Santos Santana-Turma-4_1 Disserta\u00e7\u00e3o Andr\u00e9ia de F\u00e1tima Vieira Turma-4_1 Disserta\u00e7\u00e3o Paulo Henrique Mendes Veloso -Turma-4_1 Disserta\u00e7\u00e3o Cristina Gon\u00e7alves Sousa e Silva -Turma-4_1\" \/>\n<meta property=\"og:url\" content=\"https:\/\/www.posgraduacao.unimontes.br\/proef\/dissertacoes\/\" \/>\n<meta property=\"og:site_name\" content=\"Mestrado Profissional em Educa\u00e7\u00e3o F\u00edsica em Rede Nacional\" \/>\n<meta property=\"article:modified_time\" content=\"2026-02-26T13:50:42+00:00\" \/>\n<meta property=\"og:image\" content=\"http:\/\/www.posgraduacao.unimontes.br\/proef\/wp-content\/uploads\/sites\/25\/2025\/05\/Disserta\u00e7\u00e3o-Gleidiene-Fernandes-Silva-Turma-4_-1.pdf\" \/>\n<meta name=\"twitter:card\" content=\"summary_large_image\" \/>\n<script type=\"application\/ld+json\" class=\"yoast-schema-graph\">{\"@context\":\"https:\/\/schema.org\",\"@graph\":[{\"@type\":\"WebSite\",\"@id\":\"https:\/\/www.posgraduacao.unimontes.br\/proef\/#website\",\"url\":\"https:\/\/www.posgraduacao.unimontes.br\/proef\/\",\"name\":\"Mestrado Profissional em Educa\\u00e7\\u00e3o F\\u00edsica em Rede Nacional\",\"description\":\"\",\"potentialAction\":[{\"@type\":\"SearchAction\",\"target\":\"https:\/\/www.posgraduacao.unimontes.br\/proef\/?s={search_term_string}\",\"query-input\":\"required name=search_term_string\"}],\"inLanguage\":\"pt-BR\"},{\"@type\":\"ImageObject\",\"@id\":\"https:\/\/www.posgraduacao.unimontes.br\/proef\/dissertacoes\/#primaryimage\",\"inLanguage\":\"pt-BR\",\"url\":\"http:\/\/www.posgraduacao.unimontes.br\/proef\/wp-content\/uploads\/sites\/25\/2025\/05\/Disserta\\u00e7\\u00e3o-Gleidiene-Fernandes-Silva-Turma-4_-1.pdf\"},{\"@type\":\"WebPage\",\"@id\":\"https:\/\/www.posgraduacao.unimontes.br\/proef\/dissertacoes\/#webpage\",\"url\":\"https:\/\/www.posgraduacao.unimontes.br\/proef\/dissertacoes\/\",\"name\":\"Disserta\\u00e7\\u00f5es - Mestrado Profissional em Educa\\u00e7\\u00e3o F\\u00edsica em Rede Nacional\",\"isPartOf\":{\"@id\":\"https:\/\/www.posgraduacao.unimontes.br\/proef\/#website\"},\"primaryImageOfPage\":{\"@id\":\"https:\/\/www.posgraduacao.unimontes.br\/proef\/dissertacoes\/#primaryimage\"},\"datePublished\":\"2025-03-31T13:19:04+00:00\",\"dateModified\":\"2026-02-26T13:50:42+00:00\",\"inLanguage\":\"pt-BR\",\"potentialAction\":[{\"@type\":\"ReadAction\",\"target\":[\"https:\/\/www.posgraduacao.unimontes.br\/proef\/dissertacoes\/\"]}]}]}<\/script>\n<!-- \/ Yoast SEO plugin. -->","_links":{"self":[{"href":"https:\/\/www.posgraduacao.unimontes.br\/proef\/wp-json\/wp\/v2\/pages\/570"}],"collection":[{"href":"https:\/\/www.posgraduacao.unimontes.br\/proef\/wp-json\/wp\/v2\/pages"}],"about":[{"href":"https:\/\/www.posgraduacao.unimontes.br\/proef\/wp-json\/wp\/v2\/types\/page"}],"author":[{"embeddable":true,"href":"https:\/\/www.posgraduacao.unimontes.br\/proef\/wp-json\/wp\/v2\/users\/21"}],"replies":[{"embeddable":true,"href":"https:\/\/www.posgraduacao.unimontes.br\/proef\/wp-json\/wp\/v2\/comments?post=570"}],"version-history":[{"count":19,"href":"https:\/\/www.posgraduacao.unimontes.br\/proef\/wp-json\/wp\/v2\/pages\/570\/revisions"}],"predecessor-version":[{"id":693,"href":"https:\/\/www.posgraduacao.unimontes.br\/proef\/wp-json\/wp\/v2\/pages\/570\/revisions\/693"}],"wp:attachment":[{"href":"https:\/\/www.posgraduacao.unimontes.br\/proef\/wp-json\/wp\/v2\/media?parent=570"}],"curies":[{"name":"wp","href":"https:\/\/api.w.org\/{rel}","templated":true}]}}