{"id":292,"date":"2023-01-12T17:56:36","date_gmt":"2023-01-12T20:56:36","guid":{"rendered":"https:\/\/www.posgraduacao.unimontes.br\/proef\/?page_id=292"},"modified":"2023-04-18T16:33:47","modified_gmt":"2023-04-18T19:33:47","slug":"cronograma-do-proef","status":"publish","type":"page","link":"https:\/\/www.posgraduacao.unimontes.br\/proef\/cronograma-do-proef\/","title":{"rendered":"Cronograma do PROEF"},"content":{"rendered":"<section class=\"kc-elm kc-css-839705 kc_row\"><div class=\"kc-row-container  kc-container\"><div class=\"kc-wrap-columns\"><div class=\"kc-elm kc-css-783941 kc_col-sm-12 kc_column kc_col-sm-12\"><div class=\"kc-col-container\"><div class=\"kc-elm kc-css-661373\" style=\"height: 20px; clear: both; width:100%;\"><\/div><div class=\"kc-elm kc-css-317246 kc_text_block\"><p>Aqui est\u00e3o dispon\u00edveis os cronogramas, calend\u00e1rios e afins referentes ao PROEF.<\/p>\n<ul>\n<li><a href=\"http:\/\/www.posgraduacao.unimontes.br\/proef\/wp-content\/uploads\/sites\/25\/2023\/04\/1calendario-academico-proef-2023-2025-turma-4.pdf\" target=\"_blank\" rel=\"noopener\">Calend\u00e1rio acad\u00eamico PROEF: 2023 a 2025 &#8211; Turma 4 (pdf)<\/a><\/li>\n<li><img class=\"alignnone size-medium\" src=\"http:\/\/www.posgraduacao.unimontes.br\/proef\/wp-content\/uploads\/sites\/25\/2023\/12\/calendario-academico-proef-2024-2026-turma-5-final-Denise.pdf\" alt=\"\" \/><a href=\"http:\/\/www.posgraduacao.unimontes.br\/proef\/wp-content\/uploads\/sites\/25\/2023\/12\/calendario-academico-proef-2024-2026-turma-5-final-Denise.pdf\">Calend\u00e1rio acad\u00eamico PROEF: 2024 a 2026 \u2013 Turma 5 <\/a><\/li>\n<\/ul>\n<\/div><\/div><\/div><\/div><\/div><\/section>\n","protected":false},"excerpt":{"rendered":"","protected":false},"author":5,"featured_media":0,"parent":0,"menu_order":0,"comment_status":"closed","ping_status":"closed","template":"","meta":[],"yoast_head":"<!-- This site is optimized with the Yoast SEO plugin v14.7 - https:\/\/yoast.com\/wordpress\/plugins\/seo\/ -->\n<title>Cronograma do PROEF - Mestrado Profissional em Educa\u00e7\u00e3o F\u00edsica em Rede Nacional<\/title>\n<meta name=\"robots\" content=\"index, follow\" \/>\n<meta name=\"googlebot\" content=\"index, follow, max-snippet:-1, max-image-preview:large, max-video-preview:-1\" \/>\n<meta name=\"bingbot\" content=\"index, follow, max-snippet:-1, max-image-preview:large, max-video-preview:-1\" \/>\n<link rel=\"canonical\" href=\"https:\/\/www.posgraduacao.unimontes.br\/proef\/cronograma-do-proef\/\" \/>\n<meta property=\"og:locale\" content=\"pt_BR\" \/>\n<meta property=\"og:type\" content=\"article\" \/>\n<meta property=\"og:title\" content=\"Cronograma do PROEF - Mestrado Profissional em Educa\u00e7\u00e3o F\u00edsica em Rede Nacional\" \/>\n<meta property=\"og:description\" content=\"Aqui est\u00e3o dispon\u00edveis os cronogramas, calend\u00e1rios e afins referentes ao PROEF. Calend\u00e1rio acad\u00eamico PROEF: 2023 a 2025 &#8211; Turma 4 (pdf) Calend\u00e1rio acad\u00eamico PROEF: 2024 a 2026 \u2013 Turma 5\" \/>\n<meta property=\"og:url\" content=\"https:\/\/www.posgraduacao.unimontes.br\/proef\/cronograma-do-proef\/\" \/>\n<meta property=\"og:site_name\" content=\"Mestrado Profissional em Educa\u00e7\u00e3o F\u00edsica em Rede Nacional\" \/>\n<meta property=\"article:modified_time\" content=\"2023-04-18T19:33:47+00:00\" \/>\n<meta property=\"og:image\" content=\"http:\/\/www.posgraduacao.unimontes.br\/proef\/wp-content\/uploads\/sites\/25\/2023\/12\/calendario-academico-proef-2024-2026-turma-5-final-Denise.pdf\" \/>\n<meta name=\"twitter:card\" content=\"summary_large_image\" \/>\n<script type=\"application\/ld+json\" class=\"yoast-schema-graph\">{\"@context\":\"https:\/\/schema.org\",\"@graph\":[{\"@type\":\"WebSite\",\"@id\":\"https:\/\/www.posgraduacao.unimontes.br\/proef\/#website\",\"url\":\"https:\/\/www.posgraduacao.unimontes.br\/proef\/\",\"name\":\"Mestrado Profissional em Educa\\u00e7\\u00e3o F\\u00edsica em Rede Nacional\",\"description\":\"\",\"potentialAction\":[{\"@type\":\"SearchAction\",\"target\":\"https:\/\/www.posgraduacao.unimontes.br\/proef\/?s={search_term_string}\",\"query-input\":\"required name=search_term_string\"}],\"inLanguage\":\"pt-BR\"},{\"@type\":\"ImageObject\",\"@id\":\"https:\/\/www.posgraduacao.unimontes.br\/proef\/cronograma-do-proef\/#primaryimage\",\"inLanguage\":\"pt-BR\",\"url\":\"http:\/\/www.posgraduacao.unimontes.br\/proef\/wp-content\/uploads\/sites\/25\/2023\/12\/calendario-academico-proef-2024-2026-turma-5-final-Denise.pdf\"},{\"@type\":\"WebPage\",\"@id\":\"https:\/\/www.posgraduacao.unimontes.br\/proef\/cronograma-do-proef\/#webpage\",\"url\":\"https:\/\/www.posgraduacao.unimontes.br\/proef\/cronograma-do-proef\/\",\"name\":\"Cronograma do PROEF - Mestrado Profissional em Educa\\u00e7\\u00e3o F\\u00edsica em Rede Nacional\",\"isPartOf\":{\"@id\":\"https:\/\/www.posgraduacao.unimontes.br\/proef\/#website\"},\"primaryImageOfPage\":{\"@id\":\"https:\/\/www.posgraduacao.unimontes.br\/proef\/cronograma-do-proef\/#primaryimage\"},\"datePublished\":\"2023-01-12T20:56:36+00:00\",\"dateModified\":\"2023-04-18T19:33:47+00:00\",\"inLanguage\":\"pt-BR\",\"potentialAction\":[{\"@type\":\"ReadAction\",\"target\":[\"https:\/\/www.posgraduacao.unimontes.br\/proef\/cronograma-do-proef\/\"]}]}]}<\/script>\n<!-- \/ Yoast SEO plugin. -->","_links":{"self":[{"href":"https:\/\/www.posgraduacao.unimontes.br\/proef\/wp-json\/wp\/v2\/pages\/292"}],"collection":[{"href":"https:\/\/www.posgraduacao.unimontes.br\/proef\/wp-json\/wp\/v2\/pages"}],"about":[{"href":"https:\/\/www.posgraduacao.unimontes.br\/proef\/wp-json\/wp\/v2\/types\/page"}],"author":[{"embeddable":true,"href":"https:\/\/www.posgraduacao.unimontes.br\/proef\/wp-json\/wp\/v2\/users\/5"}],"replies":[{"embeddable":true,"href":"https:\/\/www.posgraduacao.unimontes.br\/proef\/wp-json\/wp\/v2\/comments?post=292"}],"version-history":[{"count":4,"href":"https:\/\/www.posgraduacao.unimontes.br\/proef\/wp-json\/wp\/v2\/pages\/292\/revisions"}],"predecessor-version":[{"id":488,"href":"https:\/\/www.posgraduacao.unimontes.br\/proef\/wp-json\/wp\/v2\/pages\/292\/revisions\/488"}],"wp:attachment":[{"href":"https:\/\/www.posgraduacao.unimontes.br\/proef\/wp-json\/wp\/v2\/media?parent=292"}],"curies":[{"name":"wp","href":"https:\/\/api.w.org\/{rel}","templated":true}]}}