{"id":179,"date":"2023-01-02T14:32:08","date_gmt":"2023-01-02T17:32:08","guid":{"rendered":"https:\/\/www.posgraduacao.unimontes.br\/proef\/?page_id=179"},"modified":"2026-02-13T09:18:08","modified_gmt":"2026-02-13T12:18:08","slug":"apresentacao","status":"publish","type":"page","link":"https:\/\/www.posgraduacao.unimontes.br\/proef\/apresentacao\/","title":{"rendered":"Apresenta\u00e7\u00e3o"},"content":{"rendered":"<section class=\"kc-elm kc_row\"><div class=\"kc-row-container  kc-container\"><div class=\"kc-wrap-columns\"><div class=\"kc-elm kc_column kc_col-sm-12\"><div class=\"kc-col-container\"><div class=\"kc-elm kc_text_block\"><p dir=\\\"ltr\\\" style=\\\"line-height: 1.2;text-align: justify;margin-top: 0pt;margin-bottom: 0pt\\\"><span style=\\\"font-size: 10.5pt;font-family: Calibri,sans-serif;color: #000000;background-color: transparent;font-weight: 400;font-style: normal;font-variant: normal;text-decoration: none;vertical-align: baseline\\\">O Programa de Mestrado Profissional em Educa\u00e7\u00e3o F\u00edsica em Rede Nacional (ProEF), \u00e9 um curso presencial, no modelo h\u00edbrido com oferta nacional, realizado por uma rede de Institui\u00e7\u00f5es de Ensino Superior associadas no contexto do Programa de Mestrado Profissional para Professores da Educa\u00e7\u00e3o B\u00e1sica (ProEB), da CAPES ( Coordena\u00e7\u00e3o de Aperfei\u00e7oamento de Pessoal de N\u00edvel Superior). A proposta do ProEF, re\u00fane pesquisadores experientes nas especialidades requeridas na \u00e1rea de concentra\u00e7\u00e3o Educa\u00e7\u00e3o F\u00edsica escolar, claramente comprometidos com a forma\u00e7\u00e3o continuada em servi\u00e7o e em exerc\u00edcio de professores de Educa\u00e7\u00e3o F\u00edsica na Educa\u00e7\u00e3o B\u00e1sica.<\/span><\/p>\n<p dir=\\\"ltr\\\" style=\\\"line-height: 1.2;text-align: justify;margin-top: 0pt;margin-bottom: 0pt\\\"><span style=\\\"font-size: 10.5pt;font-family: Calibri,sans-serif;color: #000000;background-color: transparent;font-weight: 400;font-style: normal;font-variant: normal;text-decoration: none;vertical-align: baseline\\\">O perfil dos discentes do ProEF \u00e9 identificado por professores egressos de Cursos de Licenciatura em Educa\u00e7\u00e3o F\u00edsica, que est\u00e3o em efetiva doc\u00eancia na rede p\u00fablica de ensino. S\u00e3o professores que atuam no ensino da Educa\u00e7\u00e3o F\u00edsica em diferentes etapas da escolariza\u00e7\u00e3o em busca de aportes t\u00e9cnico-cient\u00edficos para melhor proceder \u00e0s suas pr\u00e1ticas profissionais. Face \u00e0s necessidades que se imp\u00f5em para a efetiva\u00e7\u00e3o de uma Escola na perspectiva democr\u00e1tica e equitativa, com demandas de qualifica\u00e7\u00e3o espec\u00edfica, o ProEF se comp\u00f5e de professores interessados por apropriar-se de conhecimentos que possam impactar, de modo contextualizado e inovador o contexto no qual atuam.<\/span><\/p>\n<p><b id=\\\"docs-internal-guid-08f76685-7fff-4a39-69a4-31cfc1408a6e\\\" style=\\\"font-weight: normal\\\">\u00a0<\/b><\/p>\n<p dir=\\\"ltr\\\" style=\\\"line-height: 1.2;text-align: justify;margin-top: 0pt;margin-bottom: 0pt\\\"><span style=\\\"font-size: 10.5pt;font-family: Calibri,sans-serif;color: #000000;background-color: transparent;font-weight: 400;font-style: normal;font-variant: normal;text-decoration: none;vertical-align: baseline\\\">Coordena\u00e7\u00e3o Nacional<\/span><\/p>\n<p><b style=\\\"font-weight: normal\\\">\u00a0<\/b><\/p>\n<p dir=\\\"ltr\\\" style=\\\"line-height: 1.2;text-align: justify;margin-top: 0pt;margin-bottom: 0pt\\\"><span style=\\\"font-size: 10.5pt;font-family: Calibri,sans-serif;color: #000000;background-color: transparent;font-weight: 400;font-style: normal;font-variant: normal;text-decoration: none;vertical-align: baseline\\\">Prof\u00aa Dr. Prof\u00ae Dr. Willer Soares Maffei &#8211; FC\/Bauru<\/span><\/p>\n<p dir=\\\"ltr\\\" style=\\\"line-height: 1.2;text-align: justify;margin-top: 0pt;margin-bottom: 0pt\\\"><span style=\\\"font-size: 10.5pt;font-family: Calibri,sans-serif;color: #000000;background-color: transparent;font-weight: 400;font-style: normal;font-variant: normal;text-decoration: none;vertical-align: baseline\\\">Prof\u00aa Dr\u00aa <\/span><span style=\\\"color: #000000;font-family: Calibri, sans-serif;font-style: inherit\\\">Denise Ivana de Paula Albuquerque- Unesp\/Presidente Prudente<\/span><\/p>\n<p><span style=\\\"font-size: 10.5pt;font-family: Calibri, sans-serif;color: #000000;background-color: transparent;vertical-align: baseline\\\">Link de acesso ao Proef Nacional: <\/span><a href=\\\"https:\/\/www.fct.unesp.br\/#!\/pos-graduacao\/-educacao-fisica\/proef\/\\\"><span style=\\\"font-size: 10.5pt;font-family: Calibri, sans-serif;color: #000000;background-color: transparent;vertical-align: baseline\\\">https:\/\/www.fct.unesp.br\/#!\/pos-graduacao\/-educacao-fisica\/proef\/<\/span><\/a><\/p>\n<\/div>\n<div class=\"kc-elm kc-title-wrap \">\n\n\t<h1 class=\"kc_title\">The Title<\/h1>\n<\/div>\n<\/div><\/div><\/div><\/div><\/section>\n","protected":false},"excerpt":{"rendered":"","protected":false},"author":5,"featured_media":787,"parent":0,"menu_order":0,"comment_status":"closed","ping_status":"closed","template":"","meta":[],"yoast_head":"<!-- This site is optimized with the Yoast SEO plugin v14.7 - https:\/\/yoast.com\/wordpress\/plugins\/seo\/ -->\n<title>Apresenta\u00e7\u00e3o - Mestrado Profissional em Educa\u00e7\u00e3o F\u00edsica em Rede Nacional<\/title>\n<meta name=\"robots\" content=\"index, follow\" \/>\n<meta name=\"googlebot\" content=\"index, follow, max-snippet:-1, max-image-preview:large, max-video-preview:-1\" \/>\n<meta name=\"bingbot\" content=\"index, follow, max-snippet:-1, max-image-preview:large, max-video-preview:-1\" \/>\n<link rel=\"canonical\" href=\"https:\/\/www.posgraduacao.unimontes.br\/proef\/apresentacao\/\" \/>\n<meta property=\"og:locale\" content=\"pt_BR\" \/>\n<meta property=\"og:type\" content=\"article\" \/>\n<meta property=\"og:title\" content=\"Apresenta\u00e7\u00e3o - Mestrado Profissional em Educa\u00e7\u00e3o F\u00edsica em Rede Nacional\" \/>\n<meta property=\"og:description\" content=\"O Programa de Mestrado Profissional em Educa\u00e7\u00e3o F\u00edsica em Rede Nacional (ProEF), \u00e9 um curso presencial, no modelo h\u00edbrido com oferta nacional, realizado por uma rede de Institui\u00e7\u00f5es de Ensino Superior associadas no contexto do Programa de Mestrado Profissional para Professores da Educa\u00e7\u00e3o B\u00e1sica (ProEB), da CAPES ( Coordena\u00e7\u00e3o de Aperfei\u00e7oamento de Pessoal de N\u00edvel [&hellip;]\" \/>\n<meta property=\"og:url\" content=\"https:\/\/www.posgraduacao.unimontes.br\/proef\/apresentacao\/\" \/>\n<meta property=\"og:site_name\" content=\"Mestrado Profissional em Educa\u00e7\u00e3o F\u00edsica em Rede Nacional\" \/>\n<meta property=\"article:modified_time\" content=\"2026-02-13T12:18:08+00:00\" \/>\n<meta property=\"og:image\" content=\"https:\/\/www.posgraduacao.unimontes.br\/proef\/wp-content\/uploads\/sites\/25\/2026\/02\/Logo_PROEF-2026.png\" \/>\n\t<meta property=\"og:image:width\" content=\"1605\" \/>\n\t<meta property=\"og:image:height\" content=\"514\" \/>\n<meta name=\"twitter:card\" content=\"summary_large_image\" \/>\n<script type=\"application\/ld+json\" class=\"yoast-schema-graph\">{\"@context\":\"https:\/\/schema.org\",\"@graph\":[{\"@type\":\"WebSite\",\"@id\":\"https:\/\/www.posgraduacao.unimontes.br\/proef\/#website\",\"url\":\"https:\/\/www.posgraduacao.unimontes.br\/proef\/\",\"name\":\"Mestrado Profissional em Educa\\u00e7\\u00e3o F\\u00edsica em Rede Nacional\",\"description\":\"\",\"potentialAction\":[{\"@type\":\"SearchAction\",\"target\":\"https:\/\/www.posgraduacao.unimontes.br\/proef\/?s={search_term_string}\",\"query-input\":\"required name=search_term_string\"}],\"inLanguage\":\"pt-BR\"},{\"@type\":\"ImageObject\",\"@id\":\"https:\/\/www.posgraduacao.unimontes.br\/proef\/apresentacao\/#primaryimage\",\"inLanguage\":\"pt-BR\",\"url\":\"https:\/\/www.posgraduacao.unimontes.br\/proef\/wp-content\/uploads\/sites\/25\/2026\/02\/Logo_PROEF-2026.png\",\"width\":1605,\"height\":514},{\"@type\":\"WebPage\",\"@id\":\"https:\/\/www.posgraduacao.unimontes.br\/proef\/apresentacao\/#webpage\",\"url\":\"https:\/\/www.posgraduacao.unimontes.br\/proef\/apresentacao\/\",\"name\":\"Apresenta\\u00e7\\u00e3o - Mestrado Profissional em Educa\\u00e7\\u00e3o F\\u00edsica em Rede Nacional\",\"isPartOf\":{\"@id\":\"https:\/\/www.posgraduacao.unimontes.br\/proef\/#website\"},\"primaryImageOfPage\":{\"@id\":\"https:\/\/www.posgraduacao.unimontes.br\/proef\/apresentacao\/#primaryimage\"},\"datePublished\":\"2023-01-02T17:32:08+00:00\",\"dateModified\":\"2026-02-13T12:18:08+00:00\",\"inLanguage\":\"pt-BR\",\"potentialAction\":[{\"@type\":\"ReadAction\",\"target\":[\"https:\/\/www.posgraduacao.unimontes.br\/proef\/apresentacao\/\"]}]}]}<\/script>\n<!-- \/ Yoast SEO plugin. -->","_links":{"self":[{"href":"https:\/\/www.posgraduacao.unimontes.br\/proef\/wp-json\/wp\/v2\/pages\/179"}],"collection":[{"href":"https:\/\/www.posgraduacao.unimontes.br\/proef\/wp-json\/wp\/v2\/pages"}],"about":[{"href":"https:\/\/www.posgraduacao.unimontes.br\/proef\/wp-json\/wp\/v2\/types\/page"}],"author":[{"embeddable":true,"href":"https:\/\/www.posgraduacao.unimontes.br\/proef\/wp-json\/wp\/v2\/users\/5"}],"replies":[{"embeddable":true,"href":"https:\/\/www.posgraduacao.unimontes.br\/proef\/wp-json\/wp\/v2\/comments?post=179"}],"version-history":[{"count":6,"href":"https:\/\/www.posgraduacao.unimontes.br\/proef\/wp-json\/wp\/v2\/pages\/179\/revisions"}],"predecessor-version":[{"id":569,"href":"https:\/\/www.posgraduacao.unimontes.br\/proef\/wp-json\/wp\/v2\/pages\/179\/revisions\/569"}],"wp:featuredmedia":[{"embeddable":true,"href":"https:\/\/www.posgraduacao.unimontes.br\/proef\/wp-json\/wp\/v2\/media\/787"}],"wp:attachment":[{"href":"https:\/\/www.posgraduacao.unimontes.br\/proef\/wp-json\/wp\/v2\/media?parent=179"}],"curies":[{"name":"wp","href":"https:\/\/api.w.org\/{rel}","templated":true}]}}