{"id":5118,"date":"2023-02-13T15:28:55","date_gmt":"2023-02-13T18:28:55","guid":{"rendered":"https:\/\/www.posgraduacao.unimontes.br\/ppgsat\/?page_id=5118"},"modified":"2023-03-20T15:33:43","modified_gmt":"2023-03-20T18:33:43","slug":"bolsas","status":"publish","type":"page","link":"https:\/\/www.posgraduacao.unimontes.br\/ppgsat\/bolsas\/","title":{"rendered":"Bolsas"},"content":{"rendered":"<section class=\"kc-elm kc_row\"><div class=\"kc-row-container  kc-container\"><div class=\"kc-wrap-columns\"><div class=\"kc-elm kc_column kc_col-sm-12\"><div class=\"kc-col-container\"><div class=\"kc-elm\" style=\"height: 20px; clear: both; width:100%;\"><\/div><div class=\"kc-elm kc_text_block\"><p><strong>Bolsas de estudo<\/strong><\/p>\n<p>O SAT disponibiliza, anualmente, um n\u00famero vari\u00e1vel de bolsas de estudo, que s\u00e3o concedidas com base em crit\u00e9rios de m\u00e9rito e sem distin\u00e7\u00e3o de nacionalidade do(a) candidato(a). Os crit\u00e9rios seguem as normas estabelecidas pelos \u00f3rg\u00e3os de fomento e pelas pr\u00f3-reitorias da UFMG e Unimontes, com aplica\u00e7\u00e3o coordenada por comiss\u00e3o espec\u00edfica designada pelo Colegiado do SAT.<\/p>\n<\/div><div class=\"kc-elm kc_accordion_wrapper\">\n<div class=\"kc-elm kc_accordion_section group \"><h3 class=\"kc_accordion_header ui-accordion-header\"><span class=\"ui-accordion-header-icon ui-icon\"><\/span><a href=\"#new-accordion-tab\" data-prevent=\"scroll\"><i class=\"\"><\/i>  New Accordion Tab<\/a><\/h3><div class=\"kc_accordion_content ui-accordion-content kc_clearfix\"><div class=\"kc-panel-body\"><div class=\"kc-elm kc_text_block\"><p><strong>Bolsas de estudo<\/strong><\/p>\n<p>O SAT disponibiliza, anualmente, um n\u00famero vari\u00e1vel de bolsas de estudo, que s\u00e3o concedidas com base em crit\u00e9rios de m\u00e9rito e sem distin\u00e7\u00e3o de nacionalidade do(a) candidato(a). Os crit\u00e9rios seguem as normas estabelecidas pelos \u00f3rg\u00e3os de fomento e pelas pr\u00f3-reitorias da UFMG e Unimontes, com aplica\u00e7\u00e3o coordenada por comiss\u00e3o espec\u00edfica designada pelo Colegiado do SAT.<\/p>\n<p><strong>Resid\u00eancia P\u00f3s-doutoral<\/strong><\/p>\n<p>O Programa de P\u00f3s-Gradua\u00e7\u00e3o em Sociedade, Ambiente e Territ\u00f3rio (SAT), vinculado ao Instituto de Ci\u00eancias Agr\u00e1rias da Universidade Federal de Minas Gerais (ICA\/UFMG) e \u00e0 Universidade Estadual de Montes Claros (Unimontes), constitui um n\u00facleo de ensino e pesquisa interdisciplinar e transdisciplinar, tanto te\u00f3rica quanto aplicada, em dois eixos tem\u00e1ticos principais, Sociedade e Ambiente e Territ\u00f3rio e Desenvolvimento. A excel\u00eancia da forma\u00e7\u00e3o dos docentes do SAT e sua larga experi\u00eancia em pesquisa e extens\u00e3o permitem ao Programa oferecer atividades, na modalidade de Resid\u00eancia P\u00f3s-doutoral (RPD), a doutores interessados em aprimorar suas atividades de pesquisa e de ensino e alcan\u00e7ar um n\u00edvel de excel\u00eancia em Sociedade, Ambiente e Territ\u00f3rio.<\/p>\n<p><strong>Objetivo<\/strong><\/p>\n<p>A RPD visa possibilitar a consolida\u00e7\u00e3o e atualiza\u00e7\u00e3o dos conhecimentos te\u00f3ricos e pr\u00e1ticos de doutores formados em universidades brasileiras ou estrangeiras, assim como o eventual redirecionamento da linha de pesquisa do profissional com t\u00edtulo de doutor, beneficiando-se do car\u00e1ter eminentemente interdisciplinar e transdisciplinar do SAT. Para isto, a estrat\u00e9gia adotada ancora-se no est\u00e1gio e desenvolvimento de projetos de pesquisa e extens\u00e3o e atividades de ensino junto com um supervisor, professor do Programa. A presente norma enquadra-se nos requerimentos da Resolu\u00e7\u00e3o 04\/2009 de 14 de abril de 2009, da Universidade Federal de Minas Gerais.<\/p>\n<p><strong>Requisitos e condi\u00e7\u00f5es para candidatura<\/strong><\/p>\n<p>Dedicar-se integralmente \u00e0s atividades programadas pelo SAT, incluindo: i) participa\u00e7\u00e3o em semin\u00e1rios internos e atividades did\u00e1ticas, observada a regula\u00e7\u00e3o do \u00f3rg\u00e3o financiador; ii) apresenta\u00e7\u00e3o de semin\u00e1rios sobre avan\u00e7os de pesquisa; iii) participa\u00e7\u00e3o em eventos cient\u00edficos nacionais e internacionais, dentre outras atividades.<\/p>\n<p>Possuir um plano de publica\u00e7\u00f5es esperadas durante o per\u00edodo de p\u00f3s-doutoramento.<\/p>\n<p>Apresentar plano de pesquisa, descrevendo: i) objetivos do p\u00f3s-doutoramento, ii) plano de atividades; iii) aceite do orientador e co-orientador (quando houver) de p\u00f3s-doutorado; iv) cronograma de atividades. A crit\u00e9rio do Colegiado do SAT, poder\u00e1 ser oferecido aceite condicionado \u00e0 altera\u00e7\u00e3o ou inclus\u00e3o de algum aspecto do Plano de Trabalho.<\/p>\n<p><strong>Dura\u00e7\u00e3o do est\u00e1gio<\/strong><\/p>\n<p>Dura\u00e7\u00e3o m\u00ednima de 6 (seis) meses, renov\u00e1vel por mais 6 meses. A crit\u00e9rio do Colegiado a RPD poder\u00e1 ser renovada por per\u00edodos de at\u00e9 12 meses. A renova\u00e7\u00e3o est\u00e1 condicionada \u00e0 aprova\u00e7\u00e3o do relat\u00f3rio pelo professor supervisor e pelo Colegiado do SAT.<\/p>\n<p><strong>Documentos para inscri\u00e7\u00e3o<\/strong><\/p>\n<p>O candidato dever\u00e1 entregar \u00e0 Secretaria de P\u00f3s-gradua\u00e7\u00e3o do SAT os seguintes documentos:<\/p>\n<ul>\n<li>\n<p>C\u00f3pia do diploma de Doutor ou documento que comprove a conclus\u00e3o do Doutorado;<\/p>\n<\/li>\n<li>\n<p>C\u00f3pia do curr\u00edculo da Plataforma Lattes, para candidatos brasileiros, e curriculum detalhado, para candidatos estrangeiros;<\/p>\n<\/li>\n<li>\n<p>Proposta de pesquisa e plano de trabalho, com indica\u00e7\u00e3o do Grupo de Pesquisa junto ao qual pretende realizar as atividades e do professor do SAT que as supervisionar\u00e1;<\/p>\n<\/li>\n<li>\n<p>Aprova\u00e7\u00e3o do professor supervisor.<\/p>\n<\/li>\n<li>\n<p>Pedido de formaliza\u00e7\u00e3o da RPD junto ao Colegiado do SAT.<\/p>\n<\/li>\n<li>\n<p>Declara\u00e7\u00e3o de que disp\u00f5e de tempo integral ao desenvolvimento das atividades programadas.<\/p>\n<\/li>\n<li>\n<p>Demais documentos exigidos pela Resolu\u00e7\u00e3o 04\/2009 de 14 de abril de 2009, da UFMG.<\/p>\n<\/li>\n<li>\n<p>As candidaturas ser\u00e3o analisadas pelo Colegiado de P\u00f3s-Gradua\u00e7\u00e3o do SAT.<\/p>\n<\/li>\n<\/ul>\n<\/div><\/div><\/div><\/div><\/div>\n<\/div><\/div><\/div><\/div><\/section>\n","protected":false},"excerpt":{"rendered":"","protected":false},"author":5,"featured_media":0,"parent":0,"menu_order":0,"comment_status":"closed","ping_status":"closed","template":"","meta":[],"yoast_head":"<!-- This site is optimized with the Yoast SEO plugin v14.7 - https:\/\/yoast.com\/wordpress\/plugins\/seo\/ -->\n<title>Bolsas - Programa de P\u00f3s Gradua\u00e7\u00e3o em Sociedade, Ambiente e Territ\u00f3rio<\/title>\n<meta name=\"robots\" content=\"index, follow\" \/>\n<meta name=\"googlebot\" content=\"index, follow, max-snippet:-1, max-image-preview:large, max-video-preview:-1\" \/>\n<meta name=\"bingbot\" content=\"index, follow, max-snippet:-1, max-image-preview:large, max-video-preview:-1\" \/>\n<link rel=\"canonical\" href=\"https:\/\/www.posgraduacao.unimontes.br\/ppgsat\/bolsas\/\" \/>\n<meta property=\"og:locale\" content=\"pt_BR\" \/>\n<meta property=\"og:type\" content=\"article\" \/>\n<meta property=\"og:title\" content=\"Bolsas - Programa de P\u00f3s Gradua\u00e7\u00e3o em Sociedade, Ambiente e Territ\u00f3rio\" \/>\n<meta property=\"og:description\" content=\"Bolsas de estudo O SAT disponibiliza, anualmente, um n\u00famero vari\u00e1vel de bolsas de estudo, que s\u00e3o concedidas com base em crit\u00e9rios de m\u00e9rito e sem distin\u00e7\u00e3o de nacionalidade do(a) candidato(a). Os crit\u00e9rios seguem as normas estabelecidas pelos \u00f3rg\u00e3os de fomento e pelas pr\u00f3-reitorias da UFMG e Unimontes, com aplica\u00e7\u00e3o coordenada por comiss\u00e3o espec\u00edfica designada pelo [&hellip;]\" \/>\n<meta property=\"og:url\" content=\"https:\/\/www.posgraduacao.unimontes.br\/ppgsat\/bolsas\/\" \/>\n<meta property=\"og:site_name\" content=\"Programa de P\u00f3s Gradua\u00e7\u00e3o em Sociedade, Ambiente e Territ\u00f3rio\" \/>\n<meta property=\"article:modified_time\" content=\"2023-03-20T18:33:43+00:00\" \/>\n<meta name=\"twitter:card\" content=\"summary_large_image\" \/>\n<script type=\"application\/ld+json\" class=\"yoast-schema-graph\">{\"@context\":\"https:\/\/schema.org\",\"@graph\":[{\"@type\":\"WebSite\",\"@id\":\"https:\/\/www.posgraduacao.unimontes.br\/ppgsat\/#website\",\"url\":\"https:\/\/www.posgraduacao.unimontes.br\/ppgsat\/\",\"name\":\"Programa de P\\u00f3s Gradua\\u00e7\\u00e3o em Sociedade, Ambiente e Territ\\u00f3rio\",\"description\":\"\",\"potentialAction\":[{\"@type\":\"SearchAction\",\"target\":\"https:\/\/www.posgraduacao.unimontes.br\/ppgsat\/?s={search_term_string}\",\"query-input\":\"required name=search_term_string\"}],\"inLanguage\":\"pt-BR\"},{\"@type\":\"WebPage\",\"@id\":\"https:\/\/www.posgraduacao.unimontes.br\/ppgsat\/bolsas\/#webpage\",\"url\":\"https:\/\/www.posgraduacao.unimontes.br\/ppgsat\/bolsas\/\",\"name\":\"Bolsas - Programa de P\\u00f3s Gradua\\u00e7\\u00e3o em Sociedade, Ambiente e Territ\\u00f3rio\",\"isPartOf\":{\"@id\":\"https:\/\/www.posgraduacao.unimontes.br\/ppgsat\/#website\"},\"datePublished\":\"2023-02-13T18:28:55+00:00\",\"dateModified\":\"2023-03-20T18:33:43+00:00\",\"inLanguage\":\"pt-BR\",\"potentialAction\":[{\"@type\":\"ReadAction\",\"target\":[\"https:\/\/www.posgraduacao.unimontes.br\/ppgsat\/bolsas\/\"]}]}]}<\/script>\n<!-- \/ Yoast SEO plugin. -->","_links":{"self":[{"href":"https:\/\/www.posgraduacao.unimontes.br\/ppgsat\/wp-json\/wp\/v2\/pages\/5118"}],"collection":[{"href":"https:\/\/www.posgraduacao.unimontes.br\/ppgsat\/wp-json\/wp\/v2\/pages"}],"about":[{"href":"https:\/\/www.posgraduacao.unimontes.br\/ppgsat\/wp-json\/wp\/v2\/types\/page"}],"author":[{"embeddable":true,"href":"https:\/\/www.posgraduacao.unimontes.br\/ppgsat\/wp-json\/wp\/v2\/users\/5"}],"replies":[{"embeddable":true,"href":"https:\/\/www.posgraduacao.unimontes.br\/ppgsat\/wp-json\/wp\/v2\/comments?post=5118"}],"version-history":[{"count":6,"href":"https:\/\/www.posgraduacao.unimontes.br\/ppgsat\/wp-json\/wp\/v2\/pages\/5118\/revisions"}],"predecessor-version":[{"id":5760,"href":"https:\/\/www.posgraduacao.unimontes.br\/ppgsat\/wp-json\/wp\/v2\/pages\/5118\/revisions\/5760"}],"wp:attachment":[{"href":"https:\/\/www.posgraduacao.unimontes.br\/ppgsat\/wp-json\/wp\/v2\/media?parent=5118"}],"curies":[{"name":"wp","href":"https:\/\/api.w.org\/{rel}","templated":true}]}}