{"id":5116,"date":"2023-02-13T15:28:54","date_gmt":"2023-02-13T18:28:54","guid":{"rendered":"https:\/\/www.posgraduacao.unimontes.br\/ppgsat\/?page_id=5116"},"modified":"2026-01-12T16:09:31","modified_gmt":"2026-01-12T19:09:31","slug":"egressos-2","status":"publish","type":"page","link":"https:\/\/www.posgraduacao.unimontes.br\/ppgsat\/egressos-2\/","title":{"rendered":"Resid\u00eancia P\u00f3s-doutoral"},"content":{"rendered":"<section class=\"kc-elm kc-css-260212 kc_row\"><div class=\"kc-row-container  kc-container\"><div class=\"kc-wrap-columns\"><div class=\"kc-elm kc-css-503202 kc_col-sm-12 kc_column kc_col-sm-12\"><div class=\"kc-col-container\"><div class=\"kc-elm kc-css-45531\" style=\"height: 60px; clear: both; width:100%;\"><\/div><div class=\"kc-elm kc-css-268624 kc_text_block\"><table width=\"90%\">\n<tbody>\n<tr valign=\"top\">\n<td>\n<h4><img loading=\"lazy\" class=\"wp-image-5647 alignleft\" src=\"http:\/\/www.posgraduacao.unimontes.br\/ppgsat\/wp-content\/uploads\/sites\/27\/2024\/07\/ana-pimenta.jpg\" alt=\"\" width=\"294\" height=\"294\" srcset=\"https:\/\/www.posgraduacao.unimontes.br\/ppgsat\/wp-content\/uploads\/sites\/27\/2024\/07\/ana-pimenta.jpg 612w, https:\/\/www.posgraduacao.unimontes.br\/ppgsat\/wp-content\/uploads\/sites\/27\/2024\/07\/ana-pimenta-300x300.jpg 300w, https:\/\/www.posgraduacao.unimontes.br\/ppgsat\/wp-content\/uploads\/sites\/27\/2024\/07\/ana-pimenta-150x150.jpg 150w\" sizes=\"(max-width: 294px) 100vw, 294px\" \/><\/h4>\n<p><strong>Ana Pimenta Ribeiro<\/strong> \u00e9 Bolsista BCB-1 vinculada ao projeto\u00a0 CNPq\/MCTI\/FNDCT n\u00ba 21\/2024 \u2013 Programa Conhecimento Brasil (Processo 446649\/2024-4). \u00c9 Engenheira Florestal formada pela UFLA em 2007, mestre em Desenvolvimento Sustent\u00e1vel pelo CDS \u2013 UnB e doutora em Planejamento Ambiental pela Leibniz Universit\u00e4t Hannover.<\/p>\n<p>Supervisor: Prof. Dr. R\u00f4mulo Barbosa Soares<\/p>\n<p><a href=\"http:\/\/lattes.cnpq.br\/9889481557995100\" target=\"_blank\" rel=\"noopener noreferrer\"><img loading=\"lazy\" class=\"alignnone\" src=\"https:\/\/static.wixstatic.com\/media\/853aa5_b36dc6b6629944fcbb056f54bed75093~mv2.png\/v1\/fill\/w_93,h_31,al_c,q_85,usm_0.66_1.00_0.01,enc_auto\/lattes.png\" alt=\"\" width=\"93\" height=\"31\" align=\"absmiddle\" border=\"0\" \/><\/a><\/td>\n<\/tr>\n<\/tbody>\n<\/table>\n<p><!-- \/wp:paragraph --><\/p>\n<\/div><\/div><\/div><\/div><\/div><\/section>\n","protected":false},"excerpt":{"rendered":"","protected":false},"author":5,"featured_media":0,"parent":0,"menu_order":0,"comment_status":"closed","ping_status":"closed","template":"","meta":[],"yoast_head":"<!-- This site is optimized with the Yoast SEO plugin v14.7 - https:\/\/yoast.com\/wordpress\/plugins\/seo\/ -->\n<title>Resid\u00eancia P\u00f3s-doutoral - Programa de P\u00f3s Gradua\u00e7\u00e3o em Sociedade, Ambiente e Territ\u00f3rio<\/title>\n<meta name=\"robots\" content=\"index, follow\" \/>\n<meta name=\"googlebot\" content=\"index, follow, max-snippet:-1, max-image-preview:large, max-video-preview:-1\" \/>\n<meta name=\"bingbot\" content=\"index, follow, max-snippet:-1, max-image-preview:large, max-video-preview:-1\" \/>\n<link rel=\"canonical\" href=\"https:\/\/www.posgraduacao.unimontes.br\/ppgsat\/egressos-2\/\" \/>\n<meta property=\"og:locale\" content=\"pt_BR\" \/>\n<meta property=\"og:type\" content=\"article\" \/>\n<meta property=\"og:title\" content=\"Resid\u00eancia P\u00f3s-doutoral - Programa de P\u00f3s Gradua\u00e7\u00e3o em Sociedade, Ambiente e Territ\u00f3rio\" \/>\n<meta property=\"og:description\" content=\"Ana Pimenta Ribeiro \u00e9 Bolsista BCB-1 vinculada ao projeto\u00a0 CNPq\/MCTI\/FNDCT n\u00ba 21\/2024 \u2013 Programa Conhecimento Brasil (Processo 446649\/2024-4). \u00c9 Engenheira Florestal formada pela UFLA em 2007, mestre em Desenvolvimento Sustent\u00e1vel pelo CDS \u2013 UnB e doutora em Planejamento Ambiental pela Leibniz Universit\u00e4t Hannover. Supervisor: Prof. Dr. R\u00f4mulo Barbosa Soares\" \/>\n<meta property=\"og:url\" content=\"https:\/\/www.posgraduacao.unimontes.br\/ppgsat\/egressos-2\/\" \/>\n<meta property=\"og:site_name\" content=\"Programa de P\u00f3s Gradua\u00e7\u00e3o em Sociedade, Ambiente e Territ\u00f3rio\" \/>\n<meta property=\"article:modified_time\" content=\"2026-01-12T19:09:31+00:00\" \/>\n<meta property=\"og:image\" content=\"http:\/\/www.posgraduacao.unimontes.br\/ppgsat\/wp-content\/uploads\/sites\/27\/2024\/07\/ana-pimenta.jpg\" \/>\n<meta name=\"twitter:card\" content=\"summary_large_image\" \/>\n<script type=\"application\/ld+json\" class=\"yoast-schema-graph\">{\"@context\":\"https:\/\/schema.org\",\"@graph\":[{\"@type\":\"WebSite\",\"@id\":\"https:\/\/www.posgraduacao.unimontes.br\/ppgsat\/#website\",\"url\":\"https:\/\/www.posgraduacao.unimontes.br\/ppgsat\/\",\"name\":\"Programa de P\\u00f3s Gradua\\u00e7\\u00e3o em Sociedade, Ambiente e Territ\\u00f3rio\",\"description\":\"\",\"potentialAction\":[{\"@type\":\"SearchAction\",\"target\":\"https:\/\/www.posgraduacao.unimontes.br\/ppgsat\/?s={search_term_string}\",\"query-input\":\"required name=search_term_string\"}],\"inLanguage\":\"pt-BR\"},{\"@type\":\"ImageObject\",\"@id\":\"https:\/\/www.posgraduacao.unimontes.br\/ppgsat\/egressos-2\/#primaryimage\",\"inLanguage\":\"pt-BR\",\"url\":\"http:\/\/www.posgraduacao.unimontes.br\/ppgsat\/wp-content\/uploads\/sites\/27\/2024\/07\/ana-pimenta.jpg\"},{\"@type\":\"WebPage\",\"@id\":\"https:\/\/www.posgraduacao.unimontes.br\/ppgsat\/egressos-2\/#webpage\",\"url\":\"https:\/\/www.posgraduacao.unimontes.br\/ppgsat\/egressos-2\/\",\"name\":\"Resid\\u00eancia P\\u00f3s-doutoral - Programa de P\\u00f3s Gradua\\u00e7\\u00e3o em Sociedade, Ambiente e Territ\\u00f3rio\",\"isPartOf\":{\"@id\":\"https:\/\/www.posgraduacao.unimontes.br\/ppgsat\/#website\"},\"primaryImageOfPage\":{\"@id\":\"https:\/\/www.posgraduacao.unimontes.br\/ppgsat\/egressos-2\/#primaryimage\"},\"datePublished\":\"2023-02-13T18:28:54+00:00\",\"dateModified\":\"2026-01-12T19:09:31+00:00\",\"inLanguage\":\"pt-BR\",\"potentialAction\":[{\"@type\":\"ReadAction\",\"target\":[\"https:\/\/www.posgraduacao.unimontes.br\/ppgsat\/egressos-2\/\"]}]}]}<\/script>\n<!-- \/ Yoast SEO plugin. -->","_links":{"self":[{"href":"https:\/\/www.posgraduacao.unimontes.br\/ppgsat\/wp-json\/wp\/v2\/pages\/5116"}],"collection":[{"href":"https:\/\/www.posgraduacao.unimontes.br\/ppgsat\/wp-json\/wp\/v2\/pages"}],"about":[{"href":"https:\/\/www.posgraduacao.unimontes.br\/ppgsat\/wp-json\/wp\/v2\/types\/page"}],"author":[{"embeddable":true,"href":"https:\/\/www.posgraduacao.unimontes.br\/ppgsat\/wp-json\/wp\/v2\/users\/5"}],"replies":[{"embeddable":true,"href":"https:\/\/www.posgraduacao.unimontes.br\/ppgsat\/wp-json\/wp\/v2\/comments?post=5116"}],"version-history":[{"count":13,"href":"https:\/\/www.posgraduacao.unimontes.br\/ppgsat\/wp-json\/wp\/v2\/pages\/5116\/revisions"}],"predecessor-version":[{"id":5922,"href":"https:\/\/www.posgraduacao.unimontes.br\/ppgsat\/wp-json\/wp\/v2\/pages\/5116\/revisions\/5922"}],"wp:attachment":[{"href":"https:\/\/www.posgraduacao.unimontes.br\/ppgsat\/wp-json\/wp\/v2\/media?parent=5116"}],"curies":[{"name":"wp","href":"https:\/\/api.w.org\/{rel}","templated":true}]}}