{"id":72,"date":"2019-03-12T08:39:47","date_gmt":"2019-03-12T11:39:47","guid":{"rendered":"http:\/\/www.posgraduacao.unimontes.br\/ppgmpf\/?page_id=72"},"modified":"2019-03-12T08:39:47","modified_gmt":"2019-03-12T11:39:47","slug":"mestrado-profissional","status":"publish","type":"page","link":"https:\/\/www.posgraduacao.unimontes.br\/ppgmpf\/mestrado-profissional\/","title":{"rendered":"Mestrado Profissional"},"content":{"rendered":"<section class=\"kc-elm kc_row\"><div class=\"kc-row-container  kc-container\"><div class=\"kc-wrap-columns\"><div class=\"kc-elm kc_column kc_col-sm-12\"><div class=\"kc-col-container\"><div class=\"kc-elm kc-css-853939 kc_text_block\"><p>Em linhas gerais, conforme Portaria Normativa do MEC N\u00ba 17 de 28\/12\/09, um mestrado profissional \u00e9\u00a0definido como modalidade de forma\u00e7\u00e3o p\u00f3s-graduada\u00a0stricto sensu\u00a0que possibilita:<br \/>\nI \u2013 a capacita\u00e7\u00e3o de pessoal para a pr\u00e1tica profissional avan\u00e7ada e transformadora de procedimentos e processos aplicados, por meio da incorpora\u00e7\u00e3o do m\u00e9todo cient\u00edfico, habilitando o profissional para atuar em atividades t\u00e9cnico-cient\u00edficas e de inova\u00e7\u00e3o;<br \/>\nII \u2013 a forma\u00e7\u00e3o de profissionais qualificados pela apropria\u00e7\u00e3o e aplica\u00e7\u00e3o do conhecimento embasado no rigor metodol\u00f3gico e nos fundamentos cient\u00edficos;<br \/>\nIII \u2013 a incorpora\u00e7\u00e3o e atualiza\u00e7\u00e3o permanentes dos avan\u00e7os da ci\u00eancia e das tecnologias, bem como a capacita\u00e7\u00e3o para aplicar os mesmos, tendo como foco a gest\u00e3o, a produ\u00e7\u00e3o t\u00e9cnico-cient\u00edfica na pesquisa aplicada e a proposi\u00e7\u00e3o de inova\u00e7\u00f5es e aperfei\u00e7oamentos tecnol\u00f3gicos para a solu\u00e7\u00e3o de problemas espec\u00edficos.<br \/>\nUm mestrado profissional no modelo PROF \u00e9 um programa em rede nacional que cumpre os princ\u00edpios b\u00e1sicos de um mestrado profissional e que, em termos espec\u00edficos, \u00e9 voltado para a capacita\u00e7\u00e3o de professores atuantes no\u00a0ensino fundamental e no ensino m\u00e9dio.<\/p>\n<\/div><\/div><\/div><\/div><\/div><\/section>\n","protected":false},"excerpt":{"rendered":"","protected":false},"author":5,"featured_media":0,"parent":0,"menu_order":0,"comment_status":"closed","ping_status":"closed","template":"","meta":[],"yoast_head":"<!-- This site is optimized with the Yoast SEO plugin v14.7 - https:\/\/yoast.com\/wordpress\/plugins\/seo\/ -->\n<title>Mestrado Profissional  - Mestrado Profissional Prof Filosofia<\/title>\n<meta name=\"robots\" content=\"index, follow\" \/>\n<meta name=\"googlebot\" content=\"index, follow, max-snippet:-1, max-image-preview:large, max-video-preview:-1\" \/>\n<meta name=\"bingbot\" content=\"index, follow, max-snippet:-1, max-image-preview:large, max-video-preview:-1\" \/>\n<link rel=\"canonical\" href=\"https:\/\/www.posgraduacao.unimontes.br\/ppgmpf\/mestrado-profissional\/\" \/>\n<meta property=\"og:locale\" content=\"pt_BR\" \/>\n<meta property=\"og:type\" content=\"article\" \/>\n<meta property=\"og:title\" content=\"Mestrado Profissional  - Mestrado Profissional Prof Filosofia\" \/>\n<meta property=\"og:description\" content=\"Em linhas gerais, conforme Portaria Normativa do MEC N\u00ba 17 de 28\/12\/09, um mestrado profissional \u00e9\u00a0definido como modalidade de forma\u00e7\u00e3o p\u00f3s-graduada\u00a0stricto sensu\u00a0que possibilita: I \u2013 a capacita\u00e7\u00e3o de pessoal para a pr\u00e1tica profissional avan\u00e7ada e transformadora de procedimentos e processos aplicados, por meio da incorpora\u00e7\u00e3o do m\u00e9todo cient\u00edfico, habilitando o profissional para atuar em atividades [&hellip;]\" \/>\n<meta property=\"og:url\" content=\"https:\/\/www.posgraduacao.unimontes.br\/ppgmpf\/mestrado-profissional\/\" \/>\n<meta property=\"og:site_name\" content=\"Mestrado Profissional Prof Filosofia\" \/>\n<meta name=\"twitter:card\" content=\"summary_large_image\" \/>\n<script type=\"application\/ld+json\" class=\"yoast-schema-graph\">{\"@context\":\"https:\/\/schema.org\",\"@graph\":[{\"@type\":\"WebSite\",\"@id\":\"https:\/\/www.posgraduacao.unimontes.br\/ppgmpf\/#website\",\"url\":\"https:\/\/www.posgraduacao.unimontes.br\/ppgmpf\/\",\"name\":\"Mestrado Profissional Prof Filosofia\",\"description\":\"\",\"potentialAction\":[{\"@type\":\"SearchAction\",\"target\":\"https:\/\/www.posgraduacao.unimontes.br\/ppgmpf\/?s={search_term_string}\",\"query-input\":\"required name=search_term_string\"}],\"inLanguage\":\"pt-BR\"},{\"@type\":\"WebPage\",\"@id\":\"https:\/\/www.posgraduacao.unimontes.br\/ppgmpf\/mestrado-profissional\/#webpage\",\"url\":\"https:\/\/www.posgraduacao.unimontes.br\/ppgmpf\/mestrado-profissional\/\",\"name\":\"Mestrado Profissional - Mestrado Profissional Prof Filosofia\",\"isPartOf\":{\"@id\":\"https:\/\/www.posgraduacao.unimontes.br\/ppgmpf\/#website\"},\"datePublished\":\"2019-03-12T11:39:47+00:00\",\"dateModified\":\"2019-03-12T11:39:47+00:00\",\"inLanguage\":\"pt-BR\",\"potentialAction\":[{\"@type\":\"ReadAction\",\"target\":[\"https:\/\/www.posgraduacao.unimontes.br\/ppgmpf\/mestrado-profissional\/\"]}]}]}<\/script>\n<!-- \/ Yoast SEO plugin. -->","_links":{"self":[{"href":"https:\/\/www.posgraduacao.unimontes.br\/ppgmpf\/wp-json\/wp\/v2\/pages\/72"}],"collection":[{"href":"https:\/\/www.posgraduacao.unimontes.br\/ppgmpf\/wp-json\/wp\/v2\/pages"}],"about":[{"href":"https:\/\/www.posgraduacao.unimontes.br\/ppgmpf\/wp-json\/wp\/v2\/types\/page"}],"author":[{"embeddable":true,"href":"https:\/\/www.posgraduacao.unimontes.br\/ppgmpf\/wp-json\/wp\/v2\/users\/5"}],"replies":[{"embeddable":true,"href":"https:\/\/www.posgraduacao.unimontes.br\/ppgmpf\/wp-json\/wp\/v2\/comments?post=72"}],"version-history":[{"count":1,"href":"https:\/\/www.posgraduacao.unimontes.br\/ppgmpf\/wp-json\/wp\/v2\/pages\/72\/revisions"}],"predecessor-version":[{"id":73,"href":"https:\/\/www.posgraduacao.unimontes.br\/ppgmpf\/wp-json\/wp\/v2\/pages\/72\/revisions\/73"}],"wp:attachment":[{"href":"https:\/\/www.posgraduacao.unimontes.br\/ppgmpf\/wp-json\/wp\/v2\/media?parent=72"}],"curies":[{"name":"wp","href":"https:\/\/api.w.org\/{rel}","templated":true}]}}