{"id":467,"date":"2019-08-08T15:34:31","date_gmt":"2019-08-08T18:34:31","guid":{"rendered":"http:\/\/www.posgraduacao.unimontes.br\/ppgmpf\/?page_id=467"},"modified":"2019-08-08T16:11:17","modified_gmt":"2019-08-08T19:11:17","slug":"orientacoes","status":"publish","type":"page","link":"https:\/\/www.posgraduacao.unimontes.br\/ppgmpf\/orientacoes\/","title":{"rendered":"Orienta\u00e7\u00f5es"},"content":{"rendered":"<section class=\"kc-elm kc-css-31461 kc_row\"><div class=\"kc-row-container  kc-container\"><div class=\"kc-wrap-columns\"><div class=\"kc-elm kc-css-644170 kc_col-sm-12 kc_column kc_col-sm-12\"><div class=\"kc-col-container\">\n<div class=\"kc-elm kc-css-245728 divider_line\">\n\t<div class=\"divider_inner divider_line3\">\n\t\t<span class=\"line_text\">NORMAS PARA FINALIZA\u00c7\u00c3O  DA DISSERTA\u00c7\u00c3O<\/span>\t<\/div>\n<\/div>\n<div class=\"kc-elm kc-css-175531 kc_text_block\"><p style=\"text-align: left;\">A estrutura da disserta\u00e7\u00e3o do Programa de P\u00f3s-Gradua\u00e7\u00e3o Mestrado Profissional em Filosofia da Unimontes, segue as orienta\u00e7\u00f5es contidas no Manual de normaliza\u00e7\u00e3o de documentos cient\u00edficos de acordo com as normas da ABNT.<\/p>\n<\/div><div class=\"kc-elm kc-css-571896 kc_row kc_row_inner\"><div class=\"kc-elm kc-css-183477 kc_col-sm-12 kc_column_inner kc_col-sm-12\"><div class=\"kc_wrapper kc-col-inner-container\">\n<div class=\"kc-elm kc-css-499101\">\n\t<a class=\"kc_button\" href=\"https:\/\/drive.google.com\/file\/d\/1UbVqyYCWGYBc00Z9njJt7Rmlae0YPCn9\/view?usp=sharing\" target=\"_self\" title=\"\" onclick=\"\">\n\t\t<i class=\"fa-cloud-download-alt\"><\/i> Orienta\u00e7\u00f5es para Finaliza\u00e7\u00e3o da Disserta\u00e7\u00e3o\t<\/a>\n<\/div>\n<div class=\"kc-elm kc-css-1887\" style=\"height: 12px; clear: both; width:100%;\"><\/div>\n<div class=\"kc-elm kc-css-428749\">\n\t<a class=\"kc_button\" href=\"https:\/\/drive.google.com\/file\/d\/1A2eUkThuKstsBKkqJG0A7j6djGabztfR\/view?usp=sharing\" target=\"_self\" title=\"\" onclick=\"\">\n\t\t<i class=\"fa-cloud-download-alt\"><\/i> ANEXO I - Capa Disserta\u00e7\u00e3o\t<\/a>\n<\/div>\n<\/div><\/div><\/div>\n<div class=\"kc-elm kc-css-469091 divider_line\">\n\t<div class=\"divider_inner divider_line1\">\n\t\t\t<\/div>\n<\/div>\n<\/div><\/div><\/div><\/div><\/section>\n","protected":false},"excerpt":{"rendered":"","protected":false},"author":16,"featured_media":0,"parent":0,"menu_order":0,"comment_status":"closed","ping_status":"closed","template":"","meta":[],"yoast_head":"<!-- This site is optimized with the Yoast SEO plugin v14.7 - https:\/\/yoast.com\/wordpress\/plugins\/seo\/ -->\n<title>Orienta\u00e7\u00f5es - Mestrado Profissional Prof Filosofia<\/title>\n<meta name=\"robots\" content=\"index, follow\" \/>\n<meta name=\"googlebot\" content=\"index, follow, max-snippet:-1, max-image-preview:large, max-video-preview:-1\" \/>\n<meta name=\"bingbot\" content=\"index, follow, max-snippet:-1, max-image-preview:large, max-video-preview:-1\" \/>\n<link rel=\"canonical\" href=\"https:\/\/www.posgraduacao.unimontes.br\/ppgmpf\/orientacoes\/\" \/>\n<meta property=\"og:locale\" content=\"pt_BR\" \/>\n<meta property=\"og:type\" content=\"article\" \/>\n<meta property=\"og:title\" content=\"Orienta\u00e7\u00f5es - Mestrado Profissional Prof Filosofia\" \/>\n<meta property=\"og:description\" content=\"NORMAS PARA FINALIZA\u00c7\u00c3O DA DISSERTA\u00c7\u00c3O A estrutura da disserta\u00e7\u00e3o do Programa de P\u00f3s-Gradua\u00e7\u00e3o Mestrado Profissional em Filosofia da Unimontes, segue as orienta\u00e7\u00f5es contidas no Manual de normaliza\u00e7\u00e3o de documentos cient\u00edficos de acordo com as normas da ABNT. Orienta\u00e7\u00f5es para Finaliza\u00e7\u00e3o da Disserta\u00e7\u00e3o ANEXO I &#8211; Capa Disserta\u00e7\u00e3o\" \/>\n<meta property=\"og:url\" content=\"https:\/\/www.posgraduacao.unimontes.br\/ppgmpf\/orientacoes\/\" \/>\n<meta property=\"og:site_name\" content=\"Mestrado Profissional Prof Filosofia\" \/>\n<meta property=\"article:modified_time\" content=\"2019-08-08T19:11:17+00:00\" \/>\n<meta name=\"twitter:card\" content=\"summary_large_image\" \/>\n<script type=\"application\/ld+json\" class=\"yoast-schema-graph\">{\"@context\":\"https:\/\/schema.org\",\"@graph\":[{\"@type\":\"WebSite\",\"@id\":\"https:\/\/www.posgraduacao.unimontes.br\/ppgmpf\/#website\",\"url\":\"https:\/\/www.posgraduacao.unimontes.br\/ppgmpf\/\",\"name\":\"Mestrado Profissional Prof Filosofia\",\"description\":\"\",\"potentialAction\":[{\"@type\":\"SearchAction\",\"target\":\"https:\/\/www.posgraduacao.unimontes.br\/ppgmpf\/?s={search_term_string}\",\"query-input\":\"required name=search_term_string\"}],\"inLanguage\":\"pt-BR\"},{\"@type\":\"WebPage\",\"@id\":\"https:\/\/www.posgraduacao.unimontes.br\/ppgmpf\/orientacoes\/#webpage\",\"url\":\"https:\/\/www.posgraduacao.unimontes.br\/ppgmpf\/orientacoes\/\",\"name\":\"Orienta\\u00e7\\u00f5es - Mestrado Profissional Prof Filosofia\",\"isPartOf\":{\"@id\":\"https:\/\/www.posgraduacao.unimontes.br\/ppgmpf\/#website\"},\"datePublished\":\"2019-08-08T18:34:31+00:00\",\"dateModified\":\"2019-08-08T19:11:17+00:00\",\"inLanguage\":\"pt-BR\",\"potentialAction\":[{\"@type\":\"ReadAction\",\"target\":[\"https:\/\/www.posgraduacao.unimontes.br\/ppgmpf\/orientacoes\/\"]}]}]}<\/script>\n<!-- \/ Yoast SEO plugin. -->","_links":{"self":[{"href":"https:\/\/www.posgraduacao.unimontes.br\/ppgmpf\/wp-json\/wp\/v2\/pages\/467"}],"collection":[{"href":"https:\/\/www.posgraduacao.unimontes.br\/ppgmpf\/wp-json\/wp\/v2\/pages"}],"about":[{"href":"https:\/\/www.posgraduacao.unimontes.br\/ppgmpf\/wp-json\/wp\/v2\/types\/page"}],"author":[{"embeddable":true,"href":"https:\/\/www.posgraduacao.unimontes.br\/ppgmpf\/wp-json\/wp\/v2\/users\/16"}],"replies":[{"embeddable":true,"href":"https:\/\/www.posgraduacao.unimontes.br\/ppgmpf\/wp-json\/wp\/v2\/comments?post=467"}],"version-history":[{"count":8,"href":"https:\/\/www.posgraduacao.unimontes.br\/ppgmpf\/wp-json\/wp\/v2\/pages\/467\/revisions"}],"predecessor-version":[{"id":478,"href":"https:\/\/www.posgraduacao.unimontes.br\/ppgmpf\/wp-json\/wp\/v2\/pages\/467\/revisions\/478"}],"wp:attachment":[{"href":"https:\/\/www.posgraduacao.unimontes.br\/ppgmpf\/wp-json\/wp\/v2\/media?parent=467"}],"curies":[{"name":"wp","href":"https:\/\/api.w.org\/{rel}","templated":true}]}}