{"id":2264,"date":"2025-02-06T14:39:03","date_gmt":"2025-02-06T17:39:03","guid":{"rendered":"https:\/\/www.posgraduacao.unimontes.br\/ppgl\/?page_id=2264"},"modified":"2025-07-04T10:47:40","modified_gmt":"2025-07-04T13:47:40","slug":"auto-avaliacao","status":"publish","type":"page","link":"https:\/\/www.posgraduacao.unimontes.br\/ppgl\/auto-avaliacao\/","title":{"rendered":"Autoavalia\u00e7\u00e3o"},"content":{"rendered":"<section class=\"kc-elm kc-css-491716 kc_row\"><div class=\"kc-row-container  kc-container\"><div class=\"kc-wrap-columns\"><div class=\"kc-elm kc-css-745898 kc_col-sm-12 kc_column kc_col-sm-12\"><div class=\"kc-col-container\"><div class=\"kc-elm kc-css-426515 kc_text_block\"><div>A autoavalia\u00e7\u00e3o \u00e9 um instrumento imprescind\u00edvel para garantir o bom\u00a0<span style=\"font-style: inherit;\">andamento de um programa de p\u00f3s-gradua\u00e7\u00e3o, bem como o \u00eaxito das suas atividades\u00a0<\/span><span style=\"font-style: inherit;\">acad\u00eamicas. Trata-se de um processo que requer uma participa\u00e7\u00e3o coletiva, envolvendo\u00a0<\/span><span style=\"font-style: inherit;\">todos os sujeitos que constroem a sua hist\u00f3ria, a saber, docentes, discentes, egressos,\u00a0<\/span><span style=\"font-style: inherit;\">gestores acad\u00eamicos, t\u00e9cnicos, estendendo-se at\u00e9 \u00e0 sociedade de um modo geral. \u00c9\u00a0<\/span><span style=\"font-style: inherit;\">atrav\u00e9s Da autoavalia\u00e7\u00e3o que se torna poss\u00edvel conhecer melhor a realidade do\u00a0<\/span><span style=\"font-style: inherit;\">programa, considerando as suas potencialidades, os aspectos positivos do seu\u00a0<\/span><span style=\"font-style: inherit;\">desenvolvimento, bem como as suas fragilidades, os aspectos que carecem de\u00a0<\/span><span style=\"font-style: inherit;\">melhoramentos e aperfei\u00e7oamentos.<\/span><\/div>\n<div>A autoavalia\u00e7\u00e3o \u00e9 um processo cont\u00ednuo caracterizado pelo amplo di\u00e1logo entre\u00a0<span style=\"font-style: inherit;\">esses sujeitos que fazem parte do programa. Trata-se, pois, de um diagn\u00f3stico geral<\/span><\/div>\n<div>sobre o desempenho did\u00e1tico, acad\u00eamico, gestor e da produ\u00e7\u00e3o de conhecimento e\u00a0<span style=\"font-style: inherit;\">pesquisa em que \u00e9 identificada a real situa\u00e7\u00e3o do programa. Al\u00e9m disso, a autoavalia\u00e7\u00e3o<\/span><\/div>\n<div>determina os novos rumos e desafios a serem considerados a partir desse diagn\u00f3stico\u00a0<span style=\"font-style: inherit;\">conjunto.<\/span><\/div>\n<div>A autoavalia\u00e7\u00e3o dos programas de p\u00f3s-gradua\u00e7\u00e3o no Brasil foi institu\u00edda pela\u00a0<span style=\"font-style: inherit;\">Coordena\u00e7\u00e3o de Aperfei\u00e7oamento de Pessoal de N\u00edvel Superior (CAPES) em 2018,\u00a0<\/span><span style=\"font-style: inherit;\">visando uma an\u00e1lise sistem\u00e1tica da sua atua\u00e7\u00e3o e do seu aperfei\u00e7oamento, pois n\u00e3o se\u00a0<\/span><span style=\"font-style: inherit;\">pode deixar os programas sem uma maior vis\u00e3o de si mesmos. Da\u00ed a necessidade de\u00a0<\/span><span style=\"font-style: inherit;\">uma ampla participa\u00e7\u00e3o, considerando-se o planejamento, os procedimentos\u00a0<\/span><span style=\"font-style: inherit;\">metodol\u00f3gicos e avaliativos, os dados e informa\u00e7\u00f5es, bem como outros aspectos que\u00a0<\/span><span style=\"font-style: inherit;\">venham a somar no processo autoavaliativo.<\/span><\/div>\n<\/div><\/div><\/div><\/div><\/div><\/section>\n","protected":false},"excerpt":{"rendered":"","protected":false},"author":40,"featured_media":0,"parent":0,"menu_order":0,"comment_status":"closed","ping_status":"closed","template":"","meta":[],"yoast_head":"<!-- This site is optimized with the Yoast SEO plugin v14.7 - https:\/\/yoast.com\/wordpress\/plugins\/seo\/ -->\n<title>Autoavalia\u00e7\u00e3o - Programa de P\u00f3s-Gradua\u00e7\u00e3o em Letras\/Estudos Liter\u00e1rios<\/title>\n<meta name=\"robots\" content=\"index, follow\" \/>\n<meta name=\"googlebot\" content=\"index, follow, max-snippet:-1, max-image-preview:large, max-video-preview:-1\" \/>\n<meta name=\"bingbot\" content=\"index, follow, max-snippet:-1, max-image-preview:large, max-video-preview:-1\" \/>\n<link rel=\"canonical\" href=\"https:\/\/www.posgraduacao.unimontes.br\/ppgl\/auto-avaliacao\/\" \/>\n<meta property=\"og:locale\" content=\"pt_BR\" \/>\n<meta property=\"og:type\" content=\"article\" \/>\n<meta property=\"og:title\" content=\"Autoavalia\u00e7\u00e3o - Programa de P\u00f3s-Gradua\u00e7\u00e3o em Letras\/Estudos Liter\u00e1rios\" \/>\n<meta property=\"og:description\" content=\"A autoavalia\u00e7\u00e3o \u00e9 um instrumento imprescind\u00edvel para garantir o bom\u00a0andamento de um programa de p\u00f3s-gradua\u00e7\u00e3o, bem como o \u00eaxito das suas atividades\u00a0acad\u00eamicas. Trata-se de um processo que requer uma participa\u00e7\u00e3o coletiva, envolvendo\u00a0todos os sujeitos que constroem a sua hist\u00f3ria, a saber, docentes, discentes, egressos,\u00a0gestores acad\u00eamicos, t\u00e9cnicos, estendendo-se at\u00e9 \u00e0 sociedade de um modo geral. \u00c9\u00a0atrav\u00e9s [&hellip;]\" \/>\n<meta property=\"og:url\" content=\"https:\/\/www.posgraduacao.unimontes.br\/ppgl\/auto-avaliacao\/\" \/>\n<meta property=\"og:site_name\" content=\"Programa de P\u00f3s-Gradua\u00e7\u00e3o em Letras\/Estudos Liter\u00e1rios\" \/>\n<meta property=\"article:modified_time\" content=\"2025-07-04T13:47:40+00:00\" \/>\n<meta name=\"twitter:card\" content=\"summary_large_image\" \/>\n<script type=\"application\/ld+json\" class=\"yoast-schema-graph\">{\"@context\":\"https:\/\/schema.org\",\"@graph\":[{\"@type\":\"WebSite\",\"@id\":\"https:\/\/www.posgraduacao.unimontes.br\/ppgl\/#website\",\"url\":\"https:\/\/www.posgraduacao.unimontes.br\/ppgl\/\",\"name\":\"Programa de P\\u00f3s-Gradua\\u00e7\\u00e3o em Letras\/Estudos Liter\\u00e1rios\",\"description\":\"Universidade Estadual de Montes Claros - Unimontes\",\"potentialAction\":[{\"@type\":\"SearchAction\",\"target\":\"https:\/\/www.posgraduacao.unimontes.br\/ppgl\/?s={search_term_string}\",\"query-input\":\"required name=search_term_string\"}],\"inLanguage\":\"pt-BR\"},{\"@type\":\"WebPage\",\"@id\":\"https:\/\/www.posgraduacao.unimontes.br\/ppgl\/auto-avaliacao\/#webpage\",\"url\":\"https:\/\/www.posgraduacao.unimontes.br\/ppgl\/auto-avaliacao\/\",\"name\":\"Autoavalia\\u00e7\\u00e3o - Programa de P\\u00f3s-Gradua\\u00e7\\u00e3o em Letras\/Estudos Liter\\u00e1rios\",\"isPartOf\":{\"@id\":\"https:\/\/www.posgraduacao.unimontes.br\/ppgl\/#website\"},\"datePublished\":\"2025-02-06T17:39:03+00:00\",\"dateModified\":\"2025-07-04T13:47:40+00:00\",\"inLanguage\":\"pt-BR\",\"potentialAction\":[{\"@type\":\"ReadAction\",\"target\":[\"https:\/\/www.posgraduacao.unimontes.br\/ppgl\/auto-avaliacao\/\"]}]}]}<\/script>\n<!-- \/ Yoast SEO plugin. -->","_links":{"self":[{"href":"https:\/\/www.posgraduacao.unimontes.br\/ppgl\/wp-json\/wp\/v2\/pages\/2264"}],"collection":[{"href":"https:\/\/www.posgraduacao.unimontes.br\/ppgl\/wp-json\/wp\/v2\/pages"}],"about":[{"href":"https:\/\/www.posgraduacao.unimontes.br\/ppgl\/wp-json\/wp\/v2\/types\/page"}],"author":[{"embeddable":true,"href":"https:\/\/www.posgraduacao.unimontes.br\/ppgl\/wp-json\/wp\/v2\/users\/40"}],"replies":[{"embeddable":true,"href":"https:\/\/www.posgraduacao.unimontes.br\/ppgl\/wp-json\/wp\/v2\/comments?post=2264"}],"version-history":[{"count":6,"href":"https:\/\/www.posgraduacao.unimontes.br\/ppgl\/wp-json\/wp\/v2\/pages\/2264\/revisions"}],"predecessor-version":[{"id":2657,"href":"https:\/\/www.posgraduacao.unimontes.br\/ppgl\/wp-json\/wp\/v2\/pages\/2264\/revisions\/2657"}],"wp:attachment":[{"href":"https:\/\/www.posgraduacao.unimontes.br\/ppgl\/wp-json\/wp\/v2\/media?parent=2264"}],"curies":[{"name":"wp","href":"https:\/\/api.w.org\/{rel}","templated":true}]}}