{"id":1496,"date":"2021-08-30T19:37:13","date_gmt":"2021-08-30T22:37:13","guid":{"rendered":"https:\/\/www.posgraduacao.unimontes.br\/ppgh\/?page_id=1496"},"modified":"2023-02-09T14:05:11","modified_gmt":"2023-02-09T17:05:11","slug":"comissoes","status":"publish","type":"page","link":"https:\/\/www.posgraduacao.unimontes.br\/ppgh\/equipe\/comissoes\/","title":{"rendered":"Comiss\u00f5es"},"content":{"rendered":"<section class=\"kc-elm kc-css-597666 kc_row\"><div class=\"kc-row-container  kc-container\"><div class=\"kc-wrap-columns\"><div class=\"kc-elm kc-css-150558 kc_col-sm-12 kc_column kc_col-sm-12\"><div class=\"kc-col-container\"><div class=\"kc-elm kc-css-381038\" style=\"height: 40px; clear: both; width:100%;\"><\/div><\/div><\/div><\/div><\/div><\/section><section class=\"kc-elm kc-css-406707 kc_row\"><div class=\"kc-row-container  kc-container\"><div class=\"kc-wrap-columns\"><div class=\"kc-elm kc-css-543794 kc_column kc_col-sm-12\"><div class=\"kc-col-container\"><div class=\"kc-elm kc-css-913256 kc_text_block\"><p class=\"MsoNormal\" style=\"margin: 0cm 0cm 10pt; line-height: 22px; font-size: 11pt; font-family: Calibri, sans-serif; color: #000000;\"><span style=\"color: #002060; font-family: Arial, sans-serif; font-size: 21.3333px;\">Comiss\u00f5es<\/span><b><span style=\"font-size: 14pt; line-height: 28px;\"><br \/>\n<\/span><\/b><\/p>\n<p class=\"MsoNormal\" style=\"margin: 0cm 0cm 10pt; line-height: 22px; font-size: 11pt; font-family: Calibri, sans-serif; color: #000000;\"><b style=\"font-size: 11pt; font-style: inherit;\"><span style=\"font-size: 14pt; line-height: 28px;\">Composi\u00e7\u00e3o das comiss\u00f5es e coordena\u00e7\u00f5es<\/span><\/b><\/p>\n<p class=\"MsoListParagraph\" style=\"margin: 0cm 0cm 0cm 36pt; line-height: 22px; font-size: 11pt; font-family: Calibri, sans-serif; color: #000000; text-indent: -36pt;\"><span style=\"font-size: 14pt; line-height: 28px;\"><span style=\"font-variant-numeric: normal; font-variant-east-asian: normal; font-stretch: normal; font-size: 7pt;\">\u00a0\u00a0\u00a0\u00a0\u00a0\u00a0\u00a0\u00a0<\/span>I.<span style=\"font-variant-numeric: normal; font-variant-east-asian: normal; font-stretch: normal; font-size: 7pt;\">\u00a0\u00a0\u00a0\u00a0\u00a0\u00a0\u00a0\u00a0\u00a0\u00a0\u00a0\u00a0<\/span><\/span><span style=\"font-size: 14pt; line-height: 28px;\">Editoria da Revista Caminhos da Hist\u00f3ria<\/span><\/p>\n<p class=\"MsoListParagraph\" style=\"margin: 0cm 0cm 0cm 54pt; line-height: 22px; font-size: 11pt; font-family: Calibri, sans-serif; color: #000000; text-indent: -18pt;\"><span style=\"font-size: 14pt; line-height: 28px;\">1.<span style=\"font-variant-numeric: normal; font-variant-east-asian: normal; font-stretch: normal; font-size: 7pt;\">\u00a0\u00a0\u00a0\u00a0\u00a0<\/span><\/span><span style=\"font-size: 14pt; line-height: 28px;\">Ester Liberato Pereira \u2013 Editora-chefe<\/span><\/p>\n<p class=\"MsoListParagraph\" style=\"margin: 0cm 0cm 0cm 54pt; line-height: 22px; font-size: 11pt; font-family: Calibri, sans-serif; color: #000000; text-indent: -18pt;\"><span style=\"font-size: 14pt; line-height: 28px;\">2.<span style=\"font-variant-numeric: normal; font-variant-east-asian: normal; font-stretch: normal; font-size: 7pt;\">\u00a0\u00a0\u00a0\u00a0\u00a0<\/span><\/span><span style=\"font-size: 14pt; line-height: 28px;\">Rafael Dias de Castro \u2013 Editor-adjunto<\/span><\/p>\n<p class=\"MsoListParagraph\" style=\"margin: 0cm 0cm 0cm 54pt; line-height: 22px; font-size: 11pt; font-family: Calibri, sans-serif; color: #000000;\"><span style=\"font-size: 14pt; line-height: 28px;\">\u00a0<\/span><\/p>\n<p class=\"MsoListParagraph\" style=\"margin: 0cm 0cm 0cm 36pt; line-height: 22px; font-size: 11pt; font-family: Calibri, sans-serif; color: #000000; text-align: justify; text-indent: -36pt;\"><span style=\"font-size: 14pt; line-height: 28px;\"><span style=\"font-variant-numeric: normal; font-variant-east-asian: normal; font-stretch: normal; font-size: 7pt;\">\u00a0<\/span><\/span><span style=\"font-size: 14pt; line-height: 28px;\">II.<span style=\"font-variant-numeric: normal; font-variant-east-asian: normal; font-stretch: normal; font-size: 7pt;\">\u00a0\u00a0\u00a0\u00a0\u00a0\u00a0\u00a0\u00a0\u00a0\u00a0\u00a0\u00a0<\/span><\/span><span style=\"font-size: 14pt; line-height: 28px;\">Coordena\u00e7\u00e3o do projeto \u201cENCONTROS COM A HIST\u00d3RIA\u201d (2023)<\/span><\/p>\n<p class=\"MsoListParagraph\" style=\"margin: 0cm 0cm 0cm 54pt; line-height: 22px; font-size: 11pt; font-family: Calibri, sans-serif; color: #000000; text-indent: -18pt;\"><span style=\"font-size: 14pt; line-height: 28px;\">1.<span style=\"font-variant-numeric: normal; font-variant-east-asian: normal; font-stretch: normal; font-size: 7pt;\">\u00a0\u00a0\u00a0\u00a0\u00a0<\/span><\/span><span style=\"font-size: 14pt; line-height: 28px;\">Renato Dias<\/span><\/p>\n<p class=\"MsoListParagraph\" style=\"margin: 0cm 0cm 0cm 54pt; line-height: 22px; font-family: Calibri, sans-serif; color: #000000; text-indent: -18pt;\"><span style=\"line-height: 28px;\"><span style=\"font-size: 14pt;\">2.<\/span><span style=\"font-size: 7pt; font-variant-numeric: normal; font-variant-east-asian: normal; font-stretch: normal;\">\u00a0 \u00a0 \u00a0<\/span><span style=\"font-variant-numeric: normal; font-variant-east-asian: normal; font-stretch: normal; font-size: 18.6667px;\">Rejane Meireles<\/span><\/span><\/p>\n<p class=\"MsoListParagraph\" style=\"margin: 0cm 0cm 0cm 36pt; line-height: 22px; font-size: 11pt; font-family: Calibri, sans-serif; color: #000000;\"><span style=\"font-size: 14pt; line-height: 28px;\">\u00a0<\/span><\/p>\n<p class=\"MsoListParagraph\" style=\"margin: 0cm 0cm 0cm 36pt; line-height: 22px; font-size: 11pt; font-family: Calibri, sans-serif; color: #000000; text-indent: -36pt;\"><span style=\"font-size: 14pt; line-height: 28px;\"><span style=\"font-variant-numeric: normal; font-variant-east-asian: normal; font-stretch: normal; font-size: 7pt;\">\u00a0\u00a0\u00a0<\/span>III.<span style=\"font-variant-numeric: normal; font-variant-east-asian: normal; font-stretch: normal; font-size: 7pt;\">\u00a0\u00a0\u00a0\u00a0\u00a0\u00a0\u00a0\u00a0\u00a0\u00a0\u00a0\u00a0<\/span><\/span><span style=\"font-size: 14pt; line-height: 28px;\">Comiss\u00e3o de Processo Seletivo (2023-2024)<\/span><\/p>\n<p class=\"MsoListParagraph\" style=\"margin: 0cm 0cm 0cm 54pt; line-height: 22px; font-family: Calibri, sans-serif; color: #000000; text-indent: -18pt;\"><span style=\"line-height: 28px;\"><span style=\"font-size: 14pt;\">1.<\/span><span style=\"font-size: 7pt; font-variant-numeric: normal; font-variant-east-asian: normal; font-stretch: normal;\">\u00a0 \u00a0 \u00a0<\/span><span style=\"font-variant-numeric: normal; font-variant-east-asian: normal; font-stretch: normal; font-size: 18.6667px;\">B\u00e1rbara Souto<\/span><\/span><\/p>\n<p class=\"MsoListParagraph\" style=\"margin: 0cm 0cm 0cm 54pt; line-height: 22px; font-family: Calibri, sans-serif; color: #000000; text-indent: -18pt;\"><span style=\"line-height: 28px;\"><span style=\"font-size: 14pt;\">2.<\/span><span style=\"font-size: 7pt; font-variant-numeric: normal; font-variant-east-asian: normal; font-stretch: normal;\">\u00a0 \u00a0 \u00a0<\/span><span style=\"font-variant-numeric: normal; font-variant-east-asian: normal; font-stretch: normal; font-size: 18.6667px;\">Ester Pereira<\/span><\/span><\/p>\n<p class=\"MsoListParagraph\" style=\"margin: 0cm 0cm 0cm 54pt; line-height: 22px; font-family: Calibri, sans-serif; color: #000000; text-indent: -18pt;\"><span style=\"line-height: 28px;\"><span style=\"font-size: 14pt;\">3.<\/span><span style=\"font-size: 7pt; font-variant-numeric: normal; font-variant-east-asian: normal; font-stretch: normal;\">\u00a0 \u00a0 \u00a0<\/span><span style=\"font-variant-numeric: normal; font-variant-east-asian: normal; font-stretch: normal; font-size: 18.6667px;\">Andrea de Fazio<\/span><\/span><\/p>\n<p class=\"MsoListParagraph\" style=\"margin: 0cm 0cm 0cm 54pt; line-height: 22px; font-family: Calibri, sans-serif; color: #000000; text-indent: -18pt;\"><span style=\"line-height: 28px;\"><span style=\"font-size: 14pt;\">4.<\/span><span style=\"font-size: 7pt; font-variant-numeric: normal; font-variant-east-asian: normal; font-stretch: normal;\">\u00a0 \u00a0 \u00a0<\/span><span style=\"font-variant-numeric: normal; font-variant-east-asian: normal; font-stretch: normal; font-size: 18.6667px;\">Felipe Cazetta<\/span><\/span><\/p>\n<p class=\"MsoListParagraph\" style=\"margin: 0cm 0cm 0cm 36pt; line-height: 22px; font-size: 11pt; font-family: Calibri, sans-serif; color: #000000;\"><span style=\"font-size: 14pt; line-height: 28px;\">\u00a0<\/span><\/p>\n<p class=\"MsoListParagraph\" style=\"margin: 0cm 0cm 0cm 36pt; line-height: 22px; font-size: 11pt; font-family: Calibri, sans-serif; color: #000000; text-indent: -36pt;\"><span style=\"font-size: 14pt; line-height: 28px;\"><span style=\"font-variant-numeric: normal; font-variant-east-asian: normal; font-stretch: normal; font-size: 7pt;\">\u00a0\u00a0\u00a0\u00a0 <\/span>IV.<span style=\"font-variant-numeric: normal; font-variant-east-asian: normal; font-stretch: normal; font-size: 7pt;\">\u00a0\u00a0\u00a0\u00a0\u00a0\u00a0\u00a0\u00a0\u00a0\u00a0\u00a0\u00a0<\/span><\/span><span style=\"font-size: 14pt; line-height: 28px;\">Comiss\u00e3o de Bolsas (2023-2024)<\/span><\/p>\n<p class=\"MsoListParagraph\" style=\"margin: 0cm 0cm 0cm 54pt; line-height: 22px; font-size: 11pt; font-family: Calibri, sans-serif; color: #000000; text-indent: -18pt;\"><span style=\"font-size: 14pt; line-height: 28px;\">1.<span style=\"font-variant-numeric: normal; font-variant-east-asian: normal; font-stretch: normal; font-size: 7pt;\">\u00a0\u00a0\u00a0\u00a0\u00a0<\/span><\/span><span style=\"font-size: 14pt; line-height: 28px;\">Coordena\u00e7\u00e3o: Helena Papa<\/span><\/p>\n<p class=\"MsoListParagraph\" style=\"margin: 0cm 0cm 0cm 54pt; line-height: 22px; font-size: 11pt; font-family: Calibri, sans-serif; color: #000000; text-indent: -18pt;\"><span style=\"font-size: 14pt; line-height: 28px;\">2.<span style=\"font-variant-numeric: normal; font-variant-east-asian: normal; font-stretch: normal; font-size: 7pt;\">\u00a0\u00a0\u00a0\u00a0\u00a0<\/span><\/span><span style=\"font-size: 14pt; line-height: 28px;\">Linha 1: Robson Della Torre<\/span><\/p>\n<p class=\"MsoListParagraph\" style=\"margin: 0cm 0cm 0cm 54pt; line-height: 22px; font-size: 11pt; font-family: Calibri, sans-serif; color: #000000; text-indent: -18pt;\"><span style=\"font-size: 14pt; line-height: 28px;\">3.<span style=\"font-variant-numeric: normal; font-variant-east-asian: normal; font-stretch: normal; font-size: 7pt;\">\u00a0\u00a0\u00a0\u00a0\u00a0<\/span><\/span><span style=\"font-size: 14pt; line-height: 28px;\">Linha 2: Andrea de Fazio<\/span><\/p>\n<p class=\"MsoListParagraph\" style=\"margin: 0cm 0cm 0cm 36pt; line-height: 22px; font-size: 11pt; font-family: Calibri, sans-serif; color: #000000;\"><span style=\"font-size: 14pt; line-height: 28px;\">\u00a0<\/span><\/p>\n<p class=\"MsoListParagraph\" style=\"margin: 0cm 0cm 0cm 36pt; line-height: 22px; font-size: 11pt; font-family: Calibri, sans-serif; color: #000000; text-indent: -36pt;\"><span style=\"font-size: 14pt; line-height: 28px;\"><span style=\"font-variant-numeric: normal; font-variant-east-asian: normal; font-stretch: normal; font-size: 7pt;\">\u00a0\u00a0\u00a0<\/span>V.<span style=\"font-variant-numeric: normal; font-variant-east-asian: normal; font-stretch: normal; font-size: 7pt;\">\u00a0\u00a0\u00a0\u00a0\u00a0\u00a0\u00a0\u00a0\u00a0\u00a0\u00a0\u00a0<\/span><\/span><span style=\"font-size: 14pt; line-height: 28px;\">Comiss\u00e3o de Avalia\u00e7\u00e3o de Credenciamento e Recredenciamento (2023-2024)<\/span><\/p>\n<p class=\"MsoListParagraph\" style=\"margin: 0cm 0cm 0cm 54pt; line-height: 22px; font-size: 11pt; font-family: Calibri, sans-serif; color: #000000; text-indent: -18pt;\"><span style=\"font-size: 14pt; line-height: 28px;\">1.<span style=\"font-variant-numeric: normal; font-variant-east-asian: normal; font-stretch: normal; font-size: 7pt;\">\u00a0\u00a0\u00a0\u00a0\u00a0<\/span><\/span><span style=\"font-size: 14pt; line-height: 28px;\">Coordena\u00e7\u00e3o: Rafael Castro<\/span><\/p>\n<p class=\"MsoListParagraph\" style=\"margin: 0cm 0cm 0cm 54pt; line-height: 22px; font-size: 11pt; font-family: Calibri, sans-serif; color: #000000; text-indent: -18pt;\"><span style=\"font-size: 14pt; line-height: 28px;\">2.<span style=\"font-variant-numeric: normal; font-variant-east-asian: normal; font-stretch: normal; font-size: 7pt;\">\u00a0\u00a0\u00a0\u00a0\u00a0<\/span><\/span><span style=\"font-size: 14pt; line-height: 28px;\">Linha 1: Cl\u00e1udia Maia<\/span><\/p>\n<p class=\"MsoListParagraph\" style=\"margin: 0cm 0cm 0cm 54pt; line-height: 22px; font-size: 11pt; font-family: Calibri, sans-serif; color: #000000; text-indent: -18pt;\"><span style=\"font-size: 14pt; line-height: 28px;\">3.<span style=\"font-variant-numeric: normal; font-variant-east-asian: normal; font-stretch: normal; font-size: 7pt;\">\u00a0\u00a0\u00a0\u00a0\u00a0<\/span><\/span><span style=\"font-size: 14pt; line-height: 28px;\">Linha 2: Helena Am\u00e1lia Papa<\/span><\/p>\n<p class=\"MsoListParagraph\" style=\"margin: 0cm 0cm 0cm 54pt; line-height: 22px; font-size: 11pt; font-family: Calibri, sans-serif; color: #000000;\"><span style=\"font-size: 14pt; line-height: 28px;\">\u00a0<\/span><\/p>\n<p class=\"MsoListParagraph\" style=\"margin: 0cm 0cm 0cm 36pt; line-height: 22px; font-size: 11pt; font-family: Calibri, sans-serif; color: #000000; text-indent: -36pt;\"><span style=\"font-size: 14pt; line-height: 28px;\">VI.<span style=\"font-variant-numeric: normal; font-variant-east-asian: normal; font-stretch: normal; font-size: 7pt;\">\u00a0\u00a0\u00a0\u00a0\u00a0\u00a0\u00a0\u00a0\u00a0\u00a0\u00a0\u00a0<\/span><\/span><span style=\"font-size: 14pt; line-height: 28px;\">Comiss\u00e3o Sucupira (2021-2024)<\/span><\/p>\n<p class=\"MsoListParagraph\" style=\"margin: 0cm 0cm 0cm 53.25pt; line-height: 22px; font-size: 11pt; font-family: Calibri, sans-serif; color: #000000; text-indent: -18pt;\"><span style=\"font-size: 14pt; line-height: 28px;\">1.<span style=\"font-variant-numeric: normal; font-variant-east-asian: normal; font-stretch: normal; font-size: 7pt;\">\u00a0\u00a0\u00a0\u00a0\u00a0<\/span><\/span><span style=\"font-size: 14pt; line-height: 28px;\">Cl\u00e1udia Maia\u00a0<\/span><\/p>\n<p class=\"MsoListParagraph\" style=\"margin: 0cm 0cm 0cm 53.25pt; line-height: 22px; font-size: 11pt; font-family: Calibri, sans-serif; color: #000000; text-indent: -18pt;\"><span style=\"font-size: 14pt; line-height: 28px;\">2.<span style=\"font-variant-numeric: normal; font-variant-east-asian: normal; font-stretch: normal; font-size: 7pt;\">\u00a0\u00a0\u00a0\u00a0\u00a0<\/span><\/span><span style=\"font-size: 14pt; line-height: 28px;\">Helena Am\u00e1lia Papa<\/span><\/p>\n<p class=\"MsoListParagraph\" style=\"margin: 0cm 0cm 0cm 53.25pt; line-height: 22px; font-size: 11pt; font-family: Calibri, sans-serif; color: #000000; text-indent: -18pt;\"><span style=\"font-size: 14pt; line-height: 28px;\">3.<span style=\"font-variant-numeric: normal; font-variant-east-asian: normal; font-stretch: normal; font-size: 7pt;\">\u00a0\u00a0\u00a0\u00a0\u00a0<\/span><\/span><span style=\"font-size: 14pt; line-height: 28px;\">Laurindo\u00a0<span class=\"SpellE\">M\u00e9kie<\/span>\u00a0Pereira<\/span><\/p>\n<p class=\"MsoListParagraph\" style=\"margin: 0cm 0cm 0cm 53.25pt; line-height: 22px; font-size: 11pt; font-family: Calibri, sans-serif; color: #000000; text-indent: -18pt;\"><span style=\"font-size: 14pt; line-height: 28px;\">4.<span style=\"font-variant-numeric: normal; font-variant-east-asian: normal; font-stretch: normal; font-size: 7pt;\">\u00a0\u00a0\u00a0\u00a0\u00a0<\/span><\/span><span style=\"font-size: 14pt; line-height: 28px;\">Rafael Castro (Nato)<\/span><\/p>\n<p class=\"MsoListParagraph\" style=\"margin: 0cm 0cm 0cm 53.25pt; line-height: 22px; font-size: 11pt; font-family: Calibri, sans-serif; color: #000000; text-indent: -18pt;\"><span style=\"font-size: 14pt; line-height: 28px;\">5.<span style=\"font-variant-numeric: normal; font-variant-east-asian: normal; font-stretch: normal; font-size: 7pt;\">\u00a0\u00a0\u00a0\u00a0\u00a0<\/span><\/span><span style=\"font-size: 14pt; line-height: 28px;\">Robson Della Torre<\/span><\/p>\n<p class=\"MsoListParagraph\" style=\"margin: 0cm 0cm 0cm 53.25pt; line-height: 22px; font-size: 11pt; font-family: Calibri, sans-serif; color: #000000;\"><span style=\"font-size: 14pt; line-height: 28px;\">\u00a0<\/span><\/p>\n<p class=\"MsoListParagraph\" style=\"margin: 0cm 0cm 0cm 36pt; line-height: 22px; font-size: 11pt; font-family: Calibri, sans-serif; color: #000000; text-indent: -36pt;\"><span style=\"font-size: 14pt; line-height: 28px;\">VII.<span style=\"font-variant-numeric: normal; font-variant-east-asian: normal; font-stretch: normal; font-size: 7pt;\">\u00a0\u00a0\u00a0\u00a0\u00a0\u00a0\u00a0\u00a0\u00a0\u00a0\u00a0\u00a0<\/span><\/span><span style=\"font-size: 14pt; line-height: 28px;\">Comiss\u00e3o de Acompanhamento de Egressos<\/span><\/p>\n<p class=\"MsoListParagraph\" style=\"margin: 0cm 0cm 0cm 54pt; line-height: 22px; font-size: 11pt; font-family: Calibri, sans-serif; color: #000000; text-indent: -18pt;\"><span style=\"font-size: 14pt; line-height: 28px;\">1.<span style=\"font-variant-numeric: normal; font-variant-east-asian: normal; font-stretch: normal; font-size: 7pt;\">\u00a0\u00a0\u00a0\u00a0\u00a0<\/span><\/span><span style=\"font-size: 14pt; line-height: 28px;\">Robson Della Torre<\/span><\/p>\n<p class=\"MsoListParagraph\" style=\"margin: 0cm 0cm 0cm 54pt; line-height: 22px; font-size: 11pt; font-family: Calibri, sans-serif; color: #000000; text-indent: -18pt;\"><span style=\"font-size: 14pt; line-height: 28px;\">2.<span style=\"font-variant-numeric: normal; font-variant-east-asian: normal; font-stretch: normal; font-size: 7pt;\">\u00a0\u00a0\u00a0\u00a0\u00a0<\/span><\/span><span style=\"font-size: 14pt; text-indent: -18pt; font-style: inherit;\">C\u00e9sar Porto<\/span><\/p>\n<p class=\"MsoListParagraph\" style=\"margin: 0cm 0cm 0cm 54pt; line-height: 22px; font-size: 11pt; font-family: Calibri, sans-serif; color: #000000;\"><span style=\"font-size: 14pt; line-height: 28px;\">\u00a0<\/span><\/p>\n<p class=\"MsoListParagraph\" style=\"margin: 0cm 0cm 0cm 36pt; line-height: 22px; font-size: 11pt; font-family: Calibri, sans-serif; color: #000000; text-indent: -36pt;\"><span style=\"font-size: 14pt; line-height: 28px;\"><span style=\"font-variant-numeric: normal; font-variant-east-asian: normal; font-stretch: normal; font-size: 7pt;\">\u00a0\u00a0 <\/span>VIII.<span style=\"font-variant-numeric: normal; font-variant-east-asian: normal; font-stretch: normal; font-size: 7pt;\">\u00a0\u00a0\u00a0\u00a0\u00a0\u00a0\u00a0\u00a0\u00a0\u00a0\u00a0\u00a0<\/span><\/span><span style=\"font-size: 14pt; line-height: 28px;\">Coordena\u00e7\u00e3o de Est\u00e1gio Docente<\/span><\/p>\n<p class=\"MsoNormal\" style=\"margin: 0cm; line-height: 22px; font-size: 11pt; font-family: Calibri, sans-serif; color: #000000; text-indent: 35.4pt;\"><span style=\"font-size: 14pt; line-height: 28px;\">1.\u00a0 Andrea de Fazio<\/span><\/p>\n<p class=\"MsoNormal\" style=\"margin: 0cm; line-height: 22px; font-size: 11pt; font-family: Calibri, sans-serif; color: #000000; text-indent: 35.4pt;\"><span style=\"font-size: 14pt; line-height: 28px;\">\u00a0<\/span><\/p>\n<p class=\"MsoListParagraph\" style=\"font-size: 11pt; line-height: 22px; margin: 0cm 0cm 0cm 36pt; font-family: Calibri, sans-serif; color: #000000; text-indent: -36pt;\"><span style=\"line-height: 28px; font-size: 14pt;\"><span style=\"font-variant-numeric: normal; font-variant-east-asian: normal; font-stretch: normal; font-size: 7pt;\">\u00a0\u00a0<\/span>IX.<span style=\"font-variant-numeric: normal; font-variant-east-asian: normal; font-stretch: normal; font-size: 7pt;\">\u00a0 \u00a0 \u00a0 \u00a0 \u00a0 \u00a0 <\/span><\/span><span style=\"font-size: 14pt; text-indent: 35.4pt; font-style: inherit;\">Comiss\u00e3o organizadora do V Semin\u00e1rio Nacional de Hist\u00f3ria Social (2023)<\/span><\/p>\n<p class=\"MsoNormal\" style=\"font-size: 11pt; line-height: 22px; margin: 0cm; font-family: Calibri, sans-serif; color: #000000; text-indent: 35.4pt;\"><span style=\"line-height: 28px; font-size: 14pt;\">1. Rafael Castro<\/span><\/p>\n<p class=\"MsoNormal\" style=\"font-size: 11pt; line-height: 22px; margin: 0cm; font-family: Calibri, sans-serif; color: #000000; text-indent: 35.4pt;\"><span style=\"line-height: 28px; font-size: 14pt;\">2. Helena Papa<\/span><\/p>\n<p class=\"MsoNormal\" style=\"font-size: 11pt; line-height: 22px; margin: 0cm; font-family: Calibri, sans-serif; color: #000000; text-indent: 35.4pt;\"><span style=\"line-height: 28px; font-size: 14pt;\">3. Patr\u00edcia Giselia Batista<\/span><\/p>\n<p class=\"MsoNormal\" style=\"font-size: 11pt; line-height: 22px; margin: 0cm; font-family: Calibri, sans-serif; color: #000000; text-indent: 35.4pt;\"><span style=\"line-height: 28px; font-size: 14pt;\">4. Ester Lacerda (Comiss\u00e3o discente)<\/span><\/p>\n<p class=\"MsoListParagraph\" style=\"font-size: 11pt; line-height: 22px; margin: 0cm 0cm 0cm 36pt; font-family: Calibri, sans-serif; color: #000000; text-indent: -36pt;\"><span style=\"font-size: 14pt; text-indent: 35.4pt; font-style: inherit;\">\u00a0<\/span><\/p>\n<\/div><\/div><\/div><\/div><\/div><\/section>\n","protected":false},"excerpt":{"rendered":"","protected":false},"author":2,"featured_media":0,"parent":1469,"menu_order":0,"comment_status":"closed","ping_status":"closed","template":"","meta":[],"yoast_head":"<!-- This site is optimized with the Yoast SEO plugin v14.7 - https:\/\/yoast.com\/wordpress\/plugins\/seo\/ -->\n<title>Comiss\u00f5es - PPGH - P\u00f3s Gradua\u00e7\u00e3o em Hist\u00f3ria Unimontes<\/title>\n<meta name=\"robots\" content=\"index, follow\" \/>\n<meta name=\"googlebot\" content=\"index, follow, max-snippet:-1, max-image-preview:large, max-video-preview:-1\" \/>\n<meta name=\"bingbot\" content=\"index, follow, max-snippet:-1, max-image-preview:large, max-video-preview:-1\" \/>\n<link rel=\"canonical\" href=\"https:\/\/www.posgraduacao.unimontes.br\/ppgh\/equipe\/comissoes\/\" \/>\n<meta property=\"og:locale\" content=\"pt_BR\" \/>\n<meta property=\"og:type\" content=\"article\" \/>\n<meta property=\"og:title\" content=\"Comiss\u00f5es - PPGH - P\u00f3s Gradua\u00e7\u00e3o em Hist\u00f3ria Unimontes\" \/>\n<meta property=\"og:description\" content=\"Comiss\u00f5es Composi\u00e7\u00e3o das comiss\u00f5es e coordena\u00e7\u00f5es \u00a0\u00a0\u00a0\u00a0\u00a0\u00a0\u00a0\u00a0I.\u00a0\u00a0\u00a0\u00a0\u00a0\u00a0\u00a0\u00a0\u00a0\u00a0\u00a0\u00a0Editoria da Revista Caminhos da Hist\u00f3ria 1.\u00a0\u00a0\u00a0\u00a0\u00a0Ester Liberato Pereira \u2013 Editora-chefe 2.\u00a0\u00a0\u00a0\u00a0\u00a0Rafael Dias de Castro \u2013 Editor-adjunto \u00a0 \u00a0II.\u00a0\u00a0\u00a0\u00a0\u00a0\u00a0\u00a0\u00a0\u00a0\u00a0\u00a0\u00a0Coordena\u00e7\u00e3o do projeto \u201cENCONTROS COM A HIST\u00d3RIA\u201d (2023) 1.\u00a0\u00a0\u00a0\u00a0\u00a0Renato Dias 2.\u00a0 \u00a0 \u00a0Rejane Meireles \u00a0 \u00a0\u00a0\u00a0III.\u00a0\u00a0\u00a0\u00a0\u00a0\u00a0\u00a0\u00a0\u00a0\u00a0\u00a0\u00a0Comiss\u00e3o de Processo Seletivo (2023-2024) 1.\u00a0 \u00a0 \u00a0B\u00e1rbara Souto 2.\u00a0 \u00a0 \u00a0Ester Pereira 3.\u00a0 \u00a0 \u00a0Andrea [&hellip;]\" \/>\n<meta property=\"og:url\" content=\"https:\/\/www.posgraduacao.unimontes.br\/ppgh\/equipe\/comissoes\/\" \/>\n<meta property=\"og:site_name\" content=\"PPGH - P\u00f3s Gradua\u00e7\u00e3o em Hist\u00f3ria Unimontes\" \/>\n<meta property=\"article:modified_time\" content=\"2023-02-09T17:05:11+00:00\" \/>\n<meta name=\"twitter:card\" content=\"summary_large_image\" \/>\n<script type=\"application\/ld+json\" class=\"yoast-schema-graph\">{\"@context\":\"https:\/\/schema.org\",\"@graph\":[{\"@type\":\"WebSite\",\"@id\":\"https:\/\/www.posgraduacao.unimontes.br\/ppgh\/#website\",\"url\":\"https:\/\/www.posgraduacao.unimontes.br\/ppgh\/\",\"name\":\"PPGH - P\\u00f3s Gradua\\u00e7\\u00e3o em Hist\\u00f3ria Unimontes\",\"description\":\"Portal da P\\u00f3s Gradua\\u00e7\\u00e3o em Hist\\u00f3ria Unimontes\",\"potentialAction\":[{\"@type\":\"SearchAction\",\"target\":\"https:\/\/www.posgraduacao.unimontes.br\/ppgh\/?s={search_term_string}\",\"query-input\":\"required name=search_term_string\"}],\"inLanguage\":\"pt-BR\"},{\"@type\":\"WebPage\",\"@id\":\"https:\/\/www.posgraduacao.unimontes.br\/ppgh\/equipe\/comissoes\/#webpage\",\"url\":\"https:\/\/www.posgraduacao.unimontes.br\/ppgh\/equipe\/comissoes\/\",\"name\":\"Comiss\\u00f5es - PPGH - P\\u00f3s Gradua\\u00e7\\u00e3o em Hist\\u00f3ria Unimontes\",\"isPartOf\":{\"@id\":\"https:\/\/www.posgraduacao.unimontes.br\/ppgh\/#website\"},\"datePublished\":\"2021-08-30T22:37:13+00:00\",\"dateModified\":\"2023-02-09T17:05:11+00:00\",\"inLanguage\":\"pt-BR\",\"potentialAction\":[{\"@type\":\"ReadAction\",\"target\":[\"https:\/\/www.posgraduacao.unimontes.br\/ppgh\/equipe\/comissoes\/\"]}]}]}<\/script>\n<!-- \/ Yoast SEO plugin. -->","_links":{"self":[{"href":"https:\/\/www.posgraduacao.unimontes.br\/ppgh\/wp-json\/wp\/v2\/pages\/1496"}],"collection":[{"href":"https:\/\/www.posgraduacao.unimontes.br\/ppgh\/wp-json\/wp\/v2\/pages"}],"about":[{"href":"https:\/\/www.posgraduacao.unimontes.br\/ppgh\/wp-json\/wp\/v2\/types\/page"}],"author":[{"embeddable":true,"href":"https:\/\/www.posgraduacao.unimontes.br\/ppgh\/wp-json\/wp\/v2\/users\/2"}],"replies":[{"embeddable":true,"href":"https:\/\/www.posgraduacao.unimontes.br\/ppgh\/wp-json\/wp\/v2\/comments?post=1496"}],"version-history":[{"count":8,"href":"https:\/\/www.posgraduacao.unimontes.br\/ppgh\/wp-json\/wp\/v2\/pages\/1496\/revisions"}],"predecessor-version":[{"id":2221,"href":"https:\/\/www.posgraduacao.unimontes.br\/ppgh\/wp-json\/wp\/v2\/pages\/1496\/revisions\/2221"}],"up":[{"embeddable":true,"href":"https:\/\/www.posgraduacao.unimontes.br\/ppgh\/wp-json\/wp\/v2\/pages\/1469"}],"wp:attachment":[{"href":"https:\/\/www.posgraduacao.unimontes.br\/ppgh\/wp-json\/wp\/v2\/media?parent=1496"}],"curies":[{"name":"wp","href":"https:\/\/api.w.org\/{rel}","templated":true}]}}