{"id":1391,"date":"2021-08-21T00:49:43","date_gmt":"2021-08-21T03:49:43","guid":{"rendered":"https:\/\/www.posgraduacao.unimontes.br\/ppgh\/?page_id=1391"},"modified":"2023-01-09T12:56:09","modified_gmt":"2023-01-09T15:56:09","slug":"estrutura-curricular","status":"publish","type":"page","link":"https:\/\/www.posgraduacao.unimontes.br\/ppgh\/o-programa\/estrutura-curricular\/","title":{"rendered":"Estrutura Curricular"},"content":{"rendered":"<section class=\"kc-elm kc_row\"><div class=\"kc-row-container  kc-container\"><div class=\"kc-wrap-columns\"><div class=\"kc-elm kc_column kc_col-sm-12\"><div class=\"kc-col-container\"><div class=\"kc-elm\" style=\"height: 20px; clear: both; width:100%;\"><\/div><\/div><\/div><\/div><\/div><\/section><section class=\"kc-elm kc_row\"><div class=\"kc-row-container  kc-container\"><div class=\"kc-wrap-columns\"><div class=\"kc-elm kc_column kc_col-sm-12\"><div class=\"kc-col-container\"><div class=\"kc-elm kc_text_block\"><p class=\\\"MsoNormal\\\" style=\\\"margin: 0cm 0cm 8pt;line-height: 15.6933px;font-size: 11pt;font-family: Calibri, sans-serif;color: #000000\\\"><span style=\\\"font-size: 16pt;line-height: 22.8267px;font-family: Arial, sans-serif;color: #002060\\\">Estrutura Curricular<\/span><\/p>\n<\/div><\/div><\/div><\/div><\/div><\/section><section class=\"kc-elm kc_row\"><div class=\"kc-row-container  kc-container\"><div class=\"kc-wrap-columns\"><div class=\"kc-elm kc_column kc_col-sm-12\"><div class=\"kc-col-container\"><div class=\"kc-elm kc_text_block\"><p class=\\\"MsoNormal\\\" style=\\\"margin: 0cm;line-height: 22px;font-size: 11pt;font-family: Calibri, sans-serif;color: #000000;text-align: justify\\\"><span style=\\\"font-size: 14pt;line-height: 28px\\\"><b>Mestrado:<\/b> O curso de Mestrado tem a dura\u00e7\u00e3o m\u00ednima de 18 (dezoito) meses e m\u00e1xima de 24 (vinte e quatro) meses, sendo esses per\u00edodos contados da data da matr\u00edcula inicial ao dep\u00f3sito da disserta\u00e7\u00e3o. O estudante dever\u00e1 cumprir um total de 22 (vinte e dois) cr\u00e9ditos obrigat\u00f3rios, sendo 06 (seis) cr\u00e9ditos na disciplina Teoria da Hist\u00f3ria, 04 (quatro) cr\u00e9ditos em Semin\u00e1rio de Pesquisa, 04 (quatro) cr\u00e9ditos em Semin\u00e1rio de T\u00f3picos I; 02 (dois) cr\u00e9ditos em Atividades Cient\u00edficas Extracurriculares e 06 (seis) cr\u00e9ditos em Disserta\u00e7\u00e3o. Dever\u00e1 cumprir, ainda, um m\u00ednimo 08 (oito) cr\u00e9ditos em disciplinas optativas, integralizando 30 (trinta) cr\u00e9ditos ao final do curso.<\/span><\/p>\n<\/p>\n<p class=\\\"MsoNormal\\\" style=\\\"margin: 0cm;line-height: 22px;font-size: 11pt;font-family: Calibri, sans-serif;color: #000000;text-align: justify\\\"><span style=\\\"font-size: 14pt;line-height: 28px\\\"><b>Doutorado: <\/b>O curso de Doutorado ter\u00e1 a dura\u00e7\u00e3o m\u00ednima de\u00a0<b>36<\/b>\u00a0e m\u00e1xima de\u00a0<b>48<\/b> meses. A integraliza\u00e7\u00e3o do curso exige a obten\u00e7\u00e3o de no m\u00ednimo 52 (cinquenta e dois) cr\u00e9ditos, distribu\u00eddos da seguinte forma: at\u00e9, no m\u00e1ximo, 16 (dezesseis) cr\u00e9ditos obtidos pelo aproveitamento das disciplinas cursadas no Mestrado (obrigat\u00f3rias e\/ou eletivas); ou o cumprimento de cr\u00e9ditos em disciplinas durante o Doutorado, at\u00e9 a totaliza\u00e7\u00e3o dos 16 cr\u00e9ditos; 26 (vinte e seis) cr\u00e9ditos obtidos nas disciplinas obrigat\u00f3rias e optativas do Doutorado; 6 (seis) cr\u00e9ditos na entrega das Atividades Programadas; 4 (quatro) cr\u00e9ditos no Est\u00e1gio Docente. Todos os discentes do Doutorado dever\u00e3o entregar o relat\u00f3rio com as Atividades Programadas e cumprir o Est\u00e1gio de Doc\u00eancia na gradua\u00e7\u00e3o em Hist\u00f3ria, conforme as normas vigentes do PPGH-Unimontes.<br \/><\/span><\/p>\n<\/div><\/div><\/div><\/div><\/div><\/section><section class=\"kc-elm kc_row\"><div class=\"kc-row-container  kc-container\"><div class=\"kc-wrap-columns\"><div class=\"kc-elm kc_column kc_col-sm-12\"><div class=\"kc-col-container\"><div class=\"kc-elm\" style=\"height: 20px; clear: both; width:100%;\"><\/div><div class=\"kc-elm kc_accordion_wrapper\">\n<div class=\"kc-elm kc_accordion_section group \"><h3 class=\"kc_accordion_header ui-accordion-header\"><span class=\"ui-accordion-header-icon ui-icon\"><\/span><a href=\"#new-accordion-tab\" data-prevent=\"scroll\"><i class=\"\"><\/i>  New Accordion Tab<\/a><\/h3><div class=\"kc_accordion_content ui-accordion-content kc_clearfix\"><div class=\"kc-panel-body\"><div class=\"kc-elm kc_text_block\"><div style=\\\"color: #000000;font-size: medium\\\" align=\\\"center\\\">\n<table class=\\\"MsoTableGrid\\\" style=\\\"width: 465.6pt;margin-left: -21.55pt;border-collapse: collapse;border: none\\\" border=\\\"1\\\" width=\\\"621\\\" cellspacing=\\\"0\\\" cellpadding=\\\"0\\\">\n<tbody>\n<tr style=\\\"height: 37.25pt\\\">\n<td style=\\\"width: 94pt;border: 1pt solid #a5a5a5;padding: 0cm 5.4pt;height: 37.25pt\\\" width=\\\"125\\\">\n<p class=\\\"MsoNormal\\\" style=\\\"margin: 0cm;font-size: 11pt;font-family: Calibri, sans-serif;text-align: center\\\" align=\\\"center\\\"><b>1\u00ba Semestre<\/b><\/p>\n<\/td>\n<td style=\\\"width: 371.6pt;border-top: 1pt solid #a5a5a5;border-right: 1pt solid #a5a5a5;border-bottom: 1pt solid #a5a5a5;border-left: none;padding: 0cm 5.4pt;height: 37.25pt\\\" width=\\\"495\\\">\n<p class=\\\"MsoNormal\\\" style=\\\"margin: 0cm;font-size: 11pt;font-family: Calibri, sans-serif\\\">&#8211; Disciplina Obrigat\u00f3ria Teoria da Hist\u00f3ria (6 cr\u00e9ditos)<\/p>\n<p class=\\\"MsoNormal\\\" style=\\\"margin: 0cm;font-size: 11pt;font-family: Calibri, sans-serif\\\">&#8211; Disciplina Optativa (4 cr\u00e9ditos)<\/p>\n<p class=\\\"MsoNormal\\\" style=\\\"margin: 0cm;font-size: 11pt;font-family: Calibri, sans-serif\\\">&#8211; Disciplina Obrigat\u00f3ria T\u00f3pico Especial I (4 cr\u00e9ditos)<\/p>\n<\/td>\n<\/tr>\n<tr style=\\\"height: 35.1pt\\\">\n<td style=\\\"width: 94pt;border-right: 1pt solid #a5a5a5;border-bottom: 1pt solid #a5a5a5;border-left: 1pt solid #a5a5a5;border-top: none;padding: 0cm 5.4pt;height: 35.1pt\\\" width=\\\"125\\\">\n<p class=\\\"MsoNormal\\\" style=\\\"margin: 0cm;font-size: 11pt;font-family: Calibri, sans-serif;text-align: center\\\" align=\\\"center\\\"><b>2\u00ba Semestre<\/b><\/p>\n<\/td>\n<td style=\\\"width: 371.6pt;border-top: none;border-left: none;border-bottom: 1pt solid #a5a5a5;border-right: 1pt solid #a5a5a5;padding: 0cm 5.4pt;height: 35.1pt\\\" width=\\\"495\\\">\n<p class=\\\"MsoNormal\\\" style=\\\"margin: 0cm;font-size: 11pt;font-family: Calibri, sans-serif\\\">&#8211; Disciplina obrigat\u00f3ria Semin\u00e1rio de Pesquisa (4 cr\u00e9ditos)<\/p>\n<p class=\\\"MsoNormal\\\" style=\\\"margin: 0cm;font-size: 11pt;font-family: Calibri, sans-serif\\\">&#8211; Disciplina Optativa (4 cr\u00e9ditos)<\/p>\n<p class=\\\"MsoNormal\\\" style=\\\"margin: 0cm;font-size: 11pt;font-family: Calibri, sans-serif\\\"><span style=\\\"font-size: 14.6667px\\\">&#8211; Elabora\u00e7\u00e3o de Disserta\u00e7\u00e3o 1<\/span><\/p>\n<\/td>\n<\/tr>\n<tr style=\\\"height: 37.25pt\\\">\n<td style=\\\"width: 94pt;border-right: 1pt solid #a5a5a5;border-bottom: 1pt solid #a5a5a5;border-left: 1pt solid #a5a5a5;border-top: none;padding: 0cm 5.4pt;height: 37.25pt\\\" width=\\\"125\\\">\n<p class=\\\"MsoNormal\\\" style=\\\"margin: 0cm;font-size: 11pt;font-family: Calibri, sans-serif;text-align: center\\\" align=\\\"center\\\"><b>3\u00ba Semestre<\/b><\/p>\n<\/td>\n<td style=\\\"width: 371.6pt;border-top: none;border-left: none;border-bottom: 1pt solid #a5a5a5;border-right: 1pt solid #a5a5a5;padding: 0cm 5.4pt;height: 37.25pt\\\" width=\\\"495\\\">\n<p class=\\\"MsoNormal\\\" style=\\\"margin: 0cm;font-size: 11pt;font-family: Calibri, sans-serif\\\">&#8211;\u00a0<span style=\\\"font-family: inherit;font-size: inherit;font-weight: inherit;font-style: inherit\\\">Elabora\u00e7\u00e3o de Disserta\u00e7\u00e3o 2<\/span><\/p>\n<\/td>\n<\/tr>\n<tr style=\\\"height: 35.1pt\\\">\n<td style=\\\"width: 94pt;border-right: 1pt solid #a5a5a5;border-bottom: 1pt solid #a5a5a5;border-left: 1pt solid #a5a5a5;border-top: none;padding: 0cm 5.4pt;height: 35.1pt\\\" width=\\\"125\\\">\n<p class=\\\"MsoNormal\\\" style=\\\"margin: 0cm;font-size: 11pt;font-family: Calibri, sans-serif;text-align: center\\\" align=\\\"center\\\"><b>4\u00ba Semestre<\/b><\/p>\n<\/td>\n<td style=\\\"width: 371.6pt;border-top: none;border-left: none;border-bottom: 1pt solid #a5a5a5;border-right: 1pt solid #a5a5a5;padding: 0cm 5.4pt;height: 35.1pt\\\" width=\\\"495\\\">\n<p class=\\\"MsoNormal\\\" style=\\\"margin: 0cm;font-size: 11pt;font-family: Calibri, sans-serif\\\">&#8211;\u00a0<span style=\\\"font-family: inherit;font-size: inherit;font-weight: inherit;font-style: inherit\\\">Elabora\u00e7\u00e3o de Disserta\u00e7\u00e3o 3<\/span><\/p>\n<p class=\\\"MsoNormal\\\" style=\\\"margin: 0cm;font-size: 11pt;font-family: Calibri, sans-serif\\\">&#8211; Atividades Cient\u00edficas Programadas (2 cr\u00e9ditos)<\/p>\n<\/td>\n<\/tr>\n<tr style=\\\"height: 37.25pt\\\">\n<td style=\\\"width: 94pt;border-right: 1pt solid #a5a5a5;border-bottom: 1pt solid #a5a5a5;border-left: 1pt solid #a5a5a5;border-top: none;padding: 0cm 5.4pt;height: 37.25pt\\\" width=\\\"125\\\">\n<p class=\\\"MsoNormal\\\" style=\\\"margin: 0cm;font-size: 11pt;font-family: Calibri, sans-serif;text-align: center\\\" align=\\\"center\\\"><b>5\u00ba Semestre<\/b><\/p>\n<\/td>\n<td style=\\\"width: 371.6pt;border-top: none;border-left: none;border-bottom: 1pt solid #a5a5a5;border-right: 1pt solid #a5a5a5;padding: 0cm 5.4pt;height: 37.25pt\\\" width=\\\"495\\\">\n<p class=\\\"MsoNormal\\\" style=\\\"margin: 0cm;font-size: 11pt;font-family: Calibri, sans-serif\\\">&#8211; Elabora\u00e7\u00e3o de Disserta\u00e7\u00e3o 4 (6 cr\u00e9ditos)<\/p>\n<\/td>\n<\/tr>\n<\/tbody>\n<\/table>\n<\/div>\n<p class=\\\"MsoNormal\\\" style=\\\"margin: 0cm 0cm 10pt;line-height: 22px;font-size: 11pt;font-family: Calibri, sans-serif;color: #000000\\\"><span style=\\\"font-size: 14pt;line-height: 28px\\\">\u00a0<\/span><\/p>\n<\/div><\/div><\/div><\/div><\/div>\n<div class=\"kc-elm kc_accordion_wrapper\">\n<div class=\"kc-elm kc_accordion_section group \"><h3 class=\"kc_accordion_header ui-accordion-header\"><span class=\"ui-accordion-header-icon ui-icon\"><\/span><a href=\"#new-accordion-tab\" data-prevent=\"scroll\"><i class=\"\"><\/i>  New Accordion Tab<\/a><\/h3><div class=\"kc_accordion_content ui-accordion-content kc_clearfix\"><div class=\"kc-panel-body\"><div class=\"kc-elm kc_text_block\"><div style=\\\"color: #000000;font-size: medium\\\" align=\\\"center\\\">\n<table class=\\\"MsoTableGrid\\\" style=\\\"width: 465.6pt;margin-left: -21.55pt;border-collapse: collapse;border: none\\\" border=\\\"1\\\" width=\\\"621\\\" cellspacing=\\\"0\\\" cellpadding=\\\"0\\\">\n<tbody>\n<tr style=\\\"height: 37.25pt\\\">\n<td style=\\\"width: 94pt;border: 1pt solid #a5a5a5;padding: 0cm 5.4pt;height: 37.25pt\\\" width=\\\"125\\\">\n<p class=\\\"MsoNormal\\\" style=\\\"margin: 0cm;font-size: 11pt;font-family: Calibri, sans-serif;text-align: center\\\" align=\\\"center\\\"><b>1\u00ba Semestre<\/b><\/p>\n<\/td>\n<td style=\\\"width: 371.6pt;border-top: 1pt solid #a5a5a5;border-right: 1pt solid #a5a5a5;border-bottom: 1pt solid #a5a5a5;border-left: none;padding: 0cm 5.4pt;height: 37.25pt\\\" width=\\\"495\\\">\n<p class=\\\"MsoNormal\\\" style=\\\"margin: 0cm;font-size: 11pt;font-family: Calibri, sans-serif\\\">&#8211; Disciplina Obrigat\u00f3ria de Teoria, M\u00e9todos e Historiografia (6 cr\u00e9ditos)<\/p>\n<p class=\\\"MsoNormal\\\" style=\\\"margin: 0cm;font-size: 11pt;font-family: Calibri, sans-serif\\\">&#8211; Elabora\u00e7\u00e3o de Tese I \u2013 PPGH<\/p>\n<p class=\\\"MsoNormal\\\" style=\\\"margin: 0cm;font-size: 11pt;font-family: Calibri, sans-serif\\\">&#8211; Disciplina Optativa (4 cr\u00e9ditos)<\/p>\n<\/td>\n<\/tr>\n<tr style=\\\"height: 35.1pt\\\">\n<td style=\\\"width: 94pt;border-right: 1pt solid #a5a5a5;border-bottom: 1pt solid #a5a5a5;border-left: 1pt solid #a5a5a5;border-top: none;padding: 0cm 5.4pt;height: 35.1pt\\\" width=\\\"125\\\">\n<p class=\\\"MsoNormal\\\" style=\\\"margin: 0cm;font-size: 11pt;font-family: Calibri, sans-serif;text-align: center\\\" align=\\\"center\\\"><b>2\u00ba Semestre<\/b><\/p>\n<\/td>\n<td style=\\\"width: 371.6pt;border-top: none;border-left: none;border-bottom: 1pt solid #a5a5a5;border-right: 1pt solid #a5a5a5;padding: 0cm 5.4pt;height: 35.1pt\\\" width=\\\"495\\\">\n<p class=\\\"MsoNormal\\\" style=\\\"margin: 0cm;font-size: 11pt;font-family: Calibri, sans-serif\\\">&#8211; Disciplina obrigat\u00f3ria Semin\u00e1rio de Tese (4 cr\u00e9ditos)<\/p>\n<p class=\\\"MsoNormal\\\" style=\\\"margin: 0cm;font-size: 11pt;font-family: Calibri, sans-serif\\\">&#8211; Elabora\u00e7\u00e3o de Tese II \u2013 PPGH<\/p>\n<\/td>\n<\/tr>\n<tr style=\\\"height: 37.25pt\\\">\n<td style=\\\"width: 94pt;border-right: 1pt solid #a5a5a5;border-bottom: 1pt solid #a5a5a5;border-left: 1pt solid #a5a5a5;border-top: none;padding: 0cm 5.4pt;height: 37.25pt\\\" width=\\\"125\\\">\n<p class=\\\"MsoNormal\\\" style=\\\"margin: 0cm;font-size: 11pt;font-family: Calibri, sans-serif;text-align: center\\\" align=\\\"center\\\"><b>3\u00ba Semestre<\/b><\/p>\n<\/td>\n<td style=\\\"width: 371.6pt;border-top: none;border-left: none;border-bottom: 1pt solid #a5a5a5;border-right: 1pt solid #a5a5a5;padding: 0cm 5.4pt;height: 37.25pt\\\" width=\\\"495\\\">\n<p class=\\\"MsoNormal\\\" style=\\\"margin: 0cm;font-size: 11pt;font-family: Calibri, sans-serif\\\">&#8211;\u00a0<span style=\\\"font-family: inherit;font-size: inherit;font-weight: inherit;font-style: inherit\\\">Elabora\u00e7\u00e3o de Tese III \u2013 PPGH<\/span><\/p>\n<\/td>\n<\/tr>\n<tr style=\\\"height: 35.1pt\\\">\n<td style=\\\"width: 94pt;border-right: 1pt solid #a5a5a5;border-bottom: 1pt solid #a5a5a5;border-left: 1pt solid #a5a5a5;border-top: none;padding: 0cm 5.4pt;height: 35.1pt\\\" width=\\\"125\\\">\n<p class=\\\"MsoNormal\\\" style=\\\"margin: 0cm;font-size: 11pt;font-family: Calibri, sans-serif;text-align: center\\\" align=\\\"center\\\"><b>4\u00ba Semestre<\/b><\/p>\n<\/td>\n<td style=\\\"width: 371.6pt;border-top: none;border-left: none;border-bottom: 1pt solid #a5a5a5;border-right: 1pt solid #a5a5a5;padding: 0cm 5.4pt;height: 35.1pt\\\" width=\\\"495\\\">\n<p class=\\\"MsoNormal\\\" style=\\\"margin: 0cm;font-size: 11pt;font-family: Calibri, sans-serif\\\">&#8211;\u00a0<span style=\\\"font-family: inherit;font-size: inherit;font-weight: inherit;font-style: inherit\\\">Elabora\u00e7\u00e3o de Tese IV \u2013 PPGH<\/span><\/p>\n<p class=\\\"MsoNormal\\\" style=\\\"margin: 0cm;font-size: 11pt;font-family: Calibri, sans-serif\\\">&#8211; Qualifica\u00e7\u00e3o &#8211; Tese \u2013 PPGH (6 cr\u00e9ditos)<\/p>\n<\/td>\n<\/tr>\n<tr style=\\\"height: 37.25pt\\\">\n<td style=\\\"width: 94pt;border-right: 1pt solid #a5a5a5;border-bottom: 1pt solid #a5a5a5;border-left: 1pt solid #a5a5a5;border-top: none;padding: 0cm 5.4pt;height: 37.25pt\\\" width=\\\"125\\\">\n<p class=\\\"MsoNormal\\\" style=\\\"margin: 0cm;font-size: 11pt;font-family: Calibri, sans-serif;text-align: center\\\" align=\\\"center\\\"><b>5\u00ba Semestre<\/b><\/p>\n<\/td>\n<td style=\\\"width: 371.6pt;border-top: none;border-left: none;border-bottom: 1pt solid #a5a5a5;border-right: 1pt solid #a5a5a5;padding: 0cm 5.4pt;height: 37.25pt\\\" width=\\\"495\\\">\n<p class=\\\"MsoNormal\\\" style=\\\"margin: 0cm;font-size: 11pt;font-family: Calibri, sans-serif\\\">&#8211; Elabora\u00e7\u00e3o de Tese V \u2013 PPGH<\/p>\n<p class=\\\"MsoNormal\\\" style=\\\"margin: 0cm;font-size: 11pt;font-family: Calibri, sans-serif\\\">&#8211; Est\u00e1gio Docente (4 cr\u00e9ditos)<\/p>\n<\/td>\n<\/tr>\n<tr style=\\\"height: 37.25pt\\\">\n<td style=\\\"width: 94pt;border-right: 1pt solid #a5a5a5;border-bottom: 1pt solid #a5a5a5;border-left: 1pt solid #a5a5a5;border-top: none;padding: 0cm 5.4pt;height: 37.25pt\\\" width=\\\"125\\\">\n<p class=\\\"MsoNormal\\\" style=\\\"margin: 0cm;font-size: 11pt;font-family: Calibri, sans-serif;text-align: center\\\" align=\\\"center\\\"><b>6\u00ba Semestre<\/b><\/p>\n<\/td>\n<td style=\\\"width: 371.6pt;border-top: none;border-left: none;border-bottom: 1pt solid #a5a5a5;border-right: 1pt solid #a5a5a5;padding: 0cm 5.4pt;height: 37.25pt\\\" width=\\\"495\\\">\n<p class=\\\"MsoNormal\\\" style=\\\"margin: 0cm;font-size: 11pt;font-family: Calibri, sans-serif\\\">&#8211; Elabora\u00e7\u00e3o de Tese VI \u2013 PPGH<\/p>\n<p class=\\\"MsoNormal\\\" style=\\\"margin: 0cm;font-size: 11pt;font-family: Calibri, sans-serif\\\">&#8211; Atividades Programadas (6 cr\u00e9ditos)<\/p>\n<\/td>\n<\/tr>\n<tr style=\\\"height: 37.25pt\\\">\n<td style=\\\"width: 94pt;border-right: 1pt solid #a5a5a5;border-bottom: 1pt solid #a5a5a5;border-left: 1pt solid #a5a5a5;border-top: none;padding: 0cm 5.4pt;height: 37.25pt\\\" width=\\\"125\\\">\n<p class=\\\"MsoNormal\\\" style=\\\"margin: 0cm;font-size: 11pt;font-family: Calibri, sans-serif;text-align: center\\\" align=\\\"center\\\"><b>7\u00ba Semestre<\/b><\/p>\n<\/td>\n<td style=\\\"width: 371.6pt;border-top: none;border-left: none;border-bottom: 1pt solid #a5a5a5;border-right: 1pt solid #a5a5a5;padding: 0cm 5.4pt;height: 37.25pt\\\" width=\\\"495\\\">\n<p class=\\\"MsoNormal\\\" style=\\\"margin: 0cm;font-size: 11pt;font-family: Calibri, sans-serif\\\">&#8211; Elabora\u00e7\u00e3o de Tese VII \u2013 PPGH<\/p>\n<\/td>\n<\/tr>\n<tr style=\\\"height: 37.25pt\\\">\n<td style=\\\"width: 94pt;border-right: 1pt solid #a5a5a5;border-bottom: 1pt solid #a5a5a5;border-left: 1pt solid #a5a5a5;border-top: none;padding: 0cm 5.4pt;height: 37.25pt\\\" width=\\\"125\\\">\n<p class=\\\"MsoNormal\\\" style=\\\"margin: 0cm;font-size: 11pt;font-family: Calibri, sans-serif;text-align: center\\\" align=\\\"center\\\"><b>8\u00ba Semestre<\/b><\/p>\n<\/td>\n<td style=\\\"width: 371.6pt;border-top: none;border-left: none;border-bottom: 1pt solid #a5a5a5;border-right: 1pt solid #a5a5a5;padding: 0cm 5.4pt;height: 37.25pt\\\" width=\\\"495\\\">\n<p class=\\\"MsoNormal\\\" style=\\\"margin: 0cm;font-size: 11pt;font-family: Calibri, sans-serif\\\">&#8211; Elabora\u00e7\u00e3o de Tese &#8211; Defesa VIII &#8211; PPGH<\/p>\n<p class=\\\"MsoNormal\\\" style=\\\"margin: 0cm;font-size: 11pt;font-family: Calibri, sans-serif\\\">&#8211; Defesa de Tese \u2013 PPGH (6 cr\u00e9ditos)<\/p>\n<\/td>\n<\/tr>\n<\/tbody>\n<\/table>\n<\/div>\n<p class=\\\"MsoNormal\\\" style=\\\"margin: 0cm 0cm 10pt;line-height: 22px;font-size: 11pt;font-family: Calibri, sans-serif;color: #000000\\\"><span style=\\\"font-size: 14pt;line-height: 28px\\\">\u00a0<\/span><\/p>\n<\/div><\/div><\/div><\/div><\/div>\n<div class=\"kc-elm kc_accordion_wrapper\">\n<div class=\"kc-elm kc_accordion_section group \"><h3 class=\"kc_accordion_header ui-accordion-header\"><span class=\"ui-accordion-header-icon ui-icon\"><\/span><a href=\"#new-accordion-tab\" data-prevent=\"scroll\"><i class=\"\"><\/i>  New Accordion Tab<\/a><\/h3><div class=\"kc_accordion_content ui-accordion-content kc_clearfix\"><div class=\"kc-panel-body\"><div class=\"kc-elm kc-icon-wrapper\">\n\t\t<i class=\"fa-leaf\"><\/i>\n\t<\/div>\n<div class=\"kc-elm kc_text_block\"><p>Fa\u00e7a o download das disciplinas em pdf.<\/p>\n<p class=\\\"MsoNormal\\\" style=\\\"margin: 0cm;line-height: 22px;font-size: 11pt;font-family: Calibri, sans-serif;color: #000000\\\">\n<\/div><\/div><\/div><\/div><\/div>\n<\/div><\/div><\/div><\/div><\/section><section class=\"kc-elm kc_row\"><div class=\"kc-row-container  kc-container\"><div class=\"kc-wrap-columns\"><div class=\"kc-elm kc_column kc_col-sm-12\"><div class=\"kc-col-container\"><\/div><\/div><div class=\"kc-elm kc_column kc_col-sm-12\"><div class=\"kc-col-container\"><\/div><\/div><div class=\"kc-elm kc_column kc_col-sm-12\"><div class=\"kc-col-container\"><\/div><\/div><\/div><\/div><\/section><section class=\"kc-elm kc_row\"><div class=\"kc-row-container  kc-container\"><div class=\"kc-wrap-columns\"><div class=\"kc-elm kc_column kc_col-sm-12\"><div class=\"kc-col-container\"><div class=\"kc-elm kc_text_block\"><p class=\\\"MsoNormal\\\" style=\\\"margin: 0cm;line-height: 22px;font-size: 11pt;font-family: Calibri, sans-serif;color: #000000\\\">\n<\/div><\/div><\/div><\/div><\/div><\/section><section class=\"kc-elm kc_row\"><div class=\"kc-row-container  kc-container\"><div class=\"kc-wrap-columns\"><div class=\"kc-elm kc_column kc_col-sm-12\"><div class=\"kc-col-container\"><div class=\"kc-elm kc_text_block\"><\/div><\/div><\/div><\/div><\/div><\/section>\n","protected":false},"excerpt":{"rendered":"","protected":false},"author":2,"featured_media":0,"parent":1361,"menu_order":0,"comment_status":"closed","ping_status":"closed","template":"","meta":[],"yoast_head":"<!-- This site is optimized with the Yoast SEO plugin v14.7 - https:\/\/yoast.com\/wordpress\/plugins\/seo\/ -->\n<title>Estrutura Curricular - PPGH - P\u00f3s Gradua\u00e7\u00e3o em Hist\u00f3ria Unimontes<\/title>\n<meta name=\"robots\" content=\"index, follow\" \/>\n<meta name=\"googlebot\" content=\"index, follow, max-snippet:-1, max-image-preview:large, max-video-preview:-1\" \/>\n<meta name=\"bingbot\" content=\"index, follow, max-snippet:-1, max-image-preview:large, max-video-preview:-1\" \/>\n<link rel=\"canonical\" href=\"https:\/\/www.posgraduacao.unimontes.br\/ppgh\/o-programa\/estrutura-curricular\/\" \/>\n<meta property=\"og:locale\" content=\"pt_BR\" \/>\n<meta property=\"og:type\" content=\"article\" \/>\n<meta property=\"og:title\" content=\"Estrutura Curricular - PPGH - P\u00f3s Gradua\u00e7\u00e3o em Hist\u00f3ria Unimontes\" \/>\n<meta property=\"og:description\" content=\"Estrutura Curricular Mestrado: O curso de Mestrado tem a dura\u00e7\u00e3o m\u00ednima de 18 (dezoito) meses e m\u00e1xima de 24 (vinte e quatro) meses, sendo esses per\u00edodos contados da data da matr\u00edcula inicial ao dep\u00f3sito da disserta\u00e7\u00e3o. O estudante dever\u00e1 cumprir um total de 22 (vinte e dois) cr\u00e9ditos obrigat\u00f3rios, sendo 06 (seis) cr\u00e9ditos na disciplina [&hellip;]\" \/>\n<meta property=\"og:url\" content=\"https:\/\/www.posgraduacao.unimontes.br\/ppgh\/o-programa\/estrutura-curricular\/\" \/>\n<meta property=\"og:site_name\" content=\"PPGH - P\u00f3s Gradua\u00e7\u00e3o em Hist\u00f3ria Unimontes\" \/>\n<meta property=\"article:modified_time\" content=\"2023-01-09T15:56:09+00:00\" \/>\n<meta name=\"twitter:card\" content=\"summary_large_image\" \/>\n<script type=\"application\/ld+json\" class=\"yoast-schema-graph\">{\"@context\":\"https:\/\/schema.org\",\"@graph\":[{\"@type\":\"WebSite\",\"@id\":\"https:\/\/www.posgraduacao.unimontes.br\/ppgh\/#website\",\"url\":\"https:\/\/www.posgraduacao.unimontes.br\/ppgh\/\",\"name\":\"PPGH - P\\u00f3s Gradua\\u00e7\\u00e3o em Hist\\u00f3ria Unimontes\",\"description\":\"Portal da P\\u00f3s Gradua\\u00e7\\u00e3o em Hist\\u00f3ria Unimontes\",\"potentialAction\":[{\"@type\":\"SearchAction\",\"target\":\"https:\/\/www.posgraduacao.unimontes.br\/ppgh\/?s={search_term_string}\",\"query-input\":\"required name=search_term_string\"}],\"inLanguage\":\"pt-BR\"},{\"@type\":\"WebPage\",\"@id\":\"https:\/\/www.posgraduacao.unimontes.br\/ppgh\/o-programa\/estrutura-curricular\/#webpage\",\"url\":\"https:\/\/www.posgraduacao.unimontes.br\/ppgh\/o-programa\/estrutura-curricular\/\",\"name\":\"Estrutura Curricular - PPGH - P\\u00f3s Gradua\\u00e7\\u00e3o em Hist\\u00f3ria Unimontes\",\"isPartOf\":{\"@id\":\"https:\/\/www.posgraduacao.unimontes.br\/ppgh\/#website\"},\"datePublished\":\"2021-08-21T03:49:43+00:00\",\"dateModified\":\"2023-01-09T15:56:09+00:00\",\"inLanguage\":\"pt-BR\",\"potentialAction\":[{\"@type\":\"ReadAction\",\"target\":[\"https:\/\/www.posgraduacao.unimontes.br\/ppgh\/o-programa\/estrutura-curricular\/\"]}]}]}<\/script>\n<!-- \/ Yoast SEO plugin. -->","_links":{"self":[{"href":"https:\/\/www.posgraduacao.unimontes.br\/ppgh\/wp-json\/wp\/v2\/pages\/1391"}],"collection":[{"href":"https:\/\/www.posgraduacao.unimontes.br\/ppgh\/wp-json\/wp\/v2\/pages"}],"about":[{"href":"https:\/\/www.posgraduacao.unimontes.br\/ppgh\/wp-json\/wp\/v2\/types\/page"}],"author":[{"embeddable":true,"href":"https:\/\/www.posgraduacao.unimontes.br\/ppgh\/wp-json\/wp\/v2\/users\/2"}],"replies":[{"embeddable":true,"href":"https:\/\/www.posgraduacao.unimontes.br\/ppgh\/wp-json\/wp\/v2\/comments?post=1391"}],"version-history":[{"count":17,"href":"https:\/\/www.posgraduacao.unimontes.br\/ppgh\/wp-json\/wp\/v2\/pages\/1391\/revisions"}],"predecessor-version":[{"id":1432,"href":"https:\/\/www.posgraduacao.unimontes.br\/ppgh\/wp-json\/wp\/v2\/pages\/1391\/revisions\/1432"}],"up":[{"embeddable":true,"href":"https:\/\/www.posgraduacao.unimontes.br\/ppgh\/wp-json\/wp\/v2\/pages\/1361"}],"wp:attachment":[{"href":"https:\/\/www.posgraduacao.unimontes.br\/ppgh\/wp-json\/wp\/v2\/media?parent=1391"}],"curies":[{"name":"wp","href":"https:\/\/api.w.org\/{rel}","templated":true}]}}