{"id":1328,"date":"2021-06-18T15:07:22","date_gmt":"2021-06-18T18:07:22","guid":{"rendered":"https:\/\/www.posgraduacao.unimontes.br\/ppgh\/?page_id=1328"},"modified":"2021-08-31T17:47:45","modified_gmt":"2021-08-31T20:47:45","slug":"dissertacoes","status":"publish","type":"page","link":"https:\/\/www.posgraduacao.unimontes.br\/ppgh\/dissertacoes\/","title":{"rendered":"Disserta\u00e7\u00f5es"},"content":{"rendered":"<section class=\"kc-elm kc-css-84759 kc_row\"><div class=\"kc-row-container  kc-container\"><div class=\"kc-wrap-columns\"><div class=\"kc-elm kc-css-819180 kc_column kc_col-sm-12\"><div class=\"kc-col-container\"><div class=\"kc-elm kc-css-530015 kc_text_block\"><p style=\"text-align: left;\"><span style=\"color: #002060; font-family: Arial, sans-serif;\"><span style=\"font-size: 21.3333px;\">Disserta\u00e7\u00f5es Defendidas<\/span><\/span><\/p>\n<\/div><div class=\"kc-elm kc-css-40124\" style=\"height: 25px; clear: both; width:100%;\"><\/div><\/div><\/div><\/div><\/div><\/section><section class=\"kc-elm kc-css-494890 kc_row\"><div class=\"kc-row-container  kc-container\"><div class=\"kc-wrap-columns\"><div class=\"kc-elm kc-css-373845 kc_col-sm-6 kc_column kc_col-sm-6\"><div class=\"kc-col-container\"><\/div><\/div><div class=\"kc-elm kc-css-894931 kc_col-sm-6 kc_column kc_col-sm-6\"><div class=\"kc-col-container\"><\/div><\/div><\/div><\/div><\/section><section class=\"kc-elm kc-css-729792 kc_row\"><div class=\"kc-row-container  kc-container\"><div class=\"kc-wrap-columns\"><div class=\"kc-elm kc-css-579573 kc_col-of-5 kc_column kc_col-of-5\"><div class=\"kc-col-container\"><\/div><\/div><div class=\"kc-elm kc-css-679803 kc_col-sm-4 kc_column kc_col-sm-4\"><div class=\"kc-col-container\"><div class=\"kc-elm kc-css-700495 kc-icon-wrapper\">\n\t\t<a href=\"https:\/\/www.posgraduacao.unimontes.br\/ppgh\/dissertacoes\/rascuno\/\" target=\"_self\" title=\"Disserta\u00e7\u00f5es Cultura, rela\u00e7\u00f5es sociais e g\u00eanero\">\n\t\t<i class=\"et-documents\"><\/i>\n\t\t<\/a>\n\t<\/div>\n<div class=\"kc-elm kc-css-393187 kc_text_block\"><p class=\"MsoNormal\" style=\"margin-bottom: 0cm;\"><i><span style=\"font-size: 14.0pt; line-height: 115%; mso-bidi-font-family: Calibri; mso-bidi-theme-font: minor-latin; color: #7030a0;\">Linha de Pesquisa Cultura, <\/span><\/i><\/p>\n<p class=\"MsoNormal\" style=\"margin-bottom: 0cm;\"><i><span style=\"font-size: 14.0pt; line-height: 115%; mso-bidi-font-family: Calibri; mso-bidi-theme-font: minor-latin; color: #7030a0;\">rela\u00e7\u00f5es sociais e g\u00eanero<\/span><\/i><\/p>\n<p class=\"MsoNormal\" style=\"text-indent: 35.4pt;\">\n<\/div><\/div><\/div><div class=\"kc-elm kc-css-435166 kc_col-sm-4 kc_column kc_col-sm-4\"><div class=\"kc-col-container\"><div class=\"kc-elm kc-css-497226 kc-icon-wrapper\">\n\t\t<a href=\"https:\/\/www.posgraduacao.unimontes.br\/ppgh\/dissertacoes\/dissertacoes-poder-trabalho-e-identidades\/\" target=\"_self\" title=\"Disserta\u00e7\u00f5es Poder, Trabalho e Identidades\">\n\t\t<i class=\"et-documents\"><\/i>\n\t\t<\/a>\n\t<\/div>\n<div class=\"kc-elm kc-css-742537 kc_text_block\"><p class=\"MsoNormal\" style=\"margin-bottom: 0cm;\"><i><span style=\"font-size: 14.0pt; mso-bidi-font-family: Calibri; mso-bidi-theme-font: minor-latin; color: #7030a0;\">Linha de Pesquisa Poder,<\/span><\/i><\/p>\n<p class=\"MsoNormal\" style=\"margin-bottom: 0cm;\"><i><span style=\"font-size: 14.0pt; mso-bidi-font-family: Calibri; mso-bidi-theme-font: minor-latin; color: #7030a0;\">Trabalho e identidades<\/span><\/i><\/p>\n<p class=\"MsoNormal\" style=\"text-indent: 35.4pt;\">\n<\/div><\/div><\/div><div class=\"kc-elm kc-css-185265 kc_col-of-5 kc_column kc_col-of-5\"><div class=\"kc-col-container\"><\/div><\/div><\/div><\/div><\/section><section class=\"kc-elm kc_row\"><div class=\"kc-row-container  kc-container\"><div class=\"kc-wrap-columns\"><div class=\"kc-elm kc-css-554640 kc_col-sm-12 kc_column kc_col-sm-12\"><div class=\"kc-col-container\"><div class=\"kc-elm kc_text_block\"><\/div><\/div><\/div><\/div><\/div><\/section>\n","protected":false},"excerpt":{"rendered":"","protected":false},"author":2,"featured_media":0,"parent":0,"menu_order":0,"comment_status":"closed","ping_status":"closed","template":"","meta":[],"yoast_head":"<!-- This site is optimized with the Yoast SEO plugin v14.7 - https:\/\/yoast.com\/wordpress\/plugins\/seo\/ -->\n<title>Disserta\u00e7\u00f5es - PPGH - P\u00f3s Gradua\u00e7\u00e3o em Hist\u00f3ria Unimontes<\/title>\n<meta name=\"robots\" content=\"index, follow\" \/>\n<meta name=\"googlebot\" content=\"index, follow, max-snippet:-1, max-image-preview:large, max-video-preview:-1\" \/>\n<meta name=\"bingbot\" content=\"index, follow, max-snippet:-1, max-image-preview:large, max-video-preview:-1\" \/>\n<link rel=\"canonical\" href=\"https:\/\/www.posgraduacao.unimontes.br\/ppgh\/dissertacoes\/\" \/>\n<meta property=\"og:locale\" content=\"pt_BR\" \/>\n<meta property=\"og:type\" content=\"article\" \/>\n<meta property=\"og:title\" content=\"Disserta\u00e7\u00f5es - PPGH - P\u00f3s Gradua\u00e7\u00e3o em Hist\u00f3ria Unimontes\" \/>\n<meta property=\"og:description\" content=\"Disserta\u00e7\u00f5es Defendidas Linha de Pesquisa Cultura, rela\u00e7\u00f5es sociais e g\u00eanero Linha de Pesquisa Poder, Trabalho e identidades\" \/>\n<meta property=\"og:url\" content=\"https:\/\/www.posgraduacao.unimontes.br\/ppgh\/dissertacoes\/\" \/>\n<meta property=\"og:site_name\" content=\"PPGH - P\u00f3s Gradua\u00e7\u00e3o em Hist\u00f3ria Unimontes\" \/>\n<meta property=\"article:modified_time\" content=\"2021-08-31T20:47:45+00:00\" \/>\n<meta name=\"twitter:card\" content=\"summary_large_image\" \/>\n<script type=\"application\/ld+json\" class=\"yoast-schema-graph\">{\"@context\":\"https:\/\/schema.org\",\"@graph\":[{\"@type\":\"WebSite\",\"@id\":\"https:\/\/www.posgraduacao.unimontes.br\/ppgh\/#website\",\"url\":\"https:\/\/www.posgraduacao.unimontes.br\/ppgh\/\",\"name\":\"PPGH - P\\u00f3s Gradua\\u00e7\\u00e3o em Hist\\u00f3ria Unimontes\",\"description\":\"Portal da P\\u00f3s Gradua\\u00e7\\u00e3o em Hist\\u00f3ria Unimontes\",\"potentialAction\":[{\"@type\":\"SearchAction\",\"target\":\"https:\/\/www.posgraduacao.unimontes.br\/ppgh\/?s={search_term_string}\",\"query-input\":\"required name=search_term_string\"}],\"inLanguage\":\"pt-BR\"},{\"@type\":\"WebPage\",\"@id\":\"https:\/\/www.posgraduacao.unimontes.br\/ppgh\/dissertacoes\/#webpage\",\"url\":\"https:\/\/www.posgraduacao.unimontes.br\/ppgh\/dissertacoes\/\",\"name\":\"Disserta\\u00e7\\u00f5es - PPGH - P\\u00f3s Gradua\\u00e7\\u00e3o em Hist\\u00f3ria Unimontes\",\"isPartOf\":{\"@id\":\"https:\/\/www.posgraduacao.unimontes.br\/ppgh\/#website\"},\"datePublished\":\"2021-06-18T18:07:22+00:00\",\"dateModified\":\"2021-08-31T20:47:45+00:00\",\"inLanguage\":\"pt-BR\",\"potentialAction\":[{\"@type\":\"ReadAction\",\"target\":[\"https:\/\/www.posgraduacao.unimontes.br\/ppgh\/dissertacoes\/\"]}]}]}<\/script>\n<!-- \/ Yoast SEO plugin. -->","_links":{"self":[{"href":"https:\/\/www.posgraduacao.unimontes.br\/ppgh\/wp-json\/wp\/v2\/pages\/1328"}],"collection":[{"href":"https:\/\/www.posgraduacao.unimontes.br\/ppgh\/wp-json\/wp\/v2\/pages"}],"about":[{"href":"https:\/\/www.posgraduacao.unimontes.br\/ppgh\/wp-json\/wp\/v2\/types\/page"}],"author":[{"embeddable":true,"href":"https:\/\/www.posgraduacao.unimontes.br\/ppgh\/wp-json\/wp\/v2\/users\/2"}],"replies":[{"embeddable":true,"href":"https:\/\/www.posgraduacao.unimontes.br\/ppgh\/wp-json\/wp\/v2\/comments?post=1328"}],"version-history":[{"count":12,"href":"https:\/\/www.posgraduacao.unimontes.br\/ppgh\/wp-json\/wp\/v2\/pages\/1328\/revisions"}],"predecessor-version":[{"id":1737,"href":"https:\/\/www.posgraduacao.unimontes.br\/ppgh\/wp-json\/wp\/v2\/pages\/1328\/revisions\/1737"}],"wp:attachment":[{"href":"https:\/\/www.posgraduacao.unimontes.br\/ppgh\/wp-json\/wp\/v2\/media?parent=1328"}],"curies":[{"name":"wp","href":"https:\/\/api.w.org\/{rel}","templated":true}]}}