{"id":305,"date":"2017-04-27T16:53:56","date_gmt":"2017-04-27T19:53:56","guid":{"rendered":"http:\/\/www.posgraduacao.unimontes.br\/ppgeo\/?page_id=305"},"modified":"2017-04-27T16:55:08","modified_gmt":"2017-04-27T19:55:08","slug":"labegeoep","status":"publish","type":"page","link":"https:\/\/www.posgraduacao.unimontes.br\/ppgeo\/labegeoep\/","title":{"rendered":"Laborat\u00f3rio de Educa\u00e7\u00e3o Geogr\u00e1fica e Estudos populacionais &#8211; LABEGEOEP"},"content":{"rendered":"<p>A Equipe do Laborat\u00f3rio \u00e9 constitu\u00edda por professores da gradua\u00e7\u00e3o e do mestrado em geografia, bem como estagi\u00e1rios e bolsistas de Inicia\u00e7\u00e3o Cient\u00edfica. Os integrantes desenvolvem projetos diversos, entre eles: o Projeto de Extens\u00e3o: \u201cPr\u00e1ticas pedag\u00f3gicas: reflex\u00e3o e a\u00e7\u00e3o da Licenciatura em Geografia na Unimontes\u201d.<\/p>\n<p>&nbsp;<\/p>\n<p>J\u00e1 o projeto: \u201cLog\u00edstica de transportes nos sistemas agroindustriais: a cadeia de exporta\u00e7\u00e3o da soja no Brasil\u201d, desenvolve-se em parceria com docente da Universidade Federal de Uberl\u00e2ndia (UFU).<\/p>\n<p>Seus pesquisadores objetivam estudar as intera\u00e7\u00f5es espaciais das redes de exporta\u00e7\u00f5es de soja e derivados no Brasil, que \u00e9 um importante subsetor na cadeia de commodities agr\u00edcolas, sendo transportadas por diferentes infraestruturas e servi\u00e7os log\u00edsticos de transportes para atender as demandas dos mercados internacionais.<\/p>\n<p>Este projeto conta com a participa\u00e7\u00e3o de dois bolsistas de Inicia\u00e7\u00e3o Cient\u00edfica. Das atividades em curso tem-se leitura, levantamento de dados e escrita de trabalhos cient\u00edficos que ser\u00e3o publicados.<\/p>\n","protected":false},"excerpt":{"rendered":"<p>A Equipe do Laborat\u00f3rio \u00e9 constitu\u00edda por professores da gradua\u00e7\u00e3o e do mestrado em geografia, bem como estagi\u00e1rios e bolsistas de Inicia\u00e7\u00e3o Cient\u00edfica. Os integrantes desenvolvem projetos diversos, entre eles: o Projeto de Extens\u00e3o: \u201cPr\u00e1ticas pedag\u00f3gicas: reflex\u00e3o e a\u00e7\u00e3o da Licenciatura em Geografia na Unimontes\u201d. &nbsp; J\u00e1 o projeto: \u201cLog\u00edstica de transportes nos sistemas agroindustriais: [&hellip;]<\/p>\n","protected":false},"author":4,"featured_media":0,"parent":0,"menu_order":0,"comment_status":"closed","ping_status":"closed","template":"","meta":[],"yoast_head":"<!-- This site is optimized with the Yoast SEO plugin v14.7 - https:\/\/yoast.com\/wordpress\/plugins\/seo\/ -->\n<title>Laborat\u00f3rio de Educa\u00e7\u00e3o Geogr\u00e1fica e Estudos populacionais - LABEGEOEP -<\/title>\n<meta name=\"robots\" content=\"index, follow\" \/>\n<meta name=\"googlebot\" content=\"index, follow, max-snippet:-1, max-image-preview:large, max-video-preview:-1\" \/>\n<meta name=\"bingbot\" content=\"index, follow, max-snippet:-1, max-image-preview:large, max-video-preview:-1\" \/>\n<link rel=\"canonical\" href=\"https:\/\/www.posgraduacao.unimontes.br\/ppgeo\/labegeoep\/\" \/>\n<meta property=\"og:locale\" content=\"pt_BR\" \/>\n<meta property=\"og:type\" content=\"article\" \/>\n<meta property=\"og:title\" content=\"Laborat\u00f3rio de Educa\u00e7\u00e3o Geogr\u00e1fica e Estudos populacionais - LABEGEOEP -\" \/>\n<meta property=\"og:description\" content=\"A Equipe do Laborat\u00f3rio \u00e9 constitu\u00edda por professores da gradua\u00e7\u00e3o e do mestrado em geografia, bem como estagi\u00e1rios e bolsistas de Inicia\u00e7\u00e3o Cient\u00edfica. Os integrantes desenvolvem projetos diversos, entre eles: o Projeto de Extens\u00e3o: \u201cPr\u00e1ticas pedag\u00f3gicas: reflex\u00e3o e a\u00e7\u00e3o da Licenciatura em Geografia na Unimontes\u201d. &nbsp; J\u00e1 o projeto: \u201cLog\u00edstica de transportes nos sistemas agroindustriais: [&hellip;]\" \/>\n<meta property=\"og:url\" content=\"https:\/\/www.posgraduacao.unimontes.br\/ppgeo\/labegeoep\/\" \/>\n<meta property=\"article:modified_time\" content=\"2017-04-27T19:55:08+00:00\" \/>\n<meta name=\"twitter:card\" content=\"summary_large_image\" \/>\n<script type=\"application\/ld+json\" class=\"yoast-schema-graph\">{\"@context\":\"https:\/\/schema.org\",\"@graph\":[{\"@type\":\"WebSite\",\"@id\":\"https:\/\/www.posgraduacao.unimontes.br\/ppgeo\/#website\",\"url\":\"https:\/\/www.posgraduacao.unimontes.br\/ppgeo\/\",\"name\":\"\",\"description\":\"\",\"potentialAction\":[{\"@type\":\"SearchAction\",\"target\":\"https:\/\/www.posgraduacao.unimontes.br\/ppgeo\/?s={search_term_string}\",\"query-input\":\"required name=search_term_string\"}],\"inLanguage\":\"pt-BR\"},{\"@type\":\"WebPage\",\"@id\":\"https:\/\/www.posgraduacao.unimontes.br\/ppgeo\/labegeoep\/#webpage\",\"url\":\"https:\/\/www.posgraduacao.unimontes.br\/ppgeo\/labegeoep\/\",\"name\":\"Laborat\\u00f3rio de Educa\\u00e7\\u00e3o Geogr\\u00e1fica e Estudos populacionais - LABEGEOEP -\",\"isPartOf\":{\"@id\":\"https:\/\/www.posgraduacao.unimontes.br\/ppgeo\/#website\"},\"datePublished\":\"2017-04-27T19:53:56+00:00\",\"dateModified\":\"2017-04-27T19:55:08+00:00\",\"inLanguage\":\"pt-BR\",\"potentialAction\":[{\"@type\":\"ReadAction\",\"target\":[\"https:\/\/www.posgraduacao.unimontes.br\/ppgeo\/labegeoep\/\"]}]}]}<\/script>\n<!-- \/ Yoast SEO plugin. -->","_links":{"self":[{"href":"https:\/\/www.posgraduacao.unimontes.br\/ppgeo\/wp-json\/wp\/v2\/pages\/305"}],"collection":[{"href":"https:\/\/www.posgraduacao.unimontes.br\/ppgeo\/wp-json\/wp\/v2\/pages"}],"about":[{"href":"https:\/\/www.posgraduacao.unimontes.br\/ppgeo\/wp-json\/wp\/v2\/types\/page"}],"author":[{"embeddable":true,"href":"https:\/\/www.posgraduacao.unimontes.br\/ppgeo\/wp-json\/wp\/v2\/users\/4"}],"replies":[{"embeddable":true,"href":"https:\/\/www.posgraduacao.unimontes.br\/ppgeo\/wp-json\/wp\/v2\/comments?post=305"}],"version-history":[{"count":1,"href":"https:\/\/www.posgraduacao.unimontes.br\/ppgeo\/wp-json\/wp\/v2\/pages\/305\/revisions"}],"predecessor-version":[{"id":306,"href":"https:\/\/www.posgraduacao.unimontes.br\/ppgeo\/wp-json\/wp\/v2\/pages\/305\/revisions\/306"}],"wp:attachment":[{"href":"https:\/\/www.posgraduacao.unimontes.br\/ppgeo\/wp-json\/wp\/v2\/media?parent=305"}],"curies":[{"name":"wp","href":"https:\/\/api.w.org\/{rel}","templated":true}]}}