{"id":2787,"date":"2022-11-14T11:11:27","date_gmt":"2022-11-14T14:11:27","guid":{"rendered":"https:\/\/www.posgraduacao.unimontes.br\/ppgeo\/?page_id=2787"},"modified":"2022-11-25T18:17:23","modified_gmt":"2022-11-25T21:17:23","slug":"especializacao","status":"publish","type":"page","link":"https:\/\/www.posgraduacao.unimontes.br\/ppgeo\/especializacao\/","title":{"rendered":"Especializa\u00e7\u00e3o"},"content":{"rendered":"<section class=\"kc-elm kc-css-87095 kc_row\"><div class=\"kc-row-container  kc-container\"><div class=\"kc-wrap-columns\"><div class=\"kc-elm kc-css-450142 kc_col-sm-12 kc_column kc_col-sm-12\"><div class=\"kc-col-container\"><div class=\"kc-elm kc-css-878936 kc_text_block\"><p class=\"MsoNormal\" style=\"text-align: center; text-indent: 0cm;\" align=\"center\"><b><span style=\"color: #4472c4; mso-themecolor: accent1;\">ESPECIALIZA\u00c7\u00c3O LATO SENSU<br \/>\nQUEST\u00c3O AGR\u00c1RIA, AMBIENTAL E TERRIT\u00d3RIOS &#8211; UNIMONTES 01\/2022<\/span><\/b><\/p>\n<p class=\"MsoNormal\" style=\"text-align: center;\">O Departamento de Geoci\u00eancias do Centro de Ci\u00eancias Humanas da Universidade Estadual de Montes Claros \u2013 Unimontes, no uso de suas atribui\u00e7\u00f5es regimentais e da legisla\u00e7\u00e3o vigente, torna p\u00fablico o presente edital de abertura de inscri\u00e7\u00f5es para candidatos ao Processo Seletivo dos Cursos de P\u00f3s-Gradua\u00e7\u00e3o em n\u00edvel de Especializa\u00e7\u00e3o Lato Sensu, na modalidade Semipresencial, de Especializa\u00e7\u00e3o em: Quest\u00e3o Agr\u00e1ria, Ambiental e Territ\u00f3rios, no munic\u00edpio de Montes Claros\/MG, especificados no item 2, deste Edital, na modalidade de Semipresencial (Pedagogia da Altern\u00e2ncia) com o apoio do Centro de Educa\u00e7\u00e3o a Dist\u00e2ncia da Unimontes e do N\u00facleo de Estudos e Pesquisas Regionais e Agr\u00e1rios-NEPRA do PPGEO \u2013 Unimontes.<\/p>\n<\/div><\/div><\/div><\/div><\/div><\/section><section class=\"kc-elm kc-css-52237 kc_row\"><div class=\"kc-row-container  kc-container\"><div class=\"kc-wrap-columns\"><div class=\"kc-elm kc-css-625645 kc_col-sm-6 kc_column kc_col-sm-6\"><div class=\"kc-col-container\"><div class=\"kc-elm kc-css-723701\">\n\t<div class=\"kc-carousel_images kc-elm kc-css-723701\">\n\t\n\t\t<div class=\"kc-carousel-images owl-carousel-images kc-sync1 \" data-owl-i-options='{\"items\":\"1\",\"tablet\":\"2\",\"mobile\":\"1\",\"speed\":\"500\",\"navigation\":\"\",\"pagination\":\"yes\",\"autoheight\":\"yes\",\"progressbar\":\"\",\"delay\":\"8\",\"autoplay\":\"yes\",\"showthumb\":\"\",\"num_thumb\":\"5\"}'>\n\t\n\t\t\t\t\t<div class=\"item\">\n\t\n\t\t\t<a href=\"https:\/\/unimontes.br\/edital\/especializacao-lato-sensu-em-questao-agraria-ambiental-e-territorios\/\" target=\"_blank\"><img src=\"https:\/\/www.posgraduacao.unimontes.br\/uploads\/sites\/7\/2022\/11\/nepra_espec.png\" alt=\"\" \/><\/a>\t\n\t\t\t<\/div>\n\t\n\t\t\t\n\t\t<\/div>\n\t\n\t\t\t<\/div>\n<\/div>\n<\/div><\/div><div class=\"kc-elm kc-css-918246 kc_col-sm-6 kc_column kc_col-sm-6\"><div class=\"kc-col-container\"><div class=\"kc-elm kc-css-857535 kc_text_block\"><table class=\"TableNormal\" style=\"margin-left: 42.8pt; border-collapse: collapse; mso-table-layout-alt: fixed; border: none; mso-border-alt: solid black .5pt; mso-yfti-tbllook: 480; mso-padding-alt: 0cm 0cm 0cm 0cm; mso-border-insideh: .5pt solid black; mso-border-insidev: .5pt solid black;\" border=\"1\" width=\"585\" cellspacing=\"0\" cellpadding=\"0\">\n<tbody>\n<tr style=\"mso-yfti-irow: 0; mso-yfti-firstrow: yes; height: 11.45pt;\">\n<td style=\"width: 438.9pt; border: solid black 1.0pt; mso-border-alt: solid black .5pt; background: #BDBDBD; padding: 0cm 0cm 0cm 0cm; height: 11.45pt;\" colspan=\"3\" valign=\"top\" width=\"585\">\n<p class=\"TableParagraph\" style=\"margin-left: 0cm; text-align: center; line-height: 10.6pt; mso-line-height-rule: exactly;\" align=\"center\"><b><span style=\"color: black; mso-color-alt: windowtext;\">CRONOGRAMA DE DATAS<\/span><\/b><\/p>\n<\/td>\n<\/tr>\n<tr style=\"mso-yfti-irow: 1; height: 12.55pt;\">\n<td style=\"width: 249.1pt; border: solid black 1.0pt; border-top: none; mso-border-top-alt: solid #BDBDBD 1.5pt; mso-border-alt: solid black .5pt; padding: 0cm 0cm 0cm 0cm; height: 12.55pt;\" valign=\"top\" width=\"332\">\n<p class=\"TableParagraph\" style=\"margin-left: 0cm; text-align: center; line-height: 11.65pt; mso-line-height-rule: exactly;\" align=\"center\"><b>Evento<\/b><\/p>\n<\/td>\n<td style=\"width: 118.95pt; border-top: none; border-left: none; border-bottom: solid black 1.0pt; border-right: solid black 1.0pt; mso-border-top-alt: solid #BDBDBD 1.5pt; mso-border-left-alt: solid black .5pt; mso-border-alt: solid black .5pt; padding: 0cm 0cm 0cm 0cm; height: 12.55pt;\" valign=\"top\" width=\"159\">\n<p class=\"TableParagraph\" style=\"margin-left: 0cm; text-align: center; line-height: 11.65pt; mso-line-height-rule: exactly;\" align=\"center\"><b>Data<\/b><\/p>\n<\/td>\n<td style=\"width: 70.85pt; border-top: none; border-left: none; border-bottom: solid black 1.0pt; border-right: solid black 1.0pt; mso-border-top-alt: solid #BDBDBD 1.5pt; mso-border-left-alt: solid black .5pt; mso-border-alt: solid black .5pt; padding: 0cm 0cm 0cm 0cm; height: 12.55pt;\" valign=\"top\" width=\"94\">\n<p class=\"TableParagraph\" style=\"margin-left: 0cm; text-align: center; line-height: 11.65pt; mso-line-height-rule: exactly;\" align=\"center\"><b>Resultado<\/b><\/p>\n<\/td>\n<\/tr>\n<tr style=\"mso-yfti-irow: 2; height: 12.45pt;\">\n<td style=\"width: 249.1pt; border: solid black 1.0pt; border-top: none; mso-border-top-alt: solid black .5pt; mso-border-alt: solid black .5pt; padding: 0cm 0cm 0cm 0cm; height: 12.45pt;\" valign=\"top\" width=\"332\">\n<p class=\"TableParagraph\">Publica\u00e7\u00e3o do Edital<\/p>\n<\/td>\n<td style=\"width: 118.95pt; border-top: none; border-left: none; border-bottom: solid black 1.0pt; border-right: solid black 1.0pt; mso-border-top-alt: solid black .5pt; mso-border-left-alt: solid black .5pt; mso-border-alt: solid black .5pt; padding: 0cm 0cm 0cm 0cm; height: 12.45pt;\" valign=\"top\" width=\"159\">\n<p class=\"TableParagraph\" style=\"margin-left: 5.6pt;\">24\/10\/2022<\/p>\n<\/td>\n<td style=\"width: 70.85pt; border-top: none; border-left: none; border-bottom: solid black 1.0pt; border-right: solid black 1.0pt; mso-border-top-alt: solid black .5pt; mso-border-left-alt: solid black .5pt; mso-border-alt: solid black .5pt; padding: 0cm 0cm 0cm 0cm; height: 12.45pt;\" valign=\"top\" width=\"94\">\n<p class=\"TableParagraph\" style=\"margin-left: 5.6pt; text-align: center;\"><strong><a href=\"https:\/\/unimontes.br\/edital\/especializacao-lato-sensu-em-questao-agraria-ambiental-e-territorios\/\">Acessar<\/a><\/strong><\/p>\n<\/td>\n<\/tr>\n<tr style=\"mso-yfti-irow: 3; height: 12.45pt;\">\n<td style=\"width: 249.1pt; border: solid black 1.0pt; border-top: none; mso-border-top-alt: solid black .5pt; mso-border-alt: solid black .5pt; padding: 0cm 0cm 0cm 0cm; height: 12.45pt;\" valign=\"top\" width=\"332\">\n<p class=\"TableParagraph\">Inscri\u00e7\u00f5es<\/p>\n<\/td>\n<td style=\"width: 118.95pt; border-top: none; border-left: none; border-bottom: solid black 1.0pt; border-right: solid black 1.0pt; mso-border-top-alt: solid black .5pt; mso-border-left-alt: solid black .5pt; mso-border-alt: solid black .5pt; padding: 0cm 0cm 0cm 0cm; height: 12.45pt;\" valign=\"top\" width=\"159\">\n<p class=\"TableParagraph\" style=\"margin-left: 5.6pt;\">25\/10 a 13\/11\/2022<\/p>\n<\/td>\n<td style=\"width: 70.85pt; border-top: none; border-left: none; border-bottom: solid black 1.0pt; border-right: solid black 1.0pt; mso-border-top-alt: solid black .5pt; mso-border-left-alt: solid black .5pt; mso-border-alt: solid black .5pt; padding: 0cm 0cm 0cm 0cm; height: 12.45pt;\" valign=\"top\" width=\"94\">\n<p class=\"TableParagraph\" style=\"margin-left: 5.6pt; text-align: center;\">Conclu\u00eddo<\/p>\n<\/td>\n<\/tr>\n<tr style=\"mso-yfti-irow: 4; height: 12.6pt;\">\n<td style=\"width: 249.1pt; border: solid black 1.0pt; border-top: none; mso-border-top-alt: solid black .5pt; mso-border-alt: solid black .5pt; padding: 0cm 0cm 0cm 0cm; height: 12.6pt;\" valign=\"top\" width=\"332\">\n<p class=\"TableParagraph\" style=\"line-height: 11.7pt; mso-line-height-rule: exactly;\">Homologa\u00e7\u00e3o das inscri\u00e7\u00f5es<\/p>\n<\/td>\n<td style=\"width: 118.95pt; border-top: none; border-left: none; border-bottom: solid black 1.0pt; border-right: solid black 1.0pt; mso-border-top-alt: solid black .5pt; mso-border-left-alt: solid black .5pt; mso-border-alt: solid black .5pt; padding: 0cm 0cm 0cm 0cm; height: 12.6pt;\" valign=\"top\" width=\"159\">\n<p class=\"TableParagraph\" style=\"margin-left: 5.6pt; line-height: 11.7pt; mso-line-height-rule: exactly;\">14\/11\/2022<\/p>\n<\/td>\n<td style=\"width: 70.85pt; border-top: none; border-left: none; border-bottom: solid black 1.0pt; border-right: solid black 1.0pt; mso-border-top-alt: solid black .5pt; mso-border-left-alt: solid black .5pt; mso-border-alt: solid black .5pt; padding: 0cm 0cm 0cm 0cm; height: 12.6pt;\" valign=\"top\" width=\"94\">\n<p class=\"TableParagraph\" style=\"margin-left: 5.6pt; line-height: 11.7pt; text-align: center;\"><strong><a href=\"http:\/\/www.posgraduacao.unimontes.br\/uploads\/sites\/7\/2022\/11\/HOMOLOGA\u00c7\u00c3O-DAS-INSCRI\u00c7\u00d5ES-1_.pdf\">Acessar<\/a><\/strong><\/p>\n<\/td>\n<\/tr>\n<tr style=\"mso-yfti-irow: 5; height: 23.15pt;\">\n<td style=\"width: 249.1pt; border: solid black 1.0pt; border-top: none; mso-border-top-alt: solid black .5pt; mso-border-alt: solid black .5pt; padding: 0cm 0cm 0cm 0cm; height: 23.15pt;\" valign=\"top\" width=\"332\">\n<p class=\"TableParagraph\" style=\"margin: .05pt 21.4pt .0001pt 3.45pt;\">Interposi\u00e7\u00e3o de recursos interpostos \u00e0 Coordena\u00e7\u00e3o (atrav\u00e9s do e-mail: <a href=\"mailto:nepra@unimontes.br\"><span style=\"color: blue;\">nepra@unimontes.br<\/span><\/a>)<\/p>\n<\/td>\n<td style=\"width: 118.95pt; border-top: none; border-left: none; border-bottom: solid black 1.0pt; border-right: solid black 1.0pt; mso-border-top-alt: solid black .5pt; mso-border-left-alt: solid black .5pt; mso-border-alt: solid black .5pt; padding: 0cm 0cm 0cm 0cm; height: 23.15pt;\" valign=\"top\" width=\"159\">\n<p class=\"TableParagraph\" style=\"margin-left: 5.6pt; line-height: 11.7pt; mso-line-height-rule: exactly;\">14\/11 a 16\/11\/2022<\/p>\n<\/td>\n<td style=\"width: 70.85pt; border-top: none; border-left: none; border-bottom: solid black 1.0pt; border-right: solid black 1.0pt; mso-border-top-alt: solid black .5pt; mso-border-left-alt: solid black .5pt; mso-border-alt: solid black .5pt; padding: 0cm 0cm 0cm 0cm; height: 23.15pt;\" valign=\"top\" width=\"94\">\n<p class=\"TableParagraph\" style=\"margin-left: 5.6pt; line-height: 11.7pt; text-align: center;\">\u00a0Conclu\u00eddo<\/p>\n<\/td>\n<\/tr>\n<tr style=\"mso-yfti-irow: 6; height: 12.45pt;\">\n<td style=\"width: 249.1pt; border: solid black 1.0pt; border-top: none; mso-border-top-alt: solid black .5pt; mso-border-alt: solid black .5pt; padding: 0cm 0cm 0cm 0cm; height: 12.45pt;\" valign=\"top\" width=\"332\">\n<p class=\"TableParagraph\">Divulga\u00e7\u00e3o dos resultados de recursos<\/p>\n<\/td>\n<td style=\"width: 118.95pt; border-top: none; border-left: none; border-bottom: solid black 1.0pt; border-right: solid black 1.0pt; mso-border-top-alt: solid black .5pt; mso-border-left-alt: solid black .5pt; mso-border-alt: solid black .5pt; padding: 0cm 0cm 0cm 0cm; height: 12.45pt;\" valign=\"top\" width=\"159\">\n<p class=\"TableParagraph\" style=\"margin-left: 5.6pt;\">17\/11\/2022<\/p>\n<\/td>\n<td style=\"width: 70.85pt; border-top: none; border-left: none; border-bottom: solid black 1.0pt; border-right: solid black 1.0pt; mso-border-top-alt: solid black .5pt; mso-border-left-alt: solid black .5pt; mso-border-alt: solid black .5pt; padding: 0cm 0cm 0cm 0cm; height: 12.45pt;\" valign=\"top\" width=\"94\">\n<p class=\"TableParagraph\" style=\"margin-left: 5.6pt; text-align: center;\"><strong><a href=\"https:\/\/www.posgraduacao.unimontes.br\/uploads\/sites\/7\/2022\/11\/RESULTADO-INTERPOSI%C3%87%C3%83O-DE-RECURSOS.pdf\">Acessar<\/a><\/strong><\/p>\n<\/td>\n<\/tr>\n<tr style=\"mso-yfti-irow: 7; height: 12.6pt;\">\n<td style=\"width: 249.1pt; border: solid black 1.0pt; border-top: none; mso-border-top-alt: solid black .5pt; mso-border-alt: solid black .5pt; padding: 0cm 0cm 0cm 0cm; height: 12.6pt;\" valign=\"top\" width=\"332\">\n<p class=\"TableParagraph\" style=\"line-height: 11.7pt; mso-line-height-rule: exactly;\">Publica\u00e7\u00e3o Preliminar das candidaturas aprovadas<\/p>\n<\/td>\n<td style=\"width: 118.95pt; border-top: none; border-left: none; border-bottom: solid black 1.0pt; border-right: solid black 1.0pt; mso-border-top-alt: solid black .5pt; mso-border-left-alt: solid black .5pt; mso-border-alt: solid black .5pt; padding: 0cm 0cm 0cm 0cm; height: 12.6pt;\" valign=\"top\" width=\"159\">\n<p class=\"TableParagraph\" style=\"margin-left: 5.6pt; line-height: 11.7pt; mso-line-height-rule: exactly;\">17\/11\/2022<\/p>\n<\/td>\n<td style=\"width: 70.85pt; border-top: none; border-left: none; border-bottom: solid black 1.0pt; border-right: solid black 1.0pt; mso-border-top-alt: solid black .5pt; mso-border-left-alt: solid black .5pt; mso-border-alt: solid black .5pt; padding: 0cm 0cm 0cm 0cm; height: 12.6pt;\" valign=\"top\" width=\"94\">\n<p class=\"TableParagraph\" style=\"margin-left: 5.6pt; line-height: 11.7pt; text-align: center;\"><strong><a href=\"https:\/\/www.posgraduacao.unimontes.br\/uploads\/sites\/7\/2022\/11\/RESULTADO-PRELIMINAR-3.pdf\">Acessar<\/a><\/strong><\/p>\n<\/td>\n<\/tr>\n<tr style=\"mso-yfti-irow: 8; height: 12.45pt;\">\n<td style=\"width: 249.1pt; border: solid black 1.0pt; border-top: none; mso-border-top-alt: solid black .5pt; mso-border-alt: solid black .5pt; padding: 0cm 0cm 0cm 0cm; height: 12.45pt;\" valign=\"top\" width=\"332\">\n<p class=\"TableParagraph\">Prazo para interposi\u00e7\u00e3o de recursos<\/p>\n<\/td>\n<td style=\"width: 118.95pt; border-top: none; border-left: none; border-bottom: solid black 1.0pt; border-right: solid black 1.0pt; mso-border-top-alt: solid black .5pt; mso-border-left-alt: solid black .5pt; mso-border-alt: solid black .5pt; padding: 0cm 0cm 0cm 0cm; height: 12.45pt;\" valign=\"top\" width=\"159\">\n<p class=\"TableParagraph\" style=\"margin-left: 5.6pt;\">17\/11 a 20\/11\/2022<\/p>\n<\/td>\n<td style=\"width: 70.85pt; border-top: none; border-left: none; border-bottom: solid black 1.0pt; border-right: solid black 1.0pt; mso-border-top-alt: solid black .5pt; mso-border-left-alt: solid black .5pt; mso-border-alt: solid black .5pt; padding: 0cm 0cm 0cm 0cm; height: 12.45pt;\" valign=\"top\" width=\"94\">\n<p class=\"TableParagraph\" style=\"margin-left: 5.6pt;\">Conclu\u00eddo<\/p>\n<\/td>\n<\/tr>\n<tr style=\"mso-yfti-irow: 9; height: 12.45pt;\">\n<td style=\"width: 249.1pt; border: solid black 1.0pt; border-top: none; mso-border-top-alt: solid black .5pt; mso-border-alt: solid black .5pt; padding: 0cm 0cm 0cm 0cm; height: 12.45pt;\" valign=\"top\" width=\"332\">\n<p class=\"TableParagraph\">Divulga\u00e7\u00e3o dos resultados de recursos<\/p>\n<\/td>\n<td style=\"width: 118.95pt; border-top: none; border-left: none; border-bottom: solid black 1.0pt; border-right: solid black 1.0pt; mso-border-top-alt: solid black .5pt; mso-border-left-alt: solid black .5pt; mso-border-alt: solid black .5pt; padding: 0cm 0cm 0cm 0cm; height: 12.45pt;\" valign=\"top\" width=\"159\">\n<p class=\"TableParagraph\" style=\"margin-left: 5.6pt;\">21\/11\/2022<\/p>\n<\/td>\n<td style=\"width: 70.85pt; border-top: none; border-left: none; border-bottom: solid black 1.0pt; border-right: solid black 1.0pt; mso-border-top-alt: solid black .5pt; mso-border-left-alt: solid black .5pt; mso-border-alt: solid black .5pt; padding: 0cm 0cm 0cm 0cm; height: 12.45pt;\" valign=\"top\" width=\"94\">\n<p class=\"TableParagraph\" style=\"margin-left: 5.6pt; text-align: center;\"><strong><a href=\"https:\/\/www.posgraduacao.unimontes.br\/uploads\/sites\/7\/2022\/11\/RESULTADO-INTERPOSI%C3%87%C3%83O-DE-RECURSOS-21-11-2022.pdf\">Acessar<\/a><\/strong><\/p>\n<\/td>\n<\/tr>\n<tr style=\"mso-yfti-irow: 10; height: 12.5pt;\">\n<td style=\"width: 249.1pt; border: solid black 1.0pt; border-top: none; mso-border-top-alt: solid black .5pt; mso-border-alt: solid black .5pt; padding: 0cm 0cm 0cm 0cm; height: 12.5pt;\" valign=\"top\" width=\"332\">\n<p class=\"TableParagraph\"><em><strong>Resultado de final<\/strong><\/em><\/p>\n<\/td>\n<td style=\"width: 118.95pt; border-top: none; border-left: none; border-bottom: solid black 1.0pt; border-right: solid black 1.0pt; mso-border-top-alt: solid black .5pt; mso-border-left-alt: solid black .5pt; mso-border-alt: solid black .5pt; padding: 0cm 0cm 0cm 0cm; height: 12.5pt;\" valign=\"top\" width=\"159\">\n<p class=\"TableParagraph\" style=\"margin-left: 5.6pt;\"><em><strong>21\/11\/2022<\/strong><\/em><\/p>\n<\/td>\n<td style=\"width: 70.85pt; border-top: none; border-left: none; border-bottom: solid black 1.0pt; border-right: solid black 1.0pt; mso-border-top-alt: solid black .5pt; mso-border-left-alt: solid black .5pt; mso-border-alt: solid black .5pt; padding: 0cm 0cm 0cm 0cm; height: 12.5pt;\" valign=\"top\" width=\"94\">\n<p class=\"TableParagraph\" style=\"margin-left: 5.6pt; text-align: center;\"><a href=\"https:\/\/www.posgraduacao.unimontes.br\/uploads\/sites\/7\/2022\/11\/RESULTADO-FINAL-25-11-2022.pdf\"><strong>Acessar<\/strong><\/a><\/p>\n<\/td>\n<\/tr>\n<tr style=\"mso-yfti-irow: 11; mso-yfti-lastrow: yes; height: 12.6pt;\">\n<td style=\"width: 249.1pt; border: solid black 1.0pt; border-top: none; mso-border-top-alt: solid black .5pt; mso-border-alt: solid black .5pt; padding: 0cm 0cm 0cm 0cm; height: 12.6pt;\" valign=\"top\" width=\"332\">\n<p class=\"TableParagraph\" style=\"line-height: 11.7pt; mso-line-height-rule: exactly;\"><b>Previs<\/b><b><span style=\"font-family: &#039;Times New Roman&#039;,serif; mso-bidi-font-family: Arial;\">\u00e3<\/span>o do in<\/b><b><span style=\"font-family: &#039;Times New Roman&#039;,serif; mso-bidi-font-family: Arial;\">\u00ed<\/span>cio do curso<\/b><\/p>\n<\/td>\n<td style=\"width: 118.95pt; border-top: none; border-left: none; border-bottom: solid black 1.0pt; border-right: solid black 1.0pt; mso-border-top-alt: solid black .5pt; mso-border-left-alt: solid black .5pt; mso-border-alt: solid black .5pt; padding: 0cm 0cm 0cm 0cm; height: 12.6pt;\" valign=\"top\" width=\"159\">\n<p class=\"TableParagraph\" style=\"margin-left: 5.6pt; line-height: 11.7pt; mso-line-height-rule: exactly;\"><b>30\/11 a 03\/12\/2022<\/b><\/p>\n<\/td>\n<td style=\"width: 70.85pt; border-top: none; border-left: none; border-bottom: solid black 1.0pt; border-right: solid black 1.0pt; mso-border-top-alt: solid black .5pt; mso-border-left-alt: solid black .5pt; mso-border-alt: solid black .5pt; padding: 0cm 0cm 0cm 0cm; height: 12.6pt;\" valign=\"top\" width=\"94\">\n<p class=\"TableParagraph\" style=\"margin-left: 5.6pt; line-height: 11.7pt; mso-line-height-rule: exactly;\"><b>\u00a0<\/b><\/p>\n<\/td>\n<\/tr>\n<\/tbody>\n<\/table>\n<\/div><\/div><\/div><\/div><\/div><\/section><section class=\"kc-elm kc-css-169114 kc_row\"><div class=\"kc-row-container  kc-container\"><div class=\"kc-wrap-columns\"><div class=\"kc-elm kc-css-200922 kc_col-sm-12 kc_column kc_col-sm-12\"><div class=\"kc-col-container\"><div class=\"kc-elm kc-css-834874 kc_text_block\"><\/div><\/div><\/div><\/div><\/div><\/section>\n","protected":false},"excerpt":{"rendered":"","protected":false},"author":4,"featured_media":0,"parent":0,"menu_order":0,"comment_status":"closed","ping_status":"closed","template":"","meta":[],"yoast_head":"<!-- This site is optimized with the Yoast SEO plugin v14.7 - https:\/\/yoast.com\/wordpress\/plugins\/seo\/ -->\n<title>Especializa\u00e7\u00e3o -<\/title>\n<meta name=\"robots\" content=\"index, follow\" \/>\n<meta name=\"googlebot\" content=\"index, follow, max-snippet:-1, max-image-preview:large, max-video-preview:-1\" \/>\n<meta name=\"bingbot\" content=\"index, follow, max-snippet:-1, max-image-preview:large, max-video-preview:-1\" \/>\n<link rel=\"canonical\" href=\"https:\/\/www.posgraduacao.unimontes.br\/ppgeo\/especializacao\/\" \/>\n<meta property=\"og:locale\" content=\"pt_BR\" \/>\n<meta property=\"og:type\" content=\"article\" \/>\n<meta property=\"og:title\" content=\"Especializa\u00e7\u00e3o -\" \/>\n<meta property=\"og:description\" content=\"ESPECIALIZA\u00c7\u00c3O LATO SENSU QUEST\u00c3O AGR\u00c1RIA, AMBIENTAL E TERRIT\u00d3RIOS &#8211; UNIMONTES 01\/2022 O Departamento de Geoci\u00eancias do Centro de Ci\u00eancias Humanas da Universidade Estadual de Montes Claros \u2013 Unimontes, no uso de suas atribui\u00e7\u00f5es regimentais e da legisla\u00e7\u00e3o vigente, torna p\u00fablico o presente edital de abertura de inscri\u00e7\u00f5es para candidatos ao Processo Seletivo dos Cursos de [&hellip;]\" \/>\n<meta property=\"og:url\" content=\"https:\/\/www.posgraduacao.unimontes.br\/ppgeo\/especializacao\/\" \/>\n<meta property=\"article:modified_time\" content=\"2022-11-25T21:17:23+00:00\" \/>\n<meta property=\"og:image\" content=\"http:\/\/www.posgraduacao.unimontes.br\/uploads\/sites\/7\/2022\/11\/nepra_espec.png\" \/>\n<meta name=\"twitter:card\" content=\"summary_large_image\" \/>\n<script type=\"application\/ld+json\" class=\"yoast-schema-graph\">{\"@context\":\"https:\/\/schema.org\",\"@graph\":[{\"@type\":\"WebSite\",\"@id\":\"https:\/\/www.posgraduacao.unimontes.br\/ppgeo\/#website\",\"url\":\"https:\/\/www.posgraduacao.unimontes.br\/ppgeo\/\",\"name\":\"\",\"description\":\"\",\"potentialAction\":[{\"@type\":\"SearchAction\",\"target\":\"https:\/\/www.posgraduacao.unimontes.br\/ppgeo\/?s={search_term_string}\",\"query-input\":\"required name=search_term_string\"}],\"inLanguage\":\"pt-BR\"},{\"@type\":\"ImageObject\",\"@id\":\"https:\/\/www.posgraduacao.unimontes.br\/ppgeo\/especializacao\/#primaryimage\",\"inLanguage\":\"pt-BR\",\"url\":\"http:\/\/www.posgraduacao.unimontes.br\/uploads\/sites\/7\/2022\/11\/nepra_espec.png\"},{\"@type\":\"WebPage\",\"@id\":\"https:\/\/www.posgraduacao.unimontes.br\/ppgeo\/especializacao\/#webpage\",\"url\":\"https:\/\/www.posgraduacao.unimontes.br\/ppgeo\/especializacao\/\",\"name\":\"Especializa\\u00e7\\u00e3o -\",\"isPartOf\":{\"@id\":\"https:\/\/www.posgraduacao.unimontes.br\/ppgeo\/#website\"},\"primaryImageOfPage\":{\"@id\":\"https:\/\/www.posgraduacao.unimontes.br\/ppgeo\/especializacao\/#primaryimage\"},\"datePublished\":\"2022-11-14T14:11:27+00:00\",\"dateModified\":\"2022-11-25T21:17:23+00:00\",\"inLanguage\":\"pt-BR\",\"potentialAction\":[{\"@type\":\"ReadAction\",\"target\":[\"https:\/\/www.posgraduacao.unimontes.br\/ppgeo\/especializacao\/\"]}]}]}<\/script>\n<!-- \/ Yoast SEO plugin. -->","_links":{"self":[{"href":"https:\/\/www.posgraduacao.unimontes.br\/ppgeo\/wp-json\/wp\/v2\/pages\/2787"}],"collection":[{"href":"https:\/\/www.posgraduacao.unimontes.br\/ppgeo\/wp-json\/wp\/v2\/pages"}],"about":[{"href":"https:\/\/www.posgraduacao.unimontes.br\/ppgeo\/wp-json\/wp\/v2\/types\/page"}],"author":[{"embeddable":true,"href":"https:\/\/www.posgraduacao.unimontes.br\/ppgeo\/wp-json\/wp\/v2\/users\/4"}],"replies":[{"embeddable":true,"href":"https:\/\/www.posgraduacao.unimontes.br\/ppgeo\/wp-json\/wp\/v2\/comments?post=2787"}],"version-history":[{"count":21,"href":"https:\/\/www.posgraduacao.unimontes.br\/ppgeo\/wp-json\/wp\/v2\/pages\/2787\/revisions"}],"predecessor-version":[{"id":2832,"href":"https:\/\/www.posgraduacao.unimontes.br\/ppgeo\/wp-json\/wp\/v2\/pages\/2787\/revisions\/2832"}],"wp:attachment":[{"href":"https:\/\/www.posgraduacao.unimontes.br\/ppgeo\/wp-json\/wp\/v2\/media?parent=2787"}],"curies":[{"name":"wp","href":"https:\/\/api.w.org\/{rel}","templated":true}]}}