{"id":2372,"date":"2021-09-26T16:27:01","date_gmt":"2021-09-26T19:27:01","guid":{"rendered":"https:\/\/www.posgraduacao.unimontes.br\/ppgeo\/?page_id=2372"},"modified":"2021-10-24T19:46:07","modified_gmt":"2021-10-24T22:46:07","slug":"resumo","status":"publish","type":"page","link":"https:\/\/www.posgraduacao.unimontes.br\/ppgeo\/resumo\/","title":{"rendered":"resumo"},"content":{"rendered":"<section class=\"kc-elm kc-css-577612 kc_row\"><div class=\"kc-row-container  kc-container\"><div class=\"kc-wrap-columns\"><div class=\"kc-elm kc-css-228960 kc_col-sm-12 kc_column kc_col-sm-12\"><div class=\"kc-col-container\"><div class=\"widget widget_revslider kc-elm kc-css-894884\"><link href=\"https:\/\/fonts.googleapis.com\/css?family=Eczar:800%7CRoboto:900%2C500%7COpen+Sans:400\" rel=\"stylesheet\" property=\"stylesheet\" type=\"text\/css\" media=\"all\">\n<div id=\"rev_slider_8_1_wrapper\" class=\"rev_slider_wrapper fullwidthbanner-container\" data-source=\"gallery\" style=\"margin:0px auto;background:transparent;padding:0px;margin-top:0px;margin-bottom:0px;\">\n<!-- START REVOLUTION SLIDER 5.4.8.3 fullwidth mode -->\n\t<div id=\"rev_slider_8_1\" class=\"rev_slider fullwidthabanner\" style=\"display:none;\" data-version=\"5.4.8.3\">\n<ul>\t<!-- SLIDE  -->\n\t<li data-index=\"rs-23\" data-transition=\"fade\" data-slotamount=\"default\" data-hideafterloop=\"0\" data-hideslideonmobile=\"off\"  data-easein=\"default\" data-easeout=\"default\" data-masterspeed=\"300\"  data-rotate=\"0\"  data-saveperformance=\"off\"  data-title=\"Slide\" data-param1=\"\" data-param2=\"\" data-param3=\"\" data-param4=\"\" data-param5=\"\" data-param6=\"\" data-param7=\"\" data-param8=\"\" data-param9=\"\" data-param10=\"\" data-description=\"\">\n\t\t<!-- MAIN IMAGE -->\n\t\t<img src=\"https:\/\/www.posgraduacao.unimontes.br\/uploads\/sites\/7\/2021\/09\/col\u00f3quio_banner_site.png\"  alt=\"\" title=\"col\u00f3quio_banner_site\"  width=\"2450\" height=\"718\" data-bgposition=\"center center\" data-bgfit=\"cover\" data-bgrepeat=\"no-repeat\" class=\"rev-slidebg\" data-no-retina>\n\t\t<!-- LAYERS -->\n\n\t\t<!-- LAYER NR. 1 -->\n\t\t<div class=\"tp-caption   tp-resizeme\" \n\t\t\t id=\"slide-23-layer-5\" \n\t\t\t data-x=\"408\" \n\t\t\t data-y=\"435\" \n\t\t\t\t\t\tdata-width=\"['auto']\"\n\t\t\tdata-height=\"['auto']\"\n \n\t\t\tdata-type=\"text\" \n\t\t\tdata-actions='[{\"event\":\"click\",\"action\":\"simplelink\",\"target\":\"_blank\",\"url\":\"https:\\\/\\\/www.youtube.com\\\/channel\\\/UCZ1fIWzwIy0TMNMvq7uJ2yg\",\"delay\":\"\"}]'\n\t\t\tdata-responsive_offset=\"on\" \n\n\t\t\tdata-frames='[{\"delay\":10,\"split\":\"chars\",\"splitdelay\":0.1,\"speed\":2000,\"split_direction\":\"forward\",\"frame\":\"0\",\"from\":\"x:[-105%];z:0;rX:0deg;rY:0deg;rZ:-90deg;sX:1;sY:1;skX:0;skY:0;\",\"mask\":\"x:0px;y:0px;s:inherit;e:inherit;\",\"to\":\"o:1;\",\"ease\":\"Power4.easeInOut\"},{\"delay\":\"wait\",\"speed\":30000000,\"frame\":\"999\",\"to\":\"opacity:0;\",\"ease\":\"nothing\"}]'\n\t\t\tdata-textAlign=\"['inherit','inherit','inherit','inherit']\"\n\t\t\tdata-paddingtop=\"[0,0,0,0]\"\n\t\t\tdata-paddingright=\"[0,0,0,0]\"\n\t\t\tdata-paddingbottom=\"[0,0,0,0]\"\n\t\t\tdata-paddingleft=\"[0,0,0,0]\"\n\n\t\t\tstyle=\"z-index: 5; white-space: nowrap; font-size: 35px; line-height: 35px; font-weight: 800; color: #072059; letter-spacing: 0px;font-family:Eczar;\">\n<div class=\"rs-looped rs-slideloop\"  data-easing=\"\" data-speed=\"2\" data-xs=\"0\" data-xe=\"0\" data-ys=\"0\" data-ye=\"0\">Canal Geolives Unimontes <\/div><\/div>\n\n\t\t<!-- LAYER NR. 2 -->\n\t\t<div class=\"tp-caption rev-btn rev-hiddenicon \" \n\t\t\t id=\"slide-23-layer-8\" \n\t\t\t data-x=\"1056\" \n\t\t\t data-y=\"\" \n\t\t\t\t\t\tdata-width=\"['auto']\"\n\t\t\tdata-height=\"['auto']\"\n \n\t\t\tdata-type=\"button\" \n\t\t\tdata-actions='[{\"event\":\"click\",\"action\":\"simplelink\",\"target\":\"_self\",\"url\":\"https:\\\/\\\/www.youtube.com\\\/channel\\\/UCZ1fIWzwIy0TMNMvq7uJ2yg\",\"delay\":\"\"}]'\n\t\t\tdata-responsive_offset=\"on\" \n\t\t\tdata-responsive=\"off\"\n\t\t\tdata-frames='[{\"delay\":10,\"speed\":300,\"frame\":\"0\",\"from\":\"opacity:0;\",\"to\":\"o:1;\",\"ease\":\"Power3.easeInOut\"},{\"delay\":\"wait\",\"speed\":300,\"frame\":\"999\",\"to\":\"opacity:0;\",\"ease\":\"Power3.easeInOut\"},{\"frame\":\"hover\",\"speed\":\"0\",\"ease\":\"Linear.easeNone\",\"to\":\"o:1;rX:0;rY:0;rZ:0;z:0;\",\"style\":\"c:rgba(0,0,0,1);bg:rgba(255,255,255,1);bs:solid;bw:0 0 0 0;\"}]'\n\t\t\tdata-textAlign=\"['inherit','inherit','inherit','inherit']\"\n\t\t\tdata-paddingtop=\"[10,10,10,10]\"\n\t\t\tdata-paddingright=\"[30,30,30,30]\"\n\t\t\tdata-paddingbottom=\"[10,10,10,10]\"\n\t\t\tdata-paddingleft=\"[30,30,30,30]\"\n\n\t\t\tstyle=\"z-index: 6; white-space: nowrap; font-size: 14px; line-height: 14px; font-weight: 900; color: rgba(255,255,255,1); letter-spacing: px;font-family:Roboto;text-transform:uppercase;background-color:rgba(0,0,0,0.75);border-color:rgba(0,0,0,1);border-radius:30px 30px 30px 30px;outline:none;box-shadow:none;box-sizing:border-box;-moz-box-sizing:border-box;-webkit-box-sizing:border-box;letter-spacing:1px;cursor:pointer;\">Evento Online <\/div>\n\n\t\t<!-- LAYER NR. 3 -->\n\t\t<div class=\"tp-caption   tp-resizeme\" \n\t\t\t id=\"slide-23-layer-10\" \n\t\t\t data-x=\"838\" \n\t\t\t data-y=\"452\" \n\t\t\t\t\t\tdata-width=\"['none','none','none','none']\"\n\t\t\tdata-height=\"['none','none','none','none']\"\n \n\t\t\tdata-type=\"image\" \n\t\t\tdata-responsive_offset=\"on\" \n\n\t\t\tdata-frames='[{\"delay\":10,\"speed\":8000,\"frame\":\"0\",\"from\":\"z:0;rX:0;rY:0;rZ:0;sX:0.9;sY:0.9;skX:0;skY:0;opacity:0;\",\"to\":\"o:1;\",\"ease\":\"Power3.easeInOut\"},{\"delay\":\"wait\",\"speed\":300,\"frame\":\"999\",\"to\":\"opacity:0;\",\"ease\":\"Power3.easeInOut\"}]'\n\t\t\tdata-textAlign=\"['inherit','inherit','inherit','inherit']\"\n\t\t\tdata-paddingtop=\"[0,0,0,0]\"\n\t\t\tdata-paddingright=\"[0,0,0,0]\"\n\t\t\tdata-paddingbottom=\"[0,0,0,0]\"\n\t\t\tdata-paddingleft=\"[0,0,0,0]\"\n\n\t\t\tstyle=\"z-index: 7;\"><img src=\"https:\/\/www.posgraduacao.unimontes.br\/uploads\/sites\/7\/2021\/09\/Imagem1-1.png\" alt=\"\" data-ww=\"36px\" data-hh=\"36px\" width=\"512\" height=\"512\" data-no-retina> <\/div>\n\t<\/li>\n<\/ul>\n<div class=\"tp-bannertimer tp-bottom\" style=\"visibility: hidden !important;\"><\/div>\t<\/div>\n<script>var htmlDiv = document.getElementById(\"rs-plugin-settings-inline-css\"); var htmlDivCss=\"\";\r\n\t\t\t\tif(htmlDiv) {\r\n\t\t\t\t\thtmlDiv.innerHTML = htmlDiv.innerHTML + htmlDivCss;\r\n\t\t\t\t}else{\r\n\t\t\t\t\tvar htmlDiv = document.createElement(\"div\");\r\n\t\t\t\t\thtmlDiv.innerHTML = \"<style>\" + htmlDivCss + \"<\/style>\";\r\n\t\t\t\t\tdocument.getElementsByTagName(\"head\")[0].appendChild(htmlDiv.childNodes[0]);\r\n\t\t\t\t}\r\n\t\t\t<\/script>\n\t\t<script type=\"text\/javascript\">\r\nif (setREVStartSize!==undefined) setREVStartSize(\r\n\t{c: '#rev_slider_8_1', gridwidth: [1240], gridheight: [568], sliderLayout: 'fullwidth'});\r\n\t\t\t\r\nvar revapi8,\r\n\ttpj;\t\r\n(function() {\t\t\t\r\n\tif (!\/loaded|interactive|complete\/.test(document.readyState)) document.addEventListener(\"DOMContentLoaded\",onLoad); else onLoad();\t\r\n\tfunction onLoad() {\t\t\t\t\r\n\t\tif (tpj===undefined) { tpj = jQuery; if(\"off\" == \"on\") tpj.noConflict();}\r\n\tif(tpj(\"#rev_slider_8_1\").revolution == undefined){\n\t\trevslider_showDoubleJqueryError(\"#rev_slider_8_1\");\n\t}else{\n\t\trevapi8 = tpj(\"#rev_slider_8_1\").show().revolution({\n\t\t\tsliderType:\"hero\",\n\t\t\tjsFileLocation:\"\/\/www.posgraduacao.unimontes.br\/ppgeo\/wp-content\/plugins\/revslider\/public\/assets\/js\/\",\n\t\t\tsliderLayout:\"fullwidth\",\n\t\t\tdottedOverlay:\"none\",\n\t\t\tdelay:9000,\n\t\t\tvisibilityLevels:[1240,1024,778,480],\n\t\t\tgridwidth:1240,\n\t\t\tgridheight:568,\n\t\t\tlazyType:\"none\",\n\t\t\tshadow:0,\n\t\t\tspinner:\"spinner0\",\n\t\t\tautoHeight:\"off\",\n\t\t\tdisableProgressBar:\"on\",\n\t\t\thideThumbsOnMobile:\"off\",\n\t\t\thideSliderAtLimit:0,\n\t\t\thideCaptionAtLimit:0,\n\t\t\thideAllCaptionAtLilmit:0,\n\t\t\tdebugMode:false,\n\t\t\tfallbacks: {\n\t\t\t\tsimplifyAll:\"off\",\n\t\t\t\tdisableFocusListener:false,\n\t\t\t}\n\t\t});\n\t}; \/* END OF revapi call *\/\n\t\n }; \/* END OF ON LOAD FUNCTION *\/\r\n}()); \/* END OF WRAPPING FUNCTION *\/\r\n<\/script>\r\n\t\t<\/div><!-- END REVOLUTION SLIDER --><\/div><\/div><\/div><\/div><\/div><\/section><section class=\"kc-elm kc-css-135942 kc_row\"><div class=\"kc-row-container  kc-container\"><div class=\"kc-wrap-columns\"><div class=\"kc-elm kc-css-130535 kc_col-of-5 kc_column kc_col-of-5\"><div class=\"kc-col-container\">\n<div class=\"kc-elm kc-css-846872\">\n\t<a class=\"kc_button\" href=\"https:\/\/www.posgraduacao.unimontes.br\/ppgeo\/eventogeo\/\" target=\"_self\" title=\"\" onclick=\"\">\n\t\t<i class=\"fa-home\"><\/i> P\u00e1gina Inicial\t<\/a>\n<\/div>\n<\/div><\/div><div class=\"kc-elm kc-css-724964 kc_col-of-5 kc_column kc_col-of-5\"><div class=\"kc-col-container\"><\/div><\/div><div class=\"kc-elm kc-css-901424 kc_col-of-5 kc_column kc_col-of-5\"><div class=\"kc-col-container\"><\/div><\/div><div class=\"kc-elm kc-css-872269 kc_col-of-5 kc_column kc_col-of-5\"><div class=\"kc-col-container\"><\/div><\/div><div class=\"kc-elm kc-css-809076 kc_col-of-5 kc_column kc_col-of-5\"><div class=\"kc-col-container\"><\/div><\/div><\/div><\/div><\/section><section class=\"kc-elm kc-css-383811 kc_row\"><div class=\"kc-row-container  kc-container\"><div class=\"kc-wrap-columns\"><div class=\"kc-elm kc-css-499498 kc_col-sm-12 kc_column kc_col-sm-12\"><div class=\"kc-col-container\"><div class=\"kc-elm kc-css-341647 kc_text_block\"><p>\n<span style=\"font-style: inherit; font-weight: 600; text-align: center;\">\u00a0<\/span><span style=\"font-weight: 600;\"><img loading=\"lazy\" class=\"aligncenter\" src=\"http:\/\/www.posgraduacao.unimontes.br\/uploads\/sites\/7\/2021\/09\/RESUMO1.png\" alt=\"\" width=\"106\" height=\"105\" \/><\/span><\/p>\n<p class=\"MsoNormal\" style=\"margin-left: .05pt; text-align: center; text-indent: -.15pt;\" align=\"center\"><b><span style=\"font-size: 16.0pt; line-height: 107%; font-family: &#039;Arial&#039;,sans-serif; mso-fareast-font-family: Arial; color: #0070c0;\">REGRAS PARA SUBMISS\u00c3O<\/span><\/b><\/p>\n<p style=\"text-align: center;\"><strong>O prazo m\u00e1ximo de submiss\u00e3o dos resumos ser\u00e1 at\u00e9 \u00e0s 23h59 do dia <u>19 de outubro<\/u> de 2021, hor\u00e1rio de Bras\u00edlia.<\/strong><\/p>\n<p><strong>\u200b<\/strong><\/p>\n<p>Eixos tem\u00e1ticos:<\/p>\n<ol>\n<li>Geografia ambiental<\/li>\n<li>Geografia e ensino<\/li>\n<li>Geografia da sa\u00fade<\/li>\n<li>Geografia urbana e din\u00e2micas regionais<\/li>\n<\/ol>\n<p style=\"text-align: center;\">Os resumos dever\u00e3o ser enviados para o seguinte e-mail:<\/p>\n<p><img loading=\"lazy\" class=\"aligncenter\" src=\"http:\/\/www.posgraduacao.unimontes.br\/uploads\/sites\/7\/2021\/09\/mail.png\" alt=\"\" width=\"89\" height=\"90\" \/><\/p>\n<p style=\"text-align: center;\"><a href=\"mailto:eventosgeografiaunimontes@gmail.com\"><strong><u>eventosgeografiaunimontes@gmail.com<\/u><\/strong><u>\u00a0<\/u><\/a><\/p>\n<p><em>ATEN\u00c7\u00c3O: a inscri\u00e7\u00e3o limita a submiss\u00e3o de 2 (dois) trabalhos como autor principal (primeiro autor). Na condi\u00e7\u00e3o de coautor \u00e9 limitada a apenas 2 (dois) trabalhos.<\/em><\/p>\n<p>\u200b<\/p>\n<ul>\n<li>Ser\u00e3o aceitos resumos elaborados em portugu\u00eas, ingl\u00eas e espanhol.<\/li>\n<li>O formato do arquivo encaminhado deve ser obrigatoriamente em Word. O arquivo dever\u00e1 ter no m\u00e1ximo 5 Mb.<\/li>\n<li>Os trabalhos ser\u00e3o apresentados na modalidade ORAL, nos dias 28 e 29 de outubro, com dura\u00e7\u00e3o de 10 minutos por apresenta\u00e7\u00e3o, no per\u00edodo de 16h \u00e0s 18h. O link de acesso para a plataforma do Google Meet ser\u00e1 encaminhado para o e-mail do primeiro autor.<\/li>\n<\/ul>\n<p>ATEN\u00c7\u00c3O: os trabalhos devem ser elaborados de acordo com o modelo que pode ser baixado por meio do link abaixo. Trabalhos que n\u00e3o estejam conforme o modelo ser\u00e3o reprovados.<\/p>\n<p style=\"text-align: center;\"><a href=\"https:\/\/www.posgraduacao.unimontes.br\/ppgeo\/res_\/\" target=\"_blank\" rel=\"noopener\"><strong>LINK com o modelo<\/strong><\/a><\/p>\n<p><a href=\"https:\/\/www.posgraduacao.unimontes.br\/ppgeo\/res_\/\" target=\"_blank\" rel=\"noopener\"><img loading=\"lazy\" class=\"aligncenter\" src=\"http:\/\/www.posgraduacao.unimontes.br\/uploads\/sites\/7\/2021\/09\/RESUMO.png\" alt=\"\" width=\"131\" height=\"131\" \/><\/a><\/p>\n<\/div>\n<div class=\"kc-elm kc-css-182901\">\n\t<a class=\"kc_button\" href=\"https:\/\/www.posgraduacao.unimontes.br\/ppgeo\/res_\/\" target=\"_self\" title=\"\" onclick=\"\">\n\t\t<i class=\"et-documents\"><\/i> Link modelo\t<\/a>\n<\/div>\n<\/div><\/div><\/div><\/div><\/section><section class=\"kc-elm kc-css-319923 kc_row\"><div class=\"kc-row-container  kc-container\"><div class=\"kc-wrap-columns\"><div class=\"kc-elm kc-css-503514 kc_col-sm-12 kc_column kc_col-sm-12\"><div class=\"kc-col-container\"><div class=\"kc-elm kc-css-614475 kc_text_block\"><\/div><\/div><\/div><\/div><\/div><\/section>\n","protected":false},"excerpt":{"rendered":"","protected":false},"author":4,"featured_media":0,"parent":0,"menu_order":0,"comment_status":"closed","ping_status":"closed","template":"..\/public\/views\/revslider-page-template.php","meta":[],"yoast_head":"<!-- This site is optimized with the Yoast SEO plugin v14.7 - https:\/\/yoast.com\/wordpress\/plugins\/seo\/ -->\n<title>resumo -<\/title>\n<meta name=\"robots\" content=\"index, follow\" \/>\n<meta name=\"googlebot\" content=\"index, follow, max-snippet:-1, max-image-preview:large, max-video-preview:-1\" \/>\n<meta name=\"bingbot\" content=\"index, follow, max-snippet:-1, max-image-preview:large, max-video-preview:-1\" \/>\n<link rel=\"canonical\" href=\"https:\/\/www.posgraduacao.unimontes.br\/ppgeo\/resumo\/\" \/>\n<meta property=\"og:locale\" content=\"pt_BR\" \/>\n<meta property=\"og:type\" content=\"article\" \/>\n<meta property=\"og:title\" content=\"resumo -\" \/>\n<meta property=\"og:description\" content=\"Canal Geolives Unimontes Evento Online P\u00e1gina Inicial \u00a0 REGRAS PARA SUBMISS\u00c3O O prazo m\u00e1ximo de submiss\u00e3o dos resumos ser\u00e1 at\u00e9 \u00e0s 23h59 do dia 19 de outubro de 2021, hor\u00e1rio de Bras\u00edlia. \u200b Eixos tem\u00e1ticos: Geografia ambiental Geografia e ensino Geografia da sa\u00fade Geografia urbana e din\u00e2micas regionais Os resumos dever\u00e3o ser enviados para o [&hellip;]\" \/>\n<meta property=\"og:url\" content=\"https:\/\/www.posgraduacao.unimontes.br\/ppgeo\/resumo\/\" \/>\n<meta property=\"article:modified_time\" content=\"2021-10-24T22:46:07+00:00\" \/>\n<meta property=\"og:image\" content=\"https:\/\/www.posgraduacao.unimontes.br\/uploads\/sites\/7\/2021\/09\/col\u00f3quio_banner_site.png\" \/>\n<meta name=\"twitter:card\" content=\"summary_large_image\" \/>\n<script type=\"application\/ld+json\" class=\"yoast-schema-graph\">{\"@context\":\"https:\/\/schema.org\",\"@graph\":[{\"@type\":\"WebSite\",\"@id\":\"https:\/\/www.posgraduacao.unimontes.br\/ppgeo\/#website\",\"url\":\"https:\/\/www.posgraduacao.unimontes.br\/ppgeo\/\",\"name\":\"\",\"description\":\"\",\"potentialAction\":[{\"@type\":\"SearchAction\",\"target\":\"https:\/\/www.posgraduacao.unimontes.br\/ppgeo\/?s={search_term_string}\",\"query-input\":\"required name=search_term_string\"}],\"inLanguage\":\"pt-BR\"},{\"@type\":\"ImageObject\",\"@id\":\"https:\/\/www.posgraduacao.unimontes.br\/ppgeo\/resumo\/#primaryimage\",\"inLanguage\":\"pt-BR\",\"url\":\"https:\/\/www.posgraduacao.unimontes.br\/uploads\/sites\/7\/2021\/09\/col\\u00f3quio_banner_site.png\"},{\"@type\":\"WebPage\",\"@id\":\"https:\/\/www.posgraduacao.unimontes.br\/ppgeo\/resumo\/#webpage\",\"url\":\"https:\/\/www.posgraduacao.unimontes.br\/ppgeo\/resumo\/\",\"name\":\"resumo -\",\"isPartOf\":{\"@id\":\"https:\/\/www.posgraduacao.unimontes.br\/ppgeo\/#website\"},\"primaryImageOfPage\":{\"@id\":\"https:\/\/www.posgraduacao.unimontes.br\/ppgeo\/resumo\/#primaryimage\"},\"datePublished\":\"2021-09-26T19:27:01+00:00\",\"dateModified\":\"2021-10-24T22:46:07+00:00\",\"inLanguage\":\"pt-BR\",\"potentialAction\":[{\"@type\":\"ReadAction\",\"target\":[\"https:\/\/www.posgraduacao.unimontes.br\/ppgeo\/resumo\/\"]}]}]}<\/script>\n<!-- \/ Yoast SEO plugin. -->","_links":{"self":[{"href":"https:\/\/www.posgraduacao.unimontes.br\/ppgeo\/wp-json\/wp\/v2\/pages\/2372"}],"collection":[{"href":"https:\/\/www.posgraduacao.unimontes.br\/ppgeo\/wp-json\/wp\/v2\/pages"}],"about":[{"href":"https:\/\/www.posgraduacao.unimontes.br\/ppgeo\/wp-json\/wp\/v2\/types\/page"}],"author":[{"embeddable":true,"href":"https:\/\/www.posgraduacao.unimontes.br\/ppgeo\/wp-json\/wp\/v2\/users\/4"}],"replies":[{"embeddable":true,"href":"https:\/\/www.posgraduacao.unimontes.br\/ppgeo\/wp-json\/wp\/v2\/comments?post=2372"}],"version-history":[{"count":39,"href":"https:\/\/www.posgraduacao.unimontes.br\/ppgeo\/wp-json\/wp\/v2\/pages\/2372\/revisions"}],"predecessor-version":[{"id":2395,"href":"https:\/\/www.posgraduacao.unimontes.br\/ppgeo\/wp-json\/wp\/v2\/pages\/2372\/revisions\/2395"}],"wp:attachment":[{"href":"https:\/\/www.posgraduacao.unimontes.br\/ppgeo\/wp-json\/wp\/v2\/media?parent=2372"}],"curies":[{"name":"wp","href":"https:\/\/api.w.org\/{rel}","templated":true}]}}