{"id":233,"date":"2020-12-18T13:58:10","date_gmt":"2020-12-18T16:58:10","guid":{"rendered":"http:\/\/www.posgraduacao.unimontes.br\/ppgeo\/?page_id=233"},"modified":"2021-04-19T21:12:32","modified_gmt":"2021-04-20T00:12:32","slug":"revistas-ppgeo","status":"publish","type":"page","link":"https:\/\/www.posgraduacao.unimontes.br\/ppgeo\/revistas-ppgeo\/","title":{"rendered":"Revistas PPGEO"},"content":{"rendered":"<section class=\"kc-elm kc-css-228746 kc_row\"><div class=\"kc-row-container  kc-container\"><div class=\"kc-wrap-columns\"><div class=\"kc-elm kc-css-652437 kc_col-sm-6 kc_column kc_col-sm-6\"><div class=\"kc-col-container\"><div class=\"kc-elm kc-css-773481 kc_shortcode kc_single_image\">\n\n        <img src=\"https:\/\/www.posgraduacao.unimontes.br\/uploads\/sites\/7\/2021\/04\/pageHeaderLogoImage_pt_BR.png\" class=\"\" alt=\"\" \/>    <\/div>\n\n<div class=\"kc-elm kc-css-620643 kc-animated kc-animate-eff-fadeInUp kc-call-to-action kc-cta-2 kc-is-button\">\n\n\t<div class=\"kc-cta-desc\"><h2>REVISTA CERRADOS (UNIMONTES)<\/h2><div class=\"kc-cta-text\">A Revista Cerrados \u00e9 um peri\u00f3dico de publica\u00e7\u00e3o em fluxo cont\u00ednuo do Programa de P\u00f3s-Gradua\u00e7\u00e3o em Geografia vinculado ao Departamento de Geoci\u00eancias da Universidade Estadual de Montes Claros \u2013 Unimontes, que busca publicar os trabalhos cient\u00edficos de interesse da ci\u00eancia geogr\u00e1fica e de \u00e1reas afins.\n\nO objetivo desta revista \u00e9 ampliar a divulga\u00e7\u00e3o dos trabalhos de professores\/pesquisadores de institui\u00e7\u00f5es brasileiras e internacionais, origin\u00e1rios de tese, de disserta\u00e7\u00e3o e de projetos de pesquisas institucionalizados e\/ou financiados por institui\u00e7\u00f5es de fomento, seguindo os princ\u00edpios \u00e9ticos e os rigores cient\u00edficos. \n\nA equipe editorial da Revista Cerrados recebe, avalia e publica \u2013 em caso de aceita\u00e7\u00e3o \u2013, os artigos em quatro l\u00ednguas (Portugu\u00eas, Ingl\u00eas, Franc\u00eas e Espanhol). Nesta revista, as pol\u00edticas de sele\u00e7\u00e3o e de publica\u00e7\u00e3o dos artigos s\u00e3o estabelecidas pelos objetivos editoriais, em conson\u00e2ncia com as recomenda\u00e7\u00f5es das equipes editoriais, com a \u00e9tica e com as boas pr\u00e1ticas no processo da publica\u00e7\u00e3o.<\/div><\/div><div class=\"kc-cta-button\"><a href=\"https:\/\/www.periodicos.unimontes.br\/index.php\/cerrados\/focoeescopo\" target=\"_blank\">Clique aqui <span class=\"kc-cta-icon\"><i class=\"et-documents\"><\/i><\/span><\/a><\/div>\n<\/div>\n<\/div><\/div><div class=\"kc-elm kc-css-850430 kc_col-sm-6 kc_column kc_col-sm-6\"><div class=\"kc-col-container\"><div class=\"kc-elm kc-css-670101 kc_shortcode kc_single_image\">\n\n        <img src=\"https:\/\/www.posgraduacao.unimontes.br\/uploads\/sites\/7\/2021\/04\/Imagem1.jpg\" class=\"\" alt=\"\" \/>    <\/div>\n\n<div class=\"kc-elm kc-css-102800 kc-animated kc-animate-eff-fadeInUp kc-call-to-action kc-cta-2 kc-is-button\">\n\n\t<div class=\"kc-cta-desc\"><h2>REVISTA VERDE GRANDE (UNIMONTES)<\/h2><div class=\"kc-cta-text\">A Revista \u201cVerde Grande: Geografia e Interdisciplinaridade\u201d (ISSN: 2675-2395) est\u00e1 vinculada \u00e0s seguintes \u00e1reas e sub\u00e1reas do conhecimento: Geografia, Geoci\u00eancias, Geografia F\u00edsica, Ci\u00eancias Ambientais e demais tem\u00e1ticas afins, cuja atualidade e relev\u00e2ncia permitir\u00e1 a forma\u00e7\u00e3o de um ve\u00edculo de divulga\u00e7\u00e3o ampla da produ\u00e7\u00e3o intelectual da comunidade acad\u00eamica geogr\u00e1fica e afins a partir dos trabalhos indicados no escopo da Revista. Dessa maneira, pretende-se publicar trabalhos de docentes e discentes de diferentes institui\u00e7\u00f5es brasileiras e internacionais assegurando os princ\u00edpios \u00e9ticos e os rigores cient\u00edficos e profissionais em conson\u00e2ncia com os fluxos editoriais do peri\u00f3dico.\n-\n-\n-\nSe\u00e7\u00f5es:\n\n1 \u2013 Artigos, 2 \u2013 Relatos de Projetos e Experi\u00eancias e 3 \u2013 Resenhas.<\/div><\/div><div class=\"kc-cta-button\"><a href=\"https:\/\/www.periodicos.unimontes.br\/index.php\/verdegrande\/about\" target=\"_blank\">Clique aqui <span class=\"kc-cta-icon\"><i class=\"et-documents\"><\/i><\/span><\/a><\/div>\n<\/div>\n<\/div><\/div><\/div><\/div><\/section>\n","protected":false},"excerpt":{"rendered":"","protected":false},"author":5,"featured_media":0,"parent":0,"menu_order":0,"comment_status":"closed","ping_status":"closed","template":"","meta":[],"yoast_head":"<!-- This site is optimized with the Yoast SEO plugin v14.7 - https:\/\/yoast.com\/wordpress\/plugins\/seo\/ -->\n<title>Revistas PPGEO -<\/title>\n<meta name=\"robots\" content=\"index, follow\" \/>\n<meta name=\"googlebot\" content=\"index, follow, max-snippet:-1, max-image-preview:large, max-video-preview:-1\" \/>\n<meta name=\"bingbot\" content=\"index, follow, max-snippet:-1, max-image-preview:large, max-video-preview:-1\" \/>\n<link rel=\"canonical\" href=\"https:\/\/www.posgraduacao.unimontes.br\/ppgeo\/revistas-ppgeo\/\" \/>\n<meta property=\"og:locale\" content=\"pt_BR\" \/>\n<meta property=\"og:type\" content=\"article\" \/>\n<meta property=\"og:title\" content=\"Revistas PPGEO -\" \/>\n<meta property=\"og:description\" content=\"REVISTA CERRADOS (UNIMONTES) A Revista Cerrados \u00e9 um peri\u00f3dico de publica\u00e7\u00e3o em fluxo cont\u00ednuo do Programa de P\u00f3s-Gradua\u00e7\u00e3o em Geografia vinculado ao Departamento de Geoci\u00eancias da Universidade Estadual de Montes Claros \u2013 Unimontes, que busca publicar os trabalhos cient\u00edficos de interesse da ci\u00eancia geogr\u00e1fica e de \u00e1reas afins. O objetivo desta revista \u00e9 ampliar a [&hellip;]\" \/>\n<meta property=\"og:url\" content=\"https:\/\/www.posgraduacao.unimontes.br\/ppgeo\/revistas-ppgeo\/\" \/>\n<meta property=\"article:modified_time\" content=\"2021-04-20T00:12:32+00:00\" \/>\n<meta property=\"og:image\" content=\"http:\/\/www.posgraduacao.unimontes.br\/uploads\/sites\/7\/2021\/04\/pageHeaderLogoImage_pt_BR.png\" \/>\n<meta name=\"twitter:card\" content=\"summary_large_image\" \/>\n<script type=\"application\/ld+json\" class=\"yoast-schema-graph\">{\"@context\":\"https:\/\/schema.org\",\"@graph\":[{\"@type\":\"WebSite\",\"@id\":\"https:\/\/www.posgraduacao.unimontes.br\/ppgeo\/#website\",\"url\":\"https:\/\/www.posgraduacao.unimontes.br\/ppgeo\/\",\"name\":\"\",\"description\":\"\",\"potentialAction\":[{\"@type\":\"SearchAction\",\"target\":\"https:\/\/www.posgraduacao.unimontes.br\/ppgeo\/?s={search_term_string}\",\"query-input\":\"required name=search_term_string\"}],\"inLanguage\":\"pt-BR\"},{\"@type\":\"ImageObject\",\"@id\":\"https:\/\/www.posgraduacao.unimontes.br\/ppgeo\/revistas-ppgeo\/#primaryimage\",\"inLanguage\":\"pt-BR\",\"url\":\"http:\/\/www.posgraduacao.unimontes.br\/uploads\/sites\/7\/2021\/04\/pageHeaderLogoImage_pt_BR.png\"},{\"@type\":\"WebPage\",\"@id\":\"https:\/\/www.posgraduacao.unimontes.br\/ppgeo\/revistas-ppgeo\/#webpage\",\"url\":\"https:\/\/www.posgraduacao.unimontes.br\/ppgeo\/revistas-ppgeo\/\",\"name\":\"Revistas PPGEO -\",\"isPartOf\":{\"@id\":\"https:\/\/www.posgraduacao.unimontes.br\/ppgeo\/#website\"},\"primaryImageOfPage\":{\"@id\":\"https:\/\/www.posgraduacao.unimontes.br\/ppgeo\/revistas-ppgeo\/#primaryimage\"},\"datePublished\":\"2020-12-18T16:58:10+00:00\",\"dateModified\":\"2021-04-20T00:12:32+00:00\",\"inLanguage\":\"pt-BR\",\"potentialAction\":[{\"@type\":\"ReadAction\",\"target\":[\"https:\/\/www.posgraduacao.unimontes.br\/ppgeo\/revistas-ppgeo\/\"]}]}]}<\/script>\n<!-- \/ Yoast SEO plugin. -->","_links":{"self":[{"href":"https:\/\/www.posgraduacao.unimontes.br\/ppgeo\/wp-json\/wp\/v2\/pages\/233"}],"collection":[{"href":"https:\/\/www.posgraduacao.unimontes.br\/ppgeo\/wp-json\/wp\/v2\/pages"}],"about":[{"href":"https:\/\/www.posgraduacao.unimontes.br\/ppgeo\/wp-json\/wp\/v2\/types\/page"}],"author":[{"embeddable":true,"href":"https:\/\/www.posgraduacao.unimontes.br\/ppgeo\/wp-json\/wp\/v2\/users\/5"}],"replies":[{"embeddable":true,"href":"https:\/\/www.posgraduacao.unimontes.br\/ppgeo\/wp-json\/wp\/v2\/comments?post=233"}],"version-history":[{"count":6,"href":"https:\/\/www.posgraduacao.unimontes.br\/ppgeo\/wp-json\/wp\/v2\/pages\/233\/revisions"}],"predecessor-version":[{"id":2115,"href":"https:\/\/www.posgraduacao.unimontes.br\/ppgeo\/wp-json\/wp\/v2\/pages\/233\/revisions\/2115"}],"wp:attachment":[{"href":"https:\/\/www.posgraduacao.unimontes.br\/ppgeo\/wp-json\/wp\/v2\/media?parent=233"}],"curies":[{"name":"wp","href":"https:\/\/api.w.org\/{rel}","templated":true}]}}