{"id":38,"date":"2017-03-24T18:56:10","date_gmt":"2017-03-24T21:56:10","guid":{"rendered":"http:\/\/www.posgraduacao.unimontes.br\/site-modelo\/?page_id=38"},"modified":"2021-02-18T18:50:15","modified_gmt":"2021-02-18T21:50:15","slug":"1-2021-bolsa-de-estudo","status":"publish","type":"page","link":"https:\/\/www.posgraduacao.unimontes.br\/ppge\/edital\/1-2021-bolsa-de-estudo\/","title":{"rendered":"01\/2021 \u2014 Bolsa de Estudo"},"content":{"rendered":"<section class=\"kc-elm kc-css-657103 kc_row\"><div class=\"kc-row-container  kc-container\"><div class=\"kc-wrap-columns\"><div class=\"kc-elm kc-css-21129 kc_col-sm-1 kc_column kc_col-sm-1\"><div class=\"kc-col-container\"><\/div><\/div><div class=\"kc-elm kc-css-784938 kc_col-sm-9 kc_column kc_col-sm-9\"><div class=\"kc-col-container\"><div class=\"kc-elm kc-css-208052\" style=\"height: 30px; clear: both; width:100%;\"><\/div><div class=\"kc-elm kc-css-980258 kc_text_block SEL\"><p dir=\"ltr\" style=\"line-height: 1.38; text-align: justify; margin-top: 11pt; margin-bottom: 11pt;\"><span style=\"font-size: 12pt; font-family: Arial; color: #000000; background-color: transparent; font-weight: 400; font-style: normal; font-variant: normal; text-decoration: none; vertical-align: baseline; white-space: pre-wrap;\">O Colegiado do PPGE\/Unimontes publica Edital de sele\u00e7\u00e3o de bolsistas da Demanda Social da CAPES, destinado a p\u00f3s-graduandos em Educa\u00e7\u00e3o formalmente matriculados como alunos regulares<\/span><\/p>\n<div dir=\"ltr\" style=\"margin-left: 0pt;\" align=\"left\">\n<table style=\"border: none; border-collapse: collapse;\">\n<colgroup>\n<col width=\"96\" \/>\n<col width=\"75\" \/>\n<col width=\"413\" \/><\/colgroup>\n<tbody>\n<tr style=\"height: 39.75pt;\">\n<td style=\"vertical-align: middle; background-color: #fbe4d5; padding: 5pt 5pt 5pt 5pt; overflow: hidden; overflow-wrap: break-word; border: solid #ffffff 6pt;\">\n<p dir=\"ltr\" style=\"line-height: 1.2; text-align: center; margin-top: 6pt; margin-bottom: 6pt;\"><span style=\"font-size: 12pt; font-family: Arial; color: #444444; background-color: transparent; font-weight: 400; font-style: normal; font-variant: normal; text-decoration: none; vertical-align: baseline; white-space: pre-wrap;\">12\/02\/2021<\/span><\/p>\n<\/td>\n<td style=\"vertical-align: middle; background-color: #fbe4d5; padding: 5pt 5pt 5pt 5pt; overflow: hidden; overflow-wrap: break-word; border: solid #ffffff 6pt;\">\n<p dir=\"ltr\" style=\"line-height: 1.2; text-align: center; margin-top: 6pt; margin-bottom: 6pt;\"><strong><a href=\"http:\/\/www.posgraduacao.unimontes.br\/uploads\/sites\/8\/2021\/02\/Edital-n.-01-Resultado-p\u00f3s-recurso.pdf\" target=\"_blank\" rel=\"noopener\"><span style=\"font-size: 12pt; font-family: Arial; color: #0073aa; background-color: transparent; font-style: normal; font-variant: normal; text-decoration: underline; text-decoration-skip-ink: none; vertical-align: baseline; white-space: pre-wrap;\">Arquivo<\/span><\/a><\/strong><\/p>\n<\/td>\n<td style=\"vertical-align: middle; background-color: #fbe4d5; padding: 5pt 5pt 5pt 5pt; overflow: hidden; overflow-wrap: break-word; border: solid #ffffff 6pt;\">\n<p dir=\"ltr\" style=\"line-height: 1.2; margin-top: 6pt; margin-bottom: 6pt;\"><span style=\"font-size: 12pt; font-family: Arial; color: #444444; background-color: transparent; font-weight: 400; font-style: normal; font-variant: normal; text-decoration: none; vertical-align: baseline; white-space: pre-wrap;\">Resultado do Processo Seletivo ap\u00f3s per\u00edodo de recurso<\/span><\/p>\n<\/td>\n<\/tr>\n<tr style=\"height: 39.75pt;\">\n<td style=\"vertical-align: middle; background-color: #fbe4d5; padding: 5pt 5pt 5pt 5pt; overflow: hidden; overflow-wrap: break-word; border: solid #ffffff 6pt;\">\n<p dir=\"ltr\" style=\"line-height: 1.2; text-align: center; margin-top: 6pt; margin-bottom: 6pt;\"><span style=\"font-size: 12pt; font-family: Arial; color: #444444; background-color: transparent; font-weight: 400; font-style: normal; font-variant: normal; text-decoration: none; vertical-align: baseline; white-space: pre-wrap;\">11\/02\/2021<\/span><\/p>\n<\/td>\n<td style=\"vertical-align: middle; background-color: #fbe4d5; padding: 5pt 5pt 5pt 5pt; overflow: hidden; overflow-wrap: break-word; border: solid #ffffff 6pt;\">\n<p dir=\"ltr\" style=\"line-height: 1.2; text-align: center; margin-top: 6pt; margin-bottom: 6pt;\"><a style=\"text-decoration: none;\" href=\"http:\/\/www.posgraduacao.unimontes.br\/uploads\/sites\/8\/2021\/02\/Edital-n.-01-Resultado.pdf\" target=\"_blank\" rel=\"noopener\"><span style=\"font-size: 12pt; font-family: Arial; color: #0073aa; background-color: transparent; font-weight: 400; font-style: normal; font-variant: normal; text-decoration: underline; -webkit-text-decoration-skip: none; text-decoration-skip-ink: none; vertical-align: baseline; white-space: pre-wrap;\"><strong>Arquivo<\/strong><\/span><\/a><\/p>\n<\/td>\n<td style=\"vertical-align: middle; background-color: #fbe4d5; padding: 5pt 5pt 5pt 5pt; overflow: hidden; overflow-wrap: break-word; border: solid #ffffff 6pt;\">\n<p dir=\"ltr\" style=\"line-height: 1.2; margin-top: 6pt; margin-bottom: 6pt;\"><span style=\"font-size: 12pt; font-family: Arial; color: #444444; background-color: transparent; font-weight: 400; font-style: normal; font-variant: normal; text-decoration: none; vertical-align: baseline; white-space: pre-wrap;\">Resultado do Processo Seletivo<\/span><\/p>\n<\/td>\n<\/tr>\n<tr style=\"height: 52.5pt;\">\n<td style=\"vertical-align: middle; background-color: #fbe4d5; padding: 5pt 5pt 5pt 5pt; overflow: hidden; overflow-wrap: break-word; border: solid #ffffff 6pt;\" rowspan=\"5\">\n<p dir=\"ltr\" style=\"line-height: 1.2; text-align: center; margin-top: 6pt; margin-bottom: 6pt;\"><span style=\"font-size: 12pt; font-family: Arial; color: #444444; background-color: transparent; font-weight: 400; font-style: normal; font-variant: normal; text-decoration: none; vertical-align: baseline; white-space: pre-wrap;\">19\/01\/2021<\/span><\/p>\n<\/td>\n<td style=\"vertical-align: middle; background-color: #fbe4d5; padding: 5pt 5pt 5pt 5pt; overflow: hidden; overflow-wrap: break-word; border: solid #ffffff 6pt;\">\n<p dir=\"ltr\" style=\"line-height: 1.2; text-align: center; margin-top: 6pt; margin-bottom: 6pt;\"><a style=\"text-decoration: none;\" href=\"http:\/\/www.posgraduacao.unimontes.br\/uploads\/sites\/8\/2021\/01\/Edital-01-2021-Bolsas-Demanda-Social-CAPES-19-01-2021.pdf\" target=\"_blank\" rel=\"noopener\"><span style=\"font-size: 12pt; font-family: Arial; color: #0073aa; background-color: transparent; font-weight: 400; font-style: normal; font-variant: normal; text-decoration: underline; -webkit-text-decoration-skip: none; text-decoration-skip-ink: none; vertical-align: baseline; white-space: pre-wrap;\"><strong>Arquivo<\/strong><\/span><\/a><\/p>\n<\/td>\n<td style=\"vertical-align: middle; background-color: #fbe4d5; padding: 5pt 5pt 5pt 5pt; overflow: hidden; overflow-wrap: break-word; border: solid #ffffff 6pt;\">\n<p dir=\"ltr\" style=\"line-height: 1.2; margin-top: 6pt; margin-bottom: 6pt;\"><span style=\"font-size: 12pt; font-family: Arial; color: #444444; background-color: transparent; font-weight: 400; font-style: normal; font-variant: normal; text-decoration: none; vertical-align: baseline; white-space: pre-wrap;\">Edital n. 01 PPGE\/2020 \u2014 Bolsa de Estudos da Demanda Social da CAPES<\/span><\/p>\n<\/td>\n<\/tr>\n<tr style=\"height: 39.75pt;\">\n<td style=\"vertical-align: middle; background-color: #fbe4d5; padding: 5pt 5pt 5pt 5pt; overflow: hidden; overflow-wrap: break-word; border: solid #ffffff 6pt;\">\n<p dir=\"ltr\" style=\"line-height: 1.2; text-align: center; margin-top: 6pt; margin-bottom: 6pt;\"><a style=\"text-decoration: none;\" href=\"https:\/\/www.posgraduacao.unimontes.br\/ppge\/alunos\/\" target=\"_blank\" rel=\"noopener\"><span style=\"font-size: 12pt; font-family: Arial; color: #0073aa; background-color: transparent; font-weight: 400; font-style: normal; font-variant: normal; text-decoration: underline; -webkit-text-decoration-skip: none; text-decoration-skip-ink: none; vertical-align: baseline; white-space: pre-wrap;\"><strong>Arquivo<\/strong><\/span><\/a><\/p>\n<\/td>\n<td style=\"vertical-align: middle; background-color: #fbe4d5; padding: 5pt 5pt 5pt 5pt; overflow: hidden; overflow-wrap: break-word; border: solid #ffffff 6pt;\">\n<p dir=\"ltr\" style=\"line-height: 1.2; margin-top: 6pt; margin-bottom: 6pt;\"><span style=\"font-size: 12pt; font-family: Arial; color: #444444; background-color: transparent; font-weight: 400; font-style: normal; font-variant: normal; text-decoration: none; vertical-align: baseline; white-space: pre-wrap;\">Anexo I \u2014 Termo de Veracidade e Autenticidade<\/span><\/p>\n<\/td>\n<\/tr>\n<tr style=\"height: 39.75pt;\">\n<td style=\"vertical-align: middle; background-color: #fbe4d5; padding: 5pt 5pt 5pt 5pt; overflow: hidden; overflow-wrap: break-word; border: solid #ffffff 6pt;\">\n<p dir=\"ltr\" style=\"line-height: 1.2; text-align: center; margin-top: 6pt; margin-bottom: 6pt;\"><a style=\"text-decoration: none;\" href=\"http:\/\/www.posgraduacao.unimontes.br\/uploads\/sites\/8\/2021\/01\/Anexo-II-Ficha-de-Inscri%C3%A7%C3%A3o.docx\" target=\"_blank\" rel=\"noopener\"><span style=\"font-size: 12pt; font-family: Arial; color: #0073aa; background-color: transparent; font-weight: 400; font-style: normal; font-variant: normal; text-decoration: underline; -webkit-text-decoration-skip: none; text-decoration-skip-ink: none; vertical-align: baseline; white-space: pre-wrap;\"><strong>Arquivo<\/strong><\/span><\/a><\/p>\n<\/td>\n<td style=\"vertical-align: middle; background-color: #fbe4d5; padding: 5pt 5pt 5pt 5pt; overflow: hidden; overflow-wrap: break-word; border: solid #ffffff 6pt;\">\n<p dir=\"ltr\" style=\"line-height: 1.2; margin-top: 6pt; margin-bottom: 6pt;\"><span style=\"font-size: 12pt; font-family: Arial; color: #444444; background-color: transparent; font-weight: 400; font-style: normal; font-variant: normal; text-decoration: none; vertical-align: baseline; white-space: pre-wrap;\">Anexo II \u2014 Ficha de Inscri\u00e7\u00e3o<\/span><\/p>\n<\/td>\n<\/tr>\n<tr style=\"height: 39.75pt;\">\n<td style=\"vertical-align: middle; background-color: #fbe4d5; padding: 5pt 5pt 5pt 5pt; overflow: hidden; overflow-wrap: break-word; border: solid #ffffff 6pt;\">\n<p dir=\"ltr\" style=\"line-height: 1.2; text-align: center; margin-top: 6pt; margin-bottom: 6pt;\"><a style=\"text-decoration: none;\" href=\"http:\/\/www.posgraduacao.unimontes.br\/uploads\/sites\/8\/2021\/01\/Anexo-III-%E2%80%94-Declara%C3%A7%C3%A3o-de-Dedica%C3%A7%C3%A3o-Integral-ao-Curso.docx\" target=\"_blank\" rel=\"noopener\"><span style=\"font-size: 12pt; font-family: Arial; color: #0073aa; background-color: transparent; font-weight: 400; font-style: normal; font-variant: normal; text-decoration: underline; -webkit-text-decoration-skip: none; text-decoration-skip-ink: none; vertical-align: baseline; white-space: pre-wrap;\"><strong>Arquivo<\/strong><\/span><\/a><\/p>\n<\/td>\n<td style=\"vertical-align: middle; background-color: #fbe4d5; padding: 5pt 5pt 5pt 5pt; overflow: hidden; overflow-wrap: break-word; border: solid #ffffff 6pt;\">\n<p dir=\"ltr\" style=\"line-height: 1.2; margin-top: 6pt; margin-bottom: 6pt;\"><span style=\"font-size: 12pt; font-family: Arial; color: #444444; background-color: transparent; font-weight: 400; font-style: normal; font-variant: normal; text-decoration: none; vertical-align: baseline; white-space: pre-wrap;\">Anexo III \u2014 Declara\u00e7\u00e3o de Dedica\u00e7\u00e3o Integral ao Curso<\/span><\/p>\n<\/td>\n<\/tr>\n<tr style=\"height: 52.5pt;\">\n<td style=\"vertical-align: middle; background-color: #fbe4d5; padding: 5pt 5pt 5pt 5pt; overflow: hidden; overflow-wrap: break-word; border: solid #ffffff 6pt;\">\n<p dir=\"ltr\" style=\"line-height: 1.2; text-align: center; margin-top: 6pt; margin-bottom: 6pt;\"><strong><a style=\"text-decoration: none;\" href=\"http:\/\/www.posgraduacao.unimontes.br\/uploads\/sites\/8\/2021\/01\/Anexo-IV-%E2%80%94-Declara%C3%A7%C3%A3o-de-N%C3%A3o-Ac%C3%BAmulo-de-Bolsas-e-de-N%C3%A3o-V%C3%ADnculo-Empregat%C3%ADcio-.docx\" target=\"_blank\" rel=\"noopener\"><span style=\"font-size: 12pt; font-family: Arial; color: #0073aa; background-color: transparent; font-style: normal; font-variant: normal; text-decoration: underline; text-decoration-skip-ink: none; vertical-align: baseline; white-space: pre-wrap;\">Arquivo<\/span><\/a><\/strong><\/p>\n<\/td>\n<td style=\"vertical-align: middle; background-color: #fbe4d5; padding: 5pt 5pt 5pt 5pt; overflow: hidden; overflow-wrap: break-word; border: solid #ffffff 6pt;\">\n<p dir=\"ltr\" style=\"line-height: 1.2; margin-top: 6pt; margin-bottom: 6pt;\"><span style=\"font-size: 12pt; font-family: Arial; color: #444444; background-color: transparent; font-weight: 400; font-style: normal; font-variant: normal; text-decoration: none; vertical-align: baseline; white-space: pre-wrap;\">Anexo IV \u2014 Declara\u00e7\u00e3o de N\u00e3o Ac\u00famulo de Bolsas e de N\u00e3o V\u00ednculo Empregat\u00edcio<\/span><\/p>\n<\/td>\n<\/tr>\n<\/tbody>\n<\/table>\n<\/div>\n<\/div><\/div><\/div><div class=\"kc-elm kc-css-72515 kc_col-sm-1 kc_column kc_col-sm-1\"><div class=\"kc-col-container\"><\/div><\/div><\/div><\/div><\/section><section class=\"kc-elm kc-css-591369 kc_row\"><div class=\"kc-row-container  kc-container\"><div class=\"kc-wrap-columns\"><div class=\"kc-elm kc-css-262889 kc_col-sm-12 kc_column kc_col-sm-12\"><div class=\"kc-col-container\"><\/div><\/div><\/div><\/div><\/section>\n","protected":false},"excerpt":{"rendered":"","protected":false},"author":1,"featured_media":0,"parent":410,"menu_order":0,"comment_status":"closed","ping_status":"closed","template":"","meta":[],"yoast_head":"<!-- This site is optimized with the Yoast SEO plugin v14.7 - https:\/\/yoast.com\/wordpress\/plugins\/seo\/ -->\n<title>01\/2021 \u2014 Bolsa de Estudo - PPGE - Programa de P\u00f3s-Gradua\u00e7\u00e3o em Educa\u00e7\u00e3o<\/title>\n<meta name=\"robots\" content=\"index, follow\" \/>\n<meta name=\"googlebot\" content=\"index, follow, max-snippet:-1, max-image-preview:large, max-video-preview:-1\" \/>\n<meta name=\"bingbot\" content=\"index, follow, max-snippet:-1, max-image-preview:large, max-video-preview:-1\" \/>\n<link rel=\"canonical\" href=\"https:\/\/www.posgraduacao.unimontes.br\/ppge\/edital\/1-2021-bolsa-de-estudo\/\" \/>\n<meta property=\"og:locale\" content=\"pt_BR\" \/>\n<meta property=\"og:type\" content=\"article\" \/>\n<meta property=\"og:title\" content=\"01\/2021 \u2014 Bolsa de Estudo - PPGE - Programa de P\u00f3s-Gradua\u00e7\u00e3o em Educa\u00e7\u00e3o\" \/>\n<meta property=\"og:description\" content=\"O Colegiado do PPGE\/Unimontes publica Edital de sele\u00e7\u00e3o de bolsistas da Demanda Social da CAPES, destinado a p\u00f3s-graduandos em Educa\u00e7\u00e3o formalmente matriculados como alunos regulares 12\/02\/2021 Arquivo Resultado do Processo Seletivo ap\u00f3s per\u00edodo de recurso 11\/02\/2021 Arquivo Resultado do Processo Seletivo 19\/01\/2021 Arquivo Edital n. 01 PPGE\/2020 \u2014 Bolsa de Estudos da Demanda Social da [&hellip;]\" \/>\n<meta property=\"og:url\" content=\"https:\/\/www.posgraduacao.unimontes.br\/ppge\/edital\/1-2021-bolsa-de-estudo\/\" \/>\n<meta property=\"og:site_name\" content=\"PPGE - Programa de P\u00f3s-Gradua\u00e7\u00e3o em Educa\u00e7\u00e3o\" \/>\n<meta property=\"article:modified_time\" content=\"2021-02-18T21:50:15+00:00\" \/>\n<meta name=\"twitter:card\" content=\"summary_large_image\" \/>\n<script type=\"application\/ld+json\" class=\"yoast-schema-graph\">{\"@context\":\"https:\/\/schema.org\",\"@graph\":[{\"@type\":\"WebSite\",\"@id\":\"https:\/\/www.posgraduacao.unimontes.br\/ppge\/#website\",\"url\":\"https:\/\/www.posgraduacao.unimontes.br\/ppge\/\",\"name\":\"PPGE - Programa de P\\u00f3s-Gradua\\u00e7\\u00e3o em Educa\\u00e7\\u00e3o\",\"description\":\"O Programa de P\\u00f3s-Gradua\\u00e7\\u00e3o em Educa\\u00e7\\u00e3o \\u2014 Mestrado Acad\\u00eamico (PPGE) foi instalado em dezembro de 2018, ap\\u00f3s recomenda\\u00e7\\u00e3o pela Coordena\\u00e7\\u00e3o de Aperfei\\u00e7oamento de Pessoal de N\\u00edvel Superior (CAPES), com in\\u00edcio das atividades docentes previstas para abril de 2019. O Programa \\u00e9 desenvolvido pela Unimontes, institui\\u00e7\\u00e3o universit\\u00e1ria vinculada \\u00e0 Secretaria de Ci\\u00eancia e Tecnologia do Estado de Minas Gerais.\",\"potentialAction\":[{\"@type\":\"SearchAction\",\"target\":\"https:\/\/www.posgraduacao.unimontes.br\/ppge\/?s={search_term_string}\",\"query-input\":\"required name=search_term_string\"}],\"inLanguage\":\"pt-BR\"},{\"@type\":\"WebPage\",\"@id\":\"https:\/\/www.posgraduacao.unimontes.br\/ppge\/edital\/1-2021-bolsa-de-estudo\/#webpage\",\"url\":\"https:\/\/www.posgraduacao.unimontes.br\/ppge\/edital\/1-2021-bolsa-de-estudo\/\",\"name\":\"01\/2021 \\u2014 Bolsa de Estudo - PPGE - Programa de P\\u00f3s-Gradua\\u00e7\\u00e3o em Educa\\u00e7\\u00e3o\",\"isPartOf\":{\"@id\":\"https:\/\/www.posgraduacao.unimontes.br\/ppge\/#website\"},\"datePublished\":\"2017-03-24T21:56:10+00:00\",\"dateModified\":\"2021-02-18T21:50:15+00:00\",\"inLanguage\":\"pt-BR\",\"potentialAction\":[{\"@type\":\"ReadAction\",\"target\":[\"https:\/\/www.posgraduacao.unimontes.br\/ppge\/edital\/1-2021-bolsa-de-estudo\/\"]}]}]}<\/script>\n<!-- \/ Yoast SEO plugin. -->","_links":{"self":[{"href":"https:\/\/www.posgraduacao.unimontes.br\/ppge\/wp-json\/wp\/v2\/pages\/38"}],"collection":[{"href":"https:\/\/www.posgraduacao.unimontes.br\/ppge\/wp-json\/wp\/v2\/pages"}],"about":[{"href":"https:\/\/www.posgraduacao.unimontes.br\/ppge\/wp-json\/wp\/v2\/types\/page"}],"author":[{"embeddable":true,"href":"https:\/\/www.posgraduacao.unimontes.br\/ppge\/wp-json\/wp\/v2\/users\/1"}],"replies":[{"embeddable":true,"href":"https:\/\/www.posgraduacao.unimontes.br\/ppge\/wp-json\/wp\/v2\/comments?post=38"}],"version-history":[{"count":83,"href":"https:\/\/www.posgraduacao.unimontes.br\/ppge\/wp-json\/wp\/v2\/pages\/38\/revisions"}],"predecessor-version":[{"id":1605,"href":"https:\/\/www.posgraduacao.unimontes.br\/ppge\/wp-json\/wp\/v2\/pages\/38\/revisions\/1605"}],"up":[{"embeddable":true,"href":"https:\/\/www.posgraduacao.unimontes.br\/ppge\/wp-json\/wp\/v2\/pages\/410"}],"wp:attachment":[{"href":"https:\/\/www.posgraduacao.unimontes.br\/ppge\/wp-json\/wp\/v2\/media?parent=38"}],"curies":[{"name":"wp","href":"https:\/\/api.w.org\/{rel}","templated":true}]}}