{"id":3025,"date":"2026-03-19T11:53:11","date_gmt":"2026-03-19T14:53:11","guid":{"rendered":"https:\/\/www.posgraduacao.unimontes.br\/ppge\/?page_id=3025"},"modified":"2026-03-31T08:05:01","modified_gmt":"2026-03-31T11:05:01","slug":"atas-2025","status":"publish","type":"page","link":"https:\/\/www.posgraduacao.unimontes.br\/ppge\/atas-2025\/","title":{"rendered":"Atas 2025"},"content":{"rendered":"<section class=\"kc-elm kc-css-469503 kc_row\"><div class=\"kc-row-container  kc-container\"><div class=\"kc-wrap-columns\"><div class=\"kc-elm kc-css-515996 kc_column kc_col-sm-12\"><div class=\"kc-col-container\"><div class=\"kc-elm kc-css-556224\" style=\"height: 20px; clear: both; width:100%;\"><\/div><div class=\"kc-elm kc-css-850635 kc_text_block\"><div dir=\"ltr\" style=\"margin-left:0pt;\" align=\"left\">\n<table style=\"border:none;border-collapse:collapse;\">\n<colgroup>\n<col width=\"138\">\n<col width=\"451\"><\/colgroup>\n<tbody>\n<tr style=\"height:51pt\">\n<td style=\"border-left:solid #bbbbbb 0.55555575pt;border-right:solid #ffffff 4.4444475pt;border-bottom:solid #ffffff 4.4444475pt;border-top:solid #bbbbbb 0.55555575pt;vertical-align:top;background-color:#f4cccc;padding:0pt 5pt 0pt 5pt;overflow:hidden;overflow-wrap:break-word;\">\n<p dir=\"ltr\" style=\"line-height:1.656;text-align: center;margin-top:6pt;margin-bottom:21pt;\"><a href=\"https:\/\/www.posgraduacao.unimontes.br\/ppge\/?p=3035\" style=\"text-decoration:none;\"><span style=\"font-size:12pt;font-family:'Times New Roman',serif;color:#0000ff;background-color:transparent;font-weight:400;font-style:normal;font-variant:normal;text-decoration:underline;-webkit-text-decoration-skip:none;text-decoration-skip-ink:none;vertical-align:baseline;white-space:pre;white-space:pre-wrap;\">Arquivo<\/span><\/a><\/p>\n<\/td>\n<td style=\"border-left:solid #ffffff 4.4444475pt;border-right:solid #ffffff 4.4444475pt;border-bottom:solid #ffffff 4.4444475pt;border-top:solid #bbbbbb 0.55555575pt;vertical-align:top;background-color:#f4cccc;padding:0pt 5pt 0pt 5pt;overflow:hidden;overflow-wrap:break-word;\">\n<p dir=\"ltr\" style=\"line-height:1.656;margin-top:6pt;margin-bottom:21pt;\"><span style=\"font-size:12pt;font-family:'Times New Roman',serif;color:#000000;background-color:transparent;font-weight:400;font-style:normal;font-variant:normal;text-decoration:none;vertical-align:baseline;white-space:pre;white-space:pre-wrap;\">Atas Reuni\u00f5es Colegiadas-2025<\/span><\/p>\n<\/td>\n<\/tr>\n<\/tbody>\n<\/table>\n<\/div>\n<p><span id=\"docs-internal-guid-a1bd23a8-7fff-7a00-9fc7-a4792f7ffae3\"><br \/><\/span><\/p>\n<\/div><\/div><\/div><\/div><\/div><\/section>\n","protected":false},"excerpt":{"rendered":"","protected":false},"author":5,"featured_media":0,"parent":0,"menu_order":0,"comment_status":"closed","ping_status":"closed","template":"","meta":[],"yoast_head":"<!-- This site is optimized with the Yoast SEO plugin v14.7 - https:\/\/yoast.com\/wordpress\/plugins\/seo\/ -->\n<title>Atas 2025 - PPGE - Programa de P\u00f3s-Gradua\u00e7\u00e3o em Educa\u00e7\u00e3o<\/title>\n<meta name=\"robots\" content=\"index, follow\" \/>\n<meta name=\"googlebot\" content=\"index, follow, max-snippet:-1, max-image-preview:large, max-video-preview:-1\" \/>\n<meta name=\"bingbot\" content=\"index, follow, max-snippet:-1, max-image-preview:large, max-video-preview:-1\" \/>\n<link rel=\"canonical\" href=\"https:\/\/www.posgraduacao.unimontes.br\/ppge\/atas-2025\/\" \/>\n<meta property=\"og:locale\" content=\"pt_BR\" \/>\n<meta property=\"og:type\" content=\"article\" \/>\n<meta property=\"og:title\" content=\"Atas 2025 - PPGE - Programa de P\u00f3s-Gradua\u00e7\u00e3o em Educa\u00e7\u00e3o\" \/>\n<meta property=\"og:description\" content=\"Arquivo Atas Reuni\u00f5es Colegiadas-2025\" \/>\n<meta property=\"og:url\" content=\"https:\/\/www.posgraduacao.unimontes.br\/ppge\/atas-2025\/\" \/>\n<meta property=\"og:site_name\" content=\"PPGE - Programa de P\u00f3s-Gradua\u00e7\u00e3o em Educa\u00e7\u00e3o\" \/>\n<meta property=\"article:modified_time\" content=\"2026-03-31T11:05:01+00:00\" \/>\n<meta name=\"twitter:card\" content=\"summary_large_image\" \/>\n<script type=\"application\/ld+json\" class=\"yoast-schema-graph\">{\"@context\":\"https:\/\/schema.org\",\"@graph\":[{\"@type\":\"WebSite\",\"@id\":\"https:\/\/www.posgraduacao.unimontes.br\/ppge\/#website\",\"url\":\"https:\/\/www.posgraduacao.unimontes.br\/ppge\/\",\"name\":\"PPGE - Programa de P\\u00f3s-Gradua\\u00e7\\u00e3o em Educa\\u00e7\\u00e3o\",\"description\":\"O Programa de P\\u00f3s-Gradua\\u00e7\\u00e3o em Educa\\u00e7\\u00e3o \\u2014 Mestrado Acad\\u00eamico (PPGE) foi instalado em dezembro de 2018, ap\\u00f3s recomenda\\u00e7\\u00e3o pela Coordena\\u00e7\\u00e3o de Aperfei\\u00e7oamento de Pessoal de N\\u00edvel Superior (CAPES), com in\\u00edcio das atividades docentes previstas para abril de 2019. O Programa \\u00e9 desenvolvido pela Unimontes, institui\\u00e7\\u00e3o universit\\u00e1ria vinculada \\u00e0 Secretaria de Ci\\u00eancia e Tecnologia do Estado de Minas Gerais.\",\"potentialAction\":[{\"@type\":\"SearchAction\",\"target\":\"https:\/\/www.posgraduacao.unimontes.br\/ppge\/?s={search_term_string}\",\"query-input\":\"required name=search_term_string\"}],\"inLanguage\":\"pt-BR\"},{\"@type\":\"WebPage\",\"@id\":\"https:\/\/www.posgraduacao.unimontes.br\/ppge\/atas-2025\/#webpage\",\"url\":\"https:\/\/www.posgraduacao.unimontes.br\/ppge\/atas-2025\/\",\"name\":\"Atas 2025 - PPGE - Programa de P\\u00f3s-Gradua\\u00e7\\u00e3o em Educa\\u00e7\\u00e3o\",\"isPartOf\":{\"@id\":\"https:\/\/www.posgraduacao.unimontes.br\/ppge\/#website\"},\"datePublished\":\"2026-03-19T14:53:11+00:00\",\"dateModified\":\"2026-03-31T11:05:01+00:00\",\"inLanguage\":\"pt-BR\",\"potentialAction\":[{\"@type\":\"ReadAction\",\"target\":[\"https:\/\/www.posgraduacao.unimontes.br\/ppge\/atas-2025\/\"]}]}]}<\/script>\n<!-- \/ Yoast SEO plugin. -->","_links":{"self":[{"href":"https:\/\/www.posgraduacao.unimontes.br\/ppge\/wp-json\/wp\/v2\/pages\/3025"}],"collection":[{"href":"https:\/\/www.posgraduacao.unimontes.br\/ppge\/wp-json\/wp\/v2\/pages"}],"about":[{"href":"https:\/\/www.posgraduacao.unimontes.br\/ppge\/wp-json\/wp\/v2\/types\/page"}],"author":[{"embeddable":true,"href":"https:\/\/www.posgraduacao.unimontes.br\/ppge\/wp-json\/wp\/v2\/users\/5"}],"replies":[{"embeddable":true,"href":"https:\/\/www.posgraduacao.unimontes.br\/ppge\/wp-json\/wp\/v2\/comments?post=3025"}],"version-history":[{"count":3,"href":"https:\/\/www.posgraduacao.unimontes.br\/ppge\/wp-json\/wp\/v2\/pages\/3025\/revisions"}],"predecessor-version":[{"id":3036,"href":"https:\/\/www.posgraduacao.unimontes.br\/ppge\/wp-json\/wp\/v2\/pages\/3025\/revisions\/3036"}],"wp:attachment":[{"href":"https:\/\/www.posgraduacao.unimontes.br\/ppge\/wp-json\/wp\/v2\/media?parent=3025"}],"curies":[{"name":"wp","href":"https:\/\/api.w.org\/{rel}","templated":true}]}}