{"id":2549,"date":"2025-01-08T15:23:07","date_gmt":"2025-01-08T18:23:07","guid":{"rendered":"https:\/\/www.posgraduacao.unimontes.br\/ppge\/?page_id=2549"},"modified":"2025-07-25T10:54:48","modified_gmt":"2025-07-25T13:54:48","slug":"01-2025-bolsa-de-estudo","status":"publish","type":"page","link":"https:\/\/www.posgraduacao.unimontes.br\/ppge\/01-2025-bolsa-de-estudo\/","title":{"rendered":"01\/2025 &#8211; Bolsa de Estudo"},"content":{"rendered":"<section class=\"kc-elm kc-css-235989 kc_row\"><div class=\"kc-row-container  kc-container\"><div class=\"kc-wrap-columns\"><div class=\"kc-elm kc-css-298775 kc_col-sm-12 kc_column kc_col-sm-12\"><div class=\"kc-col-container\"><div class=\"kc-elm kc-css-89107\" style=\"height: 20px; clear: both; width:100%;\"><\/div><\/div><\/div><\/div><\/div><\/section><section class=\"kc-elm kc-css-633515 kc_row\"><div class=\"kc-row-container  kc-container\"><div class=\"kc-wrap-columns\"><div class=\"kc-elm kc-css-193966 kc_column kc_col-sm-12\"><div class=\"kc-col-container\"><\/div><\/div><\/div><\/div><\/section><section class=\"kc-elm kc-css-735083 kc_row\"><div class=\"kc-row-container  kc-container\"><div class=\"kc-wrap-columns\"><div class=\"kc-elm kc-css-612509 kc_col-sm-2 kc_column kc_col-sm-2\"><div class=\"kc-col-container\"><\/div><\/div><div class=\"kc-elm kc-css-259819 kc_col-sm-8 kc_column kc_col-sm-8\"><div class=\"kc-col-container\"><div class=\"kc-elm kc-css-682409 kc_text_block\"><p class=\"MsoNormal\" style=\"line-height: 21.75pt; margin: 11pt 0cm; background-image: initial; background-position: initial; background-size: initial; background-attachment: initial; text-align: left;\" align=\"left\"><span style=\"color: black; font-family: Calibri, sans-serif; font-size: 12pt; font-style: inherit;\">O Colegiado do PPGE publica Edital de sele\u00e7\u00e3o de bolsistas da Demanda Social da CAPES, destinado a Mestrandos e Mestrandas em Educa\u00e7\u00e3o formalmente matriculados como estudantes regulares.<\/span><\/p>\n<table class=\"MsoNormalTable\" style=\"border-collapse: collapse; mso-table-layout-alt: fixed; mso-yfti-tbllook: 1184;\" border=\"0\" cellspacing=\"0\" cellpadding=\"0\">\n<tbody>\n<tr style=\"mso-yfti-irow: 0; mso-yfti-firstrow: yes; height: 1.0pt;\">\n<td style=\"width: 70.85pt; border: solid white 4.5pt; border-top: none; background: #FAE2D5; mso-background-themecolor: accent2; mso-background-themetint: 51; padding: 0cm 5.0pt 0cm 5.0pt; height: 1.0pt;\" width=\"94\">\n<p class=\"MsoNormal\" style=\"text-align: center; margin: 6.0pt 0cm 6.0pt 0cm;\" align=\"center\"><span style=\"font-size: 12.0pt; font-family: 'Calibri',sans-serif; mso-fareast-font-family: 'Times New Roman'; color: black; mso-fareast-language: PT-BR;\">27\/01\/2025<\/span><\/p>\n<\/td>\n<td style=\"width: 2.0cm; border-top: none; border-left: none; border-bottom: solid white 4.5pt; border-right: solid white 4.5pt; mso-border-left-alt: solid white 4.5pt; background: #FAE2D5; mso-background-themecolor: accent2; mso-background-themetint: 51; padding: 0cm 5.0pt 0cm 5.0pt; height: 1.0pt;\" valign=\"top\" width=\"76\">\n<p class=\"MsoNormal\" style=\"text-align: center; margin: 6.0pt 0cm 6.0pt 0cm;\" align=\"center\"><b><span style=\"font-size: 12.0pt; font-family: 'Calibri',sans-serif; mso-fareast-font-family: 'Times New Roman'; color: #0070c0; mso-fareast-language: PT-BR;\"><a href=\"https:\/\/www.posgraduacao.unimontes.br\/ppge\/resultado-definitivo\/\" target=\"_blank\" rel=\"noopener\"><span style=\"color: #0070c0; text-decoration-line: none;\">Arquivo<\/span><\/a><\/span><\/b><\/p>\n<\/td>\n<td style=\"width: 368.5pt; border-top: none; border-left: none; border-bottom: solid white 4.5pt; border-right: solid white 4.5pt; mso-border-left-alt: solid white 4.5pt; background: #FAE2D5; mso-background-themecolor: accent2; mso-background-themetint: 51; padding: 0cm 5.0pt 0cm 5.0pt; height: 1.0pt;\" valign=\"top\" width=\"491\">\n<p class=\"MsoNormal\" style=\"margin: 6pt 0cm;\" align=\"left\"><span style=\"font-size: 12.0pt; font-family: 'Calibri',sans-serif; mso-fareast-font-family: 'Times New Roman'; color: black; mso-fareast-language: PT-BR;\">Resultado Definitivo ap\u00f3s per\u00edodo recursal<\/span><\/p>\n<\/td>\n<\/tr>\n<tr style=\"mso-yfti-irow: 1; height: 1.0pt;\">\n<td style=\"width: 70.85pt; border: solid white 4.5pt; border-top: none; background: #FAE2D5; mso-background-themecolor: accent2; mso-background-themetint: 51; padding: 0cm 5.0pt 0cm 5.0pt; height: 1.0pt;\" width=\"94\">\n<p class=\"MsoNormal\" style=\"text-align: center; margin: 6.0pt 0cm 6.0pt 0cm;\" align=\"center\"><span style=\"font-size: 12.0pt; font-family: 'Calibri',sans-serif; mso-fareast-font-family: 'Times New Roman'; color: black; mso-fareast-language: PT-BR;\">22\/01\/2025<\/span><\/p>\n<\/td>\n<td style=\"width: 2.0cm; border-top: none; border-left: none; border-bottom: solid white 4.5pt; border-right: solid white 4.5pt; mso-border-left-alt: solid white 4.5pt; background: #FAE2D5; mso-background-themecolor: accent2; mso-background-themetint: 51; padding: 0cm 5.0pt 0cm 5.0pt; height: 1.0pt;\" valign=\"top\" width=\"76\">\n<p class=\"MsoNormal\" style=\"text-align: center; margin: 6.0pt 0cm 6.0pt 0cm;\" align=\"center\"><b><span style=\"font-size: 12.0pt; font-family: 'Calibri',sans-serif; mso-fareast-font-family: 'Times New Roman'; color: #0070c0; mso-fareast-language: PT-BR;\"><a href=\"https:\/\/www.posgraduacao.unimontes.br\/ppge\/resultado-preliminar-5\/\" target=\"_blank\" rel=\"noopener\"><span style=\"color: #0070c0; text-decoration-line: none;\">Arquivo<\/span><\/a><\/span><\/b><\/p>\n<\/td>\n<td style=\"width: 368.5pt; border-top: none; border-left: none; border-bottom: solid white 4.5pt; border-right: solid white 4.5pt; mso-border-left-alt: solid white 4.5pt; background: #FAE2D5; mso-background-themecolor: accent2; mso-background-themetint: 51; padding: 0cm 5.0pt 0cm 5.0pt; height: 1.0pt;\" valign=\"top\" width=\"491\">\n<p class=\"MsoNormal\" style=\"margin: 6pt 0cm;\" align=\"left\"><span style=\"font-size: 12.0pt; font-family: 'Calibri',sans-serif; mso-fareast-font-family: 'Times New Roman'; color: black; mso-fareast-language: PT-BR;\">Resultado Preliminar<\/span><\/p>\n<\/td>\n<\/tr>\n<tr style=\"mso-yfti-irow: 2; height: 1.0pt;\">\n<td style=\"width: 70.85pt; border: solid white 4.5pt; border-top: none; background: #FAE2D5; mso-background-themecolor: accent2; mso-background-themetint: 51; padding: 0cm 5.0pt 0cm 5.0pt; height: 1.0pt;\" rowspan=\"7\" width=\"94\">\n<p class=\"MsoNormal\" style=\"text-align: center; margin: 6.0pt 0cm 6.0pt 0cm;\" align=\"center\"><span style=\"font-size: 12.0pt; font-family: 'Calibri',sans-serif; mso-fareast-font-family: 'Times New Roman'; color: black; mso-fareast-language: PT-BR;\">13\/01\/2025<\/span><\/p>\n<\/td>\n<td style=\"width: 2.0cm; border-top: none; border-left: none; border-bottom: solid white 4.5pt; border-right: solid white 4.5pt; mso-border-left-alt: solid white 4.5pt; background: #FAE2D5; mso-background-themecolor: accent2; mso-background-themetint: 51; padding: 0cm 5.0pt 0cm 5.0pt; height: 1.0pt;\" valign=\"top\" width=\"76\">\n<p class=\"MsoNormal\" style=\"text-align: center; margin: 6.0pt 0cm 6.0pt 0cm;\" align=\"center\"><b><span style=\"font-size: 12.0pt; font-family: 'Calibri',sans-serif; mso-fareast-font-family: 'Times New Roman'; color: #0070c0; mso-fareast-language: PT-BR;\"><a href=\"http:\/\/www.posgraduacao.unimontes.br\/uploads\/sites\/8\/2025\/01\/Edital-n.-1-2025-Edital-de-Bolsas.pdf\" target=\"_blank\" rel=\"noopener\"><span style=\"color: #0070c0; text-decoration-line: none;\">Arquivo<\/span><\/a><\/span><\/b><\/p>\n<\/td>\n<td style=\"width: 368.5pt; border-top: none; border-left: none; border-bottom: solid white 4.5pt; border-right: solid white 4.5pt; mso-border-left-alt: solid white 4.5pt; background: #FAE2D5; mso-background-themecolor: accent2; mso-background-themetint: 51; padding: 0cm 5.0pt 0cm 5.0pt; height: 1.0pt;\" valign=\"top\" width=\"491\">\n<p class=\"MsoNormal\" style=\"margin: 6pt 0cm;\" align=\"left\"><span style=\"font-size: 12.0pt; font-family: 'Calibri',sans-serif; mso-fareast-font-family: 'Times New Roman'; color: black; mso-fareast-language: PT-BR;\">Edital n. 1\/2025<\/span><\/p>\n<\/td>\n<\/tr>\n<tr style=\"mso-yfti-irow: 3; height: 1.0pt;\">\n<td style=\"width: 2.0cm; border-top: none; border-left: none; border-bottom: solid white 4.5pt; border-right: solid white 4.5pt; mso-border-top-alt: solid white 4.5pt; mso-border-left-alt: solid white 4.5pt; background: #FAE2D5; mso-background-themecolor: accent2; mso-background-themetint: 51; padding: 0cm 5.0pt 0cm 5.0pt; height: 1.0pt;\" valign=\"top\" width=\"76\">\n<p class=\"MsoNormal\" style=\"text-align: center; margin: 6.0pt 0cm 6.0pt 0cm;\" align=\"center\"><b><span style=\"font-size: 12.0pt; font-family: 'Calibri',sans-serif; mso-fareast-font-family: 'Times New Roman'; color: #0070c0; mso-fareast-language: PT-BR;\"><span style=\"color: #0070c0; text-decoration-line: none;\">Link<\/span><\/span><\/b><\/p>\n<\/td>\n<td style=\"width: 368.5pt; border-top: none; border-left: none; border-bottom: solid white 4.5pt; border-right: solid white 4.5pt; mso-border-top-alt: solid white 4.5pt; mso-border-left-alt: solid white 4.5pt; background: #FAE2D5; mso-background-themecolor: accent2; mso-background-themetint: 51; padding: 0cm 5.0pt 0cm 5.0pt; height: 1.0pt;\" valign=\"top\" width=\"491\">\n<p class=\"MsoNormal\" style=\"margin: 6pt 0cm;\" align=\"left\"><span style=\"font-size: 12.0pt; font-family: 'Calibri',sans-serif; mso-fareast-font-family: 'Times New Roman'; color: black; mso-fareast-language: PT-BR;\">Formul\u00e1rio de Inscri\u00e7\u00e3o<\/span><\/p>\n<\/td>\n<\/tr>\n<tr style=\"mso-yfti-irow: 4; height: 1.0pt;\">\n<td style=\"width: 2.0cm; border-top: none; border-left: none; border-bottom: solid white 4.5pt; border-right: solid white 4.5pt; mso-border-top-alt: solid white 4.5pt; mso-border-left-alt: solid white 4.5pt; background: #FAE2D5; mso-background-themecolor: accent2; mso-background-themetint: 51; padding: 0cm 5.0pt 0cm 5.0pt; height: 1.0pt;\" valign=\"top\" width=\"76\">\n<p class=\"MsoNormal\" style=\"text-align: center; margin: 6.0pt 0cm 6.0pt 0cm;\" align=\"center\"><b><span style=\"font-size: 12.0pt; font-family: 'Calibri',sans-serif; mso-fareast-font-family: 'Times New Roman'; color: #0070c0; mso-fareast-language: PT-BR;\"><span style=\"color: #0070c0; text-decoration-line: none;\">Arquivo<\/span><\/span><\/b><\/p>\n<\/td>\n<td style=\"width: 368.5pt; border-top: none; border-left: none; border-bottom: solid white 4.5pt; border-right: solid white 4.5pt; mso-border-top-alt: solid white 4.5pt; mso-border-left-alt: solid white 4.5pt; background: #FAE2D5; mso-background-themecolor: accent2; mso-background-themetint: 51; padding: 0cm 5.0pt 0cm 5.0pt; height: 1.0pt;\" valign=\"top\" width=\"491\">\n<p class=\"MsoNormal\" style=\"margin: 6pt 0cm;\" align=\"left\"><span style=\"font-size: 12.0pt; font-family: 'Calibri',sans-serif; mso-fareast-font-family: 'Times New Roman'; color: black; mso-fareast-language: PT-BR;\">Anexo I \u2014 Termo de Veracidade e Autenticidade<\/span><\/p>\n<\/td>\n<\/tr>\n<tr style=\"mso-yfti-irow: 5; height: 1.0pt;\">\n<td style=\"width: 2.0cm; border-top: none; border-left: none; border-bottom: solid white 4.5pt; border-right: solid white 4.5pt; mso-border-top-alt: solid white 4.5pt; mso-border-left-alt: solid white 4.5pt; background: #FAE2D5; mso-background-themecolor: accent2; mso-background-themetint: 51; padding: 0cm 5.0pt 0cm 5.0pt; height: 1.0pt;\" valign=\"top\" width=\"76\">\n<p class=\"MsoNormal\" style=\"text-align: center; margin: 6.0pt 0cm 6.0pt 0cm;\" align=\"center\"><b><span style=\"font-size: 12.0pt; font-family: 'Calibri',sans-serif; mso-fareast-font-family: 'Times New Roman'; color: #0070c0; mso-fareast-language: PT-BR;\"><span style=\"color: #0070c0; text-decoration-line: none;\">Arquivo<\/span><\/span><\/b><\/p>\n<\/td>\n<td style=\"width: 368.5pt; border-top: none; border-left: none; border-bottom: solid white 4.5pt; border-right: solid white 4.5pt; mso-border-top-alt: solid white 4.5pt; mso-border-left-alt: solid white 4.5pt; background: #FAE2D5; mso-background-themecolor: accent2; mso-background-themetint: 51; padding: 0cm 5.0pt 0cm 5.0pt; height: 1.0pt;\" valign=\"top\" width=\"491\">\n<p class=\"MsoNormal\" style=\"margin: 6pt 0cm;\" align=\"left\"><span style=\"font-size: 12.0pt; font-family: 'Calibri',sans-serif; mso-fareast-font-family: 'Times New Roman'; color: black; mso-fareast-language: PT-BR;\">Anexo II \u2014 Ficha de Inscri\u00e7\u00e3o<\/span><\/p>\n<\/td>\n<\/tr>\n<tr style=\"mso-yfti-irow: 6; height: 1.0pt;\">\n<td style=\"width: 2.0cm; border-top: none; border-left: none; border-bottom: solid white 4.5pt; border-right: solid white 4.5pt; mso-border-top-alt: solid white 4.5pt; mso-border-left-alt: solid white 4.5pt; background: #FAE2D5; mso-background-themecolor: accent2; mso-background-themetint: 51; padding: 0cm 5.0pt 0cm 5.0pt; height: 1.0pt;\" valign=\"top\" width=\"76\">\n<p class=\"MsoNormal\" style=\"text-align: center; margin: 6.0pt 0cm 6.0pt 0cm;\" align=\"center\"><b><span style=\"font-size: 12.0pt; font-family: 'Calibri',sans-serif; mso-fareast-font-family: 'Times New Roman'; color: #0070c0; mso-fareast-language: PT-BR;\"><span style=\"color: #0070c0; text-decoration-line: none;\">Arquivo<\/span><\/span><\/b><\/p>\n<\/td>\n<td style=\"width: 368.5pt; border-top: none; border-left: none; border-bottom: solid white 4.5pt; border-right: solid white 4.5pt; mso-border-top-alt: solid white 4.5pt; mso-border-left-alt: solid white 4.5pt; background: #FAE2D5; mso-background-themecolor: accent2; mso-background-themetint: 51; padding: 0cm 5.0pt 0cm 5.0pt; height: 1.0pt;\" valign=\"top\" width=\"491\">\n<p class=\"MsoNormal\" style=\"margin: 6pt 0cm;\" align=\"left\"><span style=\"font-size: 12.0pt; font-family: 'Calibri',sans-serif; mso-fareast-font-family: 'Times New Roman'; color: black; mso-fareast-language: PT-BR;\">Anexo III \u2014 Declara\u00e7\u00e3o de Dedica\u00e7\u00e3o Integral ao Curso<\/span><\/p>\n<\/td>\n<\/tr>\n<tr style=\"mso-yfti-irow: 7; height: 1.0pt;\">\n<td style=\"width: 2.0cm; border-top: none; border-left: none; border-bottom: solid white 4.5pt; border-right: solid white 4.5pt; mso-border-top-alt: solid white 4.5pt; mso-border-left-alt: solid white 4.5pt; background: #FAE2D5; mso-background-themecolor: accent2; mso-background-themetint: 51; padding: 0cm 5.0pt 0cm 5.0pt; height: 1.0pt;\" valign=\"top\" width=\"76\">\n<p class=\"MsoNormal\" style=\"text-align: center; margin: 6.0pt 0cm 6.0pt 0cm;\" align=\"center\"><b><span style=\"font-size: 12.0pt; font-family: 'Calibri',sans-serif; mso-fareast-font-family: 'Times New Roman'; color: #0070c0; mso-fareast-language: PT-BR;\"><span style=\"color: #0070c0; text-decoration-line: none;\">Arquivo<\/span><\/span><\/b><\/p>\n<\/td>\n<td style=\"width: 368.5pt; border-top: none; border-left: none; border-bottom: solid white 4.5pt; border-right: solid white 4.5pt; mso-border-top-alt: solid white 4.5pt; mso-border-left-alt: solid white 4.5pt; background: #FAE2D5; mso-background-themecolor: accent2; mso-background-themetint: 51; padding: 0cm 5.0pt 0cm 5.0pt; height: 1.0pt;\" valign=\"top\" width=\"491\">\n<p class=\"MsoNormal\" style=\"margin: 6pt 0cm;\" align=\"left\"><span style=\"font-size: 12.0pt; font-family: 'Calibri',sans-serif; mso-fareast-font-family: 'Times New Roman'; color: black; mso-fareast-language: PT-BR;\">Anexo IV \u2014 Declara\u00e7\u00e3o de Ac\u00famulo de Bolsas e de V\u00ednculo Empregat\u00edcio<\/span><\/p>\n<\/td>\n<\/tr>\n<tr style=\"mso-yfti-irow: 8; mso-yfti-lastrow: yes; height: 1.0pt;\">\n<td style=\"width: 2.0cm; border-top: none; border-left: none; border-bottom: solid white 4.5pt; border-right: solid white 4.5pt; mso-border-top-alt: solid white 4.5pt; mso-border-left-alt: solid white 4.5pt; background: #FAE2D5; mso-background-themecolor: accent2; mso-background-themetint: 51; padding: 0cm 5.0pt 0cm 5.0pt; height: 1.0pt;\" valign=\"top\" width=\"76\">\n<p class=\"MsoNormal\" style=\"text-align: center; margin: 6.0pt 0cm 6.0pt 0cm;\" align=\"center\"><b><span style=\"font-size: 12.0pt; font-family: 'Calibri',sans-serif; mso-fareast-font-family: 'Times New Roman'; color: #0070c0; mso-fareast-language: PT-BR;\"><span style=\"color: #0070c0; text-decoration-line: none;\">Arquivo<\/span><\/span><\/b><\/p>\n<\/td>\n<td style=\"width: 368.5pt; border-top: none; border-left: none; border-bottom: solid white 4.5pt; border-right: solid white 4.5pt; mso-border-top-alt: solid white 4.5pt; mso-border-left-alt: solid white 4.5pt; background: #FAE2D5; mso-background-themecolor: accent2; mso-background-themetint: 51; padding: 0cm 5.0pt 0cm 5.0pt; height: 1.0pt;\" valign=\"top\" width=\"491\">\n<p class=\"MsoNormal\" style=\"margin: 6pt 0cm;\" align=\"left\"><span style=\"font-size: 12.0pt; font-family: 'Calibri',sans-serif; mso-fareast-font-family: 'Times New Roman'; color: black; mso-fareast-language: PT-BR;\">Anexo V \u2014 Barema para An\u00e1lise de Curr\u00edculo\u00a0<\/span><\/p>\n<\/td>\n<\/tr>\n<\/tbody>\n<\/table>\n<\/div><\/div><\/div><div class=\"kc-elm kc-css-345235 kc_col-sm-2 kc_column kc_col-sm-2\"><div class=\"kc-col-container\"><\/div><\/div><\/div><\/div><\/section>\n","protected":false},"excerpt":{"rendered":"","protected":false},"author":5,"featured_media":0,"parent":0,"menu_order":0,"comment_status":"closed","ping_status":"closed","template":"","meta":[],"yoast_head":"<!-- This site is optimized with the Yoast SEO plugin v14.7 - https:\/\/yoast.com\/wordpress\/plugins\/seo\/ -->\n<title>01\/2025 - Bolsa de Estudo - PPGE - Programa de P\u00f3s-Gradua\u00e7\u00e3o em Educa\u00e7\u00e3o<\/title>\n<meta name=\"robots\" content=\"index, follow\" \/>\n<meta name=\"googlebot\" content=\"index, follow, max-snippet:-1, max-image-preview:large, max-video-preview:-1\" \/>\n<meta name=\"bingbot\" content=\"index, follow, max-snippet:-1, max-image-preview:large, max-video-preview:-1\" \/>\n<link rel=\"canonical\" href=\"https:\/\/www.posgraduacao.unimontes.br\/ppge\/01-2025-bolsa-de-estudo\/\" \/>\n<meta property=\"og:locale\" content=\"pt_BR\" \/>\n<meta property=\"og:type\" content=\"article\" \/>\n<meta property=\"og:title\" content=\"01\/2025 - Bolsa de Estudo - PPGE - Programa de P\u00f3s-Gradua\u00e7\u00e3o em Educa\u00e7\u00e3o\" \/>\n<meta property=\"og:description\" content=\"O Colegiado do PPGE publica Edital de sele\u00e7\u00e3o de bolsistas da Demanda Social da CAPES, destinado a Mestrandos e Mestrandas em Educa\u00e7\u00e3o formalmente matriculados como estudantes regulares. 27\/01\/2025 Arquivo Resultado Definitivo ap\u00f3s per\u00edodo recursal 22\/01\/2025 Arquivo Resultado Preliminar 13\/01\/2025 Arquivo Edital n. 1\/2025 Link Formul\u00e1rio de Inscri\u00e7\u00e3o Arquivo Anexo I \u2014 Termo de Veracidade e [&hellip;]\" \/>\n<meta property=\"og:url\" content=\"https:\/\/www.posgraduacao.unimontes.br\/ppge\/01-2025-bolsa-de-estudo\/\" \/>\n<meta property=\"og:site_name\" content=\"PPGE - Programa de P\u00f3s-Gradua\u00e7\u00e3o em Educa\u00e7\u00e3o\" \/>\n<meta property=\"article:modified_time\" content=\"2025-07-25T13:54:48+00:00\" \/>\n<meta name=\"twitter:card\" content=\"summary_large_image\" \/>\n<script type=\"application\/ld+json\" class=\"yoast-schema-graph\">{\"@context\":\"https:\/\/schema.org\",\"@graph\":[{\"@type\":\"WebSite\",\"@id\":\"https:\/\/www.posgraduacao.unimontes.br\/ppge\/#website\",\"url\":\"https:\/\/www.posgraduacao.unimontes.br\/ppge\/\",\"name\":\"PPGE - Programa de P\\u00f3s-Gradua\\u00e7\\u00e3o em Educa\\u00e7\\u00e3o\",\"description\":\"O Programa de P\\u00f3s-Gradua\\u00e7\\u00e3o em Educa\\u00e7\\u00e3o \\u2014 Mestrado Acad\\u00eamico (PPGE) foi instalado em dezembro de 2018, ap\\u00f3s recomenda\\u00e7\\u00e3o pela Coordena\\u00e7\\u00e3o de Aperfei\\u00e7oamento de Pessoal de N\\u00edvel Superior (CAPES), com in\\u00edcio das atividades docentes previstas para abril de 2019. O Programa \\u00e9 desenvolvido pela Unimontes, institui\\u00e7\\u00e3o universit\\u00e1ria vinculada \\u00e0 Secretaria de Ci\\u00eancia e Tecnologia do Estado de Minas Gerais.\",\"potentialAction\":[{\"@type\":\"SearchAction\",\"target\":\"https:\/\/www.posgraduacao.unimontes.br\/ppge\/?s={search_term_string}\",\"query-input\":\"required name=search_term_string\"}],\"inLanguage\":\"pt-BR\"},{\"@type\":\"WebPage\",\"@id\":\"https:\/\/www.posgraduacao.unimontes.br\/ppge\/01-2025-bolsa-de-estudo\/#webpage\",\"url\":\"https:\/\/www.posgraduacao.unimontes.br\/ppge\/01-2025-bolsa-de-estudo\/\",\"name\":\"01\/2025 - Bolsa de Estudo - PPGE - Programa de P\\u00f3s-Gradua\\u00e7\\u00e3o em Educa\\u00e7\\u00e3o\",\"isPartOf\":{\"@id\":\"https:\/\/www.posgraduacao.unimontes.br\/ppge\/#website\"},\"datePublished\":\"2025-01-08T18:23:07+00:00\",\"dateModified\":\"2025-07-25T13:54:48+00:00\",\"inLanguage\":\"pt-BR\",\"potentialAction\":[{\"@type\":\"ReadAction\",\"target\":[\"https:\/\/www.posgraduacao.unimontes.br\/ppge\/01-2025-bolsa-de-estudo\/\"]}]}]}<\/script>\n<!-- \/ Yoast SEO plugin. -->","_links":{"self":[{"href":"https:\/\/www.posgraduacao.unimontes.br\/ppge\/wp-json\/wp\/v2\/pages\/2549"}],"collection":[{"href":"https:\/\/www.posgraduacao.unimontes.br\/ppge\/wp-json\/wp\/v2\/pages"}],"about":[{"href":"https:\/\/www.posgraduacao.unimontes.br\/ppge\/wp-json\/wp\/v2\/types\/page"}],"author":[{"embeddable":true,"href":"https:\/\/www.posgraduacao.unimontes.br\/ppge\/wp-json\/wp\/v2\/users\/5"}],"replies":[{"embeddable":true,"href":"https:\/\/www.posgraduacao.unimontes.br\/ppge\/wp-json\/wp\/v2\/comments?post=2549"}],"version-history":[{"count":9,"href":"https:\/\/www.posgraduacao.unimontes.br\/ppge\/wp-json\/wp\/v2\/pages\/2549\/revisions"}],"predecessor-version":[{"id":2855,"href":"https:\/\/www.posgraduacao.unimontes.br\/ppge\/wp-json\/wp\/v2\/pages\/2549\/revisions\/2855"}],"wp:attachment":[{"href":"https:\/\/www.posgraduacao.unimontes.br\/ppge\/wp-json\/wp\/v2\/media?parent=2549"}],"curies":[{"name":"wp","href":"https:\/\/api.w.org\/{rel}","templated":true}]}}