{"id":2431,"date":"2024-09-12T13:41:37","date_gmt":"2024-09-12T16:41:37","guid":{"rendered":"https:\/\/www.posgraduacao.unimontes.br\/ppge\/?page_id=2431"},"modified":"2024-09-12T14:02:41","modified_gmt":"2024-09-12T17:02:41","slug":"processo-seletivo-2021","status":"publish","type":"page","link":"https:\/\/www.posgraduacao.unimontes.br\/ppge\/processo-seletivo-2021\/","title":{"rendered":"Processo Seletivo &#8211; 2021"},"content":{"rendered":"<section class=\"kc-elm kc-css-139549 kc_row\"><div class=\"kc-row-container  kc-container\"><div class=\"kc-wrap-columns\"><div class=\"kc-elm kc-css-937520 kc_col-sm-12 kc_column kc_col-sm-12\"><div class=\"kc-col-container\"><div class=\"kc-elm kc-css-470904\" style=\"height: 20px; clear: both; width:100%;\"><\/div><div class=\"kc-elm kc-css-523881 kc_row kc_row_inner\"><div class=\"kc-elm kc-css-398089 kc_col-sm-2 kc_column_inner kc_col-sm-2\"><div class=\"kc_wrapper kc-col-inner-container\"><\/div><\/div><div class=\"kc-elm kc-css-172278 kc_col-sm-8 kc_column_inner kc_col-sm-8\"><div class=\"kc_wrapper kc-col-inner-container\"><div class=\"kc-elm kc-css-454315 kc_accordion_wrapper\">\n<div class=\"kc-elm kc-css-880673 kc_accordion_section group \"><h3 class=\"kc_accordion_header ui-accordion-header\"><span class=\"ui-accordion-header-icon ui-icon\"><\/span><a href=\"#2021\" data-prevent=\"scroll\"><i class=\"\"><\/i> 2021<\/a><\/h3><div class=\"kc_accordion_content ui-accordion-content kc_clearfix\"><div class=\"kc-panel-body\"><div class=\"kc-elm kc-css-116620 kc_text_block\"><p><a href=\"https:\/\/www.posgraduacao.unimontes.br\/ppge\/edital\/1-2021-bolsa-de-estudo\/\" target=\"_blank\" rel=\"noopener\">1\/2021 \u2014 Bolsa de Estudo<\/a><\/p>\n<\/div><div class=\"kc-elm kc-css-773290 kc_text_block\"><p><a href=\"https:\/\/www.posgraduacao.unimontes.br\/ppge\/2-2021-disciplina-isolada\/\" target=\"_blank\" rel=\"noopener\">2\/2021 \u2014 Disciplina Isolada<\/a><\/p>\n<\/div><div class=\"kc-elm kc-css-845714 kc_text_block\"><p><a href=\"https:\/\/www.posgraduacao.unimontes.br\/ppge\/3-2021-disciplina-isolada\/\" target=\"_blank\" rel=\"noopener\">3\/2021 \u2014 Disciplina Isolada<\/a><\/p>\n<\/div><div class=\"kc-elm kc-css-806370 kc_text_block\"><p><a href=\"https:\/\/www.posgraduacao.unimontes.br\/ppge\/4-2021-credenciamento-docente\/\" target=\"_blank\" rel=\"noopener\">4\/2021 \u2014 Credenciamento Docente<\/a><\/p>\n<\/div><div class=\"kc-elm kc-css-272419 kc_text_block\"><p><a href=\"https:\/\/www.posgraduacao.unimontes.br\/ppge\/5-2021-aluno-regular\/\" target=\"_blank\" rel=\"noopener\">5\/2021 \u2014 Aluno Regular<\/a><\/p>\n<\/div><div class=\"kc-elm kc-css-855823 kc_text_block\"><p><a href=\"https:\/\/www.posgraduacao.unimontes.br\/ppge\/6-2021-aluno-especial\/\" target=\"_blank\" rel=\"noopener\">6\/2021 \u2014 Aluno Especial<\/a><\/p>\n<\/div><\/div><\/div><\/div><\/div>\n<\/div><\/div><div class=\"kc-elm kc-css-463887 kc_col-sm-2 kc_column_inner kc_col-sm-2\"><div class=\"kc_wrapper kc-col-inner-container\"><\/div><\/div><\/div><\/div><\/div><\/div><\/div><\/section>\n","protected":false},"excerpt":{"rendered":"","protected":false},"author":5,"featured_media":0,"parent":0,"menu_order":0,"comment_status":"closed","ping_status":"closed","template":"","meta":[],"yoast_head":"<!-- This site is optimized with the Yoast SEO plugin v14.7 - https:\/\/yoast.com\/wordpress\/plugins\/seo\/ -->\n<title>Processo Seletivo - 2021 - PPGE - Programa de P\u00f3s-Gradua\u00e7\u00e3o em Educa\u00e7\u00e3o<\/title>\n<meta name=\"robots\" content=\"index, follow\" \/>\n<meta name=\"googlebot\" content=\"index, follow, max-snippet:-1, max-image-preview:large, max-video-preview:-1\" \/>\n<meta name=\"bingbot\" content=\"index, follow, max-snippet:-1, max-image-preview:large, max-video-preview:-1\" \/>\n<link rel=\"canonical\" href=\"https:\/\/www.posgraduacao.unimontes.br\/ppge\/processo-seletivo-2021\/\" \/>\n<meta property=\"og:locale\" content=\"pt_BR\" \/>\n<meta property=\"og:type\" content=\"article\" \/>\n<meta property=\"og:title\" content=\"Processo Seletivo - 2021 - PPGE - Programa de P\u00f3s-Gradua\u00e7\u00e3o em Educa\u00e7\u00e3o\" \/>\n<meta property=\"og:description\" content=\"2021 1\/2021 \u2014 Bolsa de Estudo 2\/2021 \u2014 Disciplina Isolada 3\/2021 \u2014 Disciplina Isolada 4\/2021 \u2014 Credenciamento Docente 5\/2021 \u2014 Aluno Regular 6\/2021 \u2014 Aluno Especial\" \/>\n<meta property=\"og:url\" content=\"https:\/\/www.posgraduacao.unimontes.br\/ppge\/processo-seletivo-2021\/\" \/>\n<meta property=\"og:site_name\" content=\"PPGE - Programa de P\u00f3s-Gradua\u00e7\u00e3o em Educa\u00e7\u00e3o\" \/>\n<meta property=\"article:modified_time\" content=\"2024-09-12T17:02:41+00:00\" \/>\n<meta name=\"twitter:card\" content=\"summary_large_image\" \/>\n<script type=\"application\/ld+json\" class=\"yoast-schema-graph\">{\"@context\":\"https:\/\/schema.org\",\"@graph\":[{\"@type\":\"WebSite\",\"@id\":\"https:\/\/www.posgraduacao.unimontes.br\/ppge\/#website\",\"url\":\"https:\/\/www.posgraduacao.unimontes.br\/ppge\/\",\"name\":\"PPGE - Programa de P\\u00f3s-Gradua\\u00e7\\u00e3o em Educa\\u00e7\\u00e3o\",\"description\":\"O Programa de P\\u00f3s-Gradua\\u00e7\\u00e3o em Educa\\u00e7\\u00e3o \\u2014 Mestrado Acad\\u00eamico (PPGE) foi instalado em dezembro de 2018, ap\\u00f3s recomenda\\u00e7\\u00e3o pela Coordena\\u00e7\\u00e3o de Aperfei\\u00e7oamento de Pessoal de N\\u00edvel Superior (CAPES), com in\\u00edcio das atividades docentes previstas para abril de 2019. O Programa \\u00e9 desenvolvido pela Unimontes, institui\\u00e7\\u00e3o universit\\u00e1ria vinculada \\u00e0 Secretaria de Ci\\u00eancia e Tecnologia do Estado de Minas Gerais.\",\"potentialAction\":[{\"@type\":\"SearchAction\",\"target\":\"https:\/\/www.posgraduacao.unimontes.br\/ppge\/?s={search_term_string}\",\"query-input\":\"required name=search_term_string\"}],\"inLanguage\":\"pt-BR\"},{\"@type\":\"WebPage\",\"@id\":\"https:\/\/www.posgraduacao.unimontes.br\/ppge\/processo-seletivo-2021\/#webpage\",\"url\":\"https:\/\/www.posgraduacao.unimontes.br\/ppge\/processo-seletivo-2021\/\",\"name\":\"Processo Seletivo - 2021 - PPGE - Programa de P\\u00f3s-Gradua\\u00e7\\u00e3o em Educa\\u00e7\\u00e3o\",\"isPartOf\":{\"@id\":\"https:\/\/www.posgraduacao.unimontes.br\/ppge\/#website\"},\"datePublished\":\"2024-09-12T16:41:37+00:00\",\"dateModified\":\"2024-09-12T17:02:41+00:00\",\"inLanguage\":\"pt-BR\",\"potentialAction\":[{\"@type\":\"ReadAction\",\"target\":[\"https:\/\/www.posgraduacao.unimontes.br\/ppge\/processo-seletivo-2021\/\"]}]}]}<\/script>\n<!-- \/ Yoast SEO plugin. -->","_links":{"self":[{"href":"https:\/\/www.posgraduacao.unimontes.br\/ppge\/wp-json\/wp\/v2\/pages\/2431"}],"collection":[{"href":"https:\/\/www.posgraduacao.unimontes.br\/ppge\/wp-json\/wp\/v2\/pages"}],"about":[{"href":"https:\/\/www.posgraduacao.unimontes.br\/ppge\/wp-json\/wp\/v2\/types\/page"}],"author":[{"embeddable":true,"href":"https:\/\/www.posgraduacao.unimontes.br\/ppge\/wp-json\/wp\/v2\/users\/5"}],"replies":[{"embeddable":true,"href":"https:\/\/www.posgraduacao.unimontes.br\/ppge\/wp-json\/wp\/v2\/comments?post=2431"}],"version-history":[{"count":2,"href":"https:\/\/www.posgraduacao.unimontes.br\/ppge\/wp-json\/wp\/v2\/pages\/2431\/revisions"}],"predecessor-version":[{"id":2443,"href":"https:\/\/www.posgraduacao.unimontes.br\/ppge\/wp-json\/wp\/v2\/pages\/2431\/revisions\/2443"}],"wp:attachment":[{"href":"https:\/\/www.posgraduacao.unimontes.br\/ppge\/wp-json\/wp\/v2\/media?parent=2431"}],"curies":[{"name":"wp","href":"https:\/\/api.w.org\/{rel}","templated":true}]}}