{"id":65,"date":"2018-12-04T08:19:33","date_gmt":"2018-12-04T10:19:33","guid":{"rendered":"http:\/\/www.posgraduacao.unimontes.br\/ppgcps\/?page_id=65"},"modified":"2024-08-08T08:03:34","modified_gmt":"2024-08-08T11:03:34","slug":"normas","status":"publish","type":"page","link":"https:\/\/www.posgraduacao.unimontes.br\/ppgcps\/normas\/","title":{"rendered":"Normas"},"content":{"rendered":"<section class=\"kc-elm kc-css-31940 kc_row\"><div class=\"kc-row-container  kc-container\"><div class=\"kc-wrap-columns\"><div class=\"kc-elm kc-css-660791 kc_column kc_col-sm-12\"><div class=\"kc-col-container\"><div class=\"kc-elm kc-css-184690\" style=\"height: 20px; clear: both; width:100%;\"><\/div><div class=\"kc-elm kc-css-381326 kc_text_block\"><ul>\n<li><strong><a href=\"https:\/\/www.posgraduacao.unimontes.br\/uploads\/sites\/18\/2024\/07\/MANUAL-PARA-APRESENTA%C3%87%C3%83O-QUALIFICA%C3%87%C3%83O-E-DEFESA-2024.pdf\">Manual da disserta\u00e7\u00e3o\u00a0<\/a><\/strong><\/li>\n<li><strong><a href=\"https:\/\/www.posgraduacao.unimontes.br\/ppgcps\/cep\/\">Comit\u00ea de \u00c9tica em Pesquisa<\/a><\/strong><\/li>\n<li><strong><a href=\"https:\/\/www.posgraduacao.unimontes.br\/ppgcps\/regimento-interno\/\">Regulamento Interno<\/a><\/strong><\/li>\n<li><strong><a href=\"https:\/\/www.posgraduacao.unimontes.br\/ppgcps\/requerimentos\/\">Requerimentos<\/a><\/strong><\/li>\n<li><strong><a href=\"https:\/\/www.posgraduacao.unimontes.br\/uploads\/sites\/18\/2026\/03\/Plano-Institucional-de-Autoavaliacao.pdf\">Plano Institucional de Autoavalia\u00e7\u00e3o<\/a><\/strong><\/li>\n<li><strong><a href=\"https:\/\/www.posgraduacao.unimontes.br\/uploads\/sites\/18\/2026\/03\/Ficha-de-Avaliacao_Interdisciplinar_2025-1.pdf\">Ficha de Avalia\u00e7\u00e3o Interdisciplinar 2025<\/a><\/strong><\/li>\n<\/ul>\n<\/div><\/div><\/div><\/div><\/div><\/section>\n","protected":false},"excerpt":{"rendered":"","protected":false},"author":5,"featured_media":0,"parent":0,"menu_order":0,"comment_status":"closed","ping_status":"closed","template":"","meta":[],"yoast_head":"<!-- This site is optimized with the Yoast SEO plugin v14.7 - https:\/\/yoast.com\/wordpress\/plugins\/seo\/ -->\n<title>Normas - Programa de P\u00f3s Gradua\u00e7\u00e3o em Cuidado Prim\u00e1rio em Sa\u00fade<\/title>\n<meta name=\"robots\" content=\"index, follow\" \/>\n<meta name=\"googlebot\" content=\"index, follow, max-snippet:-1, max-image-preview:large, max-video-preview:-1\" \/>\n<meta name=\"bingbot\" content=\"index, follow, max-snippet:-1, max-image-preview:large, max-video-preview:-1\" \/>\n<link rel=\"canonical\" href=\"https:\/\/www.posgraduacao.unimontes.br\/ppgcps\/normas\/\" \/>\n<meta property=\"og:locale\" content=\"pt_BR\" \/>\n<meta property=\"og:type\" content=\"article\" \/>\n<meta property=\"og:title\" content=\"Normas - Programa de P\u00f3s Gradua\u00e7\u00e3o em Cuidado Prim\u00e1rio em Sa\u00fade\" \/>\n<meta property=\"og:description\" content=\"Manual da disserta\u00e7\u00e3o\u00a0 Comit\u00ea de \u00c9tica em Pesquisa Regulamento Interno Requerimentos Plano Institucional de Autoavalia\u00e7\u00e3o Ficha de Avalia\u00e7\u00e3o Interdisciplinar 2025\" \/>\n<meta property=\"og:url\" content=\"https:\/\/www.posgraduacao.unimontes.br\/ppgcps\/normas\/\" \/>\n<meta property=\"og:site_name\" content=\"Programa de P\u00f3s Gradua\u00e7\u00e3o em Cuidado Prim\u00e1rio em Sa\u00fade\" \/>\n<meta property=\"article:modified_time\" content=\"2024-08-08T11:03:34+00:00\" \/>\n<meta name=\"twitter:card\" content=\"summary_large_image\" \/>\n<script type=\"application\/ld+json\" class=\"yoast-schema-graph\">{\"@context\":\"https:\/\/schema.org\",\"@graph\":[{\"@type\":\"WebSite\",\"@id\":\"https:\/\/www.posgraduacao.unimontes.br\/ppgcps\/#website\",\"url\":\"https:\/\/www.posgraduacao.unimontes.br\/ppgcps\/\",\"name\":\"Programa de P\\u00f3s Gradua\\u00e7\\u00e3o em Cuidado Prim\\u00e1rio em Sa\\u00fade\",\"description\":\"\",\"potentialAction\":[{\"@type\":\"SearchAction\",\"target\":\"https:\/\/www.posgraduacao.unimontes.br\/ppgcps\/?s={search_term_string}\",\"query-input\":\"required name=search_term_string\"}],\"inLanguage\":\"pt-BR\"},{\"@type\":\"WebPage\",\"@id\":\"https:\/\/www.posgraduacao.unimontes.br\/ppgcps\/normas\/#webpage\",\"url\":\"https:\/\/www.posgraduacao.unimontes.br\/ppgcps\/normas\/\",\"name\":\"Normas - Programa de P\\u00f3s Gradua\\u00e7\\u00e3o em Cuidado Prim\\u00e1rio em Sa\\u00fade\",\"isPartOf\":{\"@id\":\"https:\/\/www.posgraduacao.unimontes.br\/ppgcps\/#website\"},\"datePublished\":\"2018-12-04T10:19:33+00:00\",\"dateModified\":\"2024-08-08T11:03:34+00:00\",\"inLanguage\":\"pt-BR\",\"potentialAction\":[{\"@type\":\"ReadAction\",\"target\":[\"https:\/\/www.posgraduacao.unimontes.br\/ppgcps\/normas\/\"]}]}]}<\/script>\n<!-- \/ Yoast SEO plugin. -->","_links":{"self":[{"href":"https:\/\/www.posgraduacao.unimontes.br\/ppgcps\/wp-json\/wp\/v2\/pages\/65"}],"collection":[{"href":"https:\/\/www.posgraduacao.unimontes.br\/ppgcps\/wp-json\/wp\/v2\/pages"}],"about":[{"href":"https:\/\/www.posgraduacao.unimontes.br\/ppgcps\/wp-json\/wp\/v2\/types\/page"}],"author":[{"embeddable":true,"href":"https:\/\/www.posgraduacao.unimontes.br\/ppgcps\/wp-json\/wp\/v2\/users\/5"}],"replies":[{"embeddable":true,"href":"https:\/\/www.posgraduacao.unimontes.br\/ppgcps\/wp-json\/wp\/v2\/comments?post=65"}],"version-history":[{"count":3,"href":"https:\/\/www.posgraduacao.unimontes.br\/ppgcps\/wp-json\/wp\/v2\/pages\/65\/revisions"}],"predecessor-version":[{"id":2302,"href":"https:\/\/www.posgraduacao.unimontes.br\/ppgcps\/wp-json\/wp\/v2\/pages\/65\/revisions\/2302"}],"wp:attachment":[{"href":"https:\/\/www.posgraduacao.unimontes.br\/ppgcps\/wp-json\/wp\/v2\/media?parent=65"}],"curies":[{"name":"wp","href":"https:\/\/api.w.org\/{rel}","templated":true}]}}