{"id":50,"date":"2018-11-30T10:48:14","date_gmt":"2018-11-30T12:48:14","guid":{"rendered":"http:\/\/www.posgraduacao.unimontes.br\/ppgcps\/?page_id=50"},"modified":"2018-11-30T10:48:14","modified_gmt":"2018-11-30T12:48:14","slug":"apresentacao","status":"publish","type":"page","link":"https:\/\/www.posgraduacao.unimontes.br\/ppgcps\/apresentacao\/","title":{"rendered":"Apresenta\u00e7\u00e3o"},"content":{"rendered":"<section class=\"kc-elm kc-css-91846 kc_row\"><div class=\"kc-row-container  kc-container\"><div class=\"kc-wrap-columns\"><div class=\"kc-elm kc-css-516281 kc_column kc_col-sm-12\"><div class=\"kc-col-container\"><div class=\"kc-elm kc-css-602501\" style=\"height: 30px; clear: both; width:100%;\"><\/div><div class=\"kc-elm kc-css-699447 kc_text_block\"><p><span style=\"color: #000000;\">O Curso de Mestrado Profissional em Cuidado Prim\u00e1rio em Sa\u00fade deseja propiciar a forma\u00e7\u00e3o de profissionais p\u00f3s-graduandos aptos para aprofundar o conhecimento em suas \u00e1reas de trabalho, com desempenho diferenciado para assist\u00eancia \u00e0 sa\u00fade, potencial para desenvolvimento de pesquisa e novas tecnologias aplic\u00e1veis na gest\u00e3o e na aten\u00e7\u00e3o prim\u00e1ria em sa\u00fade e envolvidos com o processo de educa\u00e7\u00e3o permanente na \u00e1rea. Tamb\u00e9m visa a excel\u00eancia na pr\u00e1tica assistencial beneficiando os usu\u00e1rios dos servi\u00e7os o deslocamento do eixo flexneriano para uma pr\u00e1tica cient\u00edfica human\u00edstica, ponderada e de percep\u00e7\u00e3o agu\u00e7ada e cr\u00edtica contemplando as reais demandas existentes.<\/span><\/p>\n<p><strong><a href=\"https:\/\/www.posgraduacao.unimontes.br\/ppgcps\/historico\/\">Saiba Mais<\/a><\/strong><\/p>\n<\/div><\/div><\/div><\/div><\/div><\/section>\n","protected":false},"excerpt":{"rendered":"","protected":false},"author":5,"featured_media":0,"parent":0,"menu_order":0,"comment_status":"closed","ping_status":"closed","template":"","meta":[],"yoast_head":"<!-- This site is optimized with the Yoast SEO plugin v14.7 - https:\/\/yoast.com\/wordpress\/plugins\/seo\/ -->\n<title>Apresenta\u00e7\u00e3o - Programa de P\u00f3s Gradua\u00e7\u00e3o em Cuidado Prim\u00e1rio em Sa\u00fade<\/title>\n<meta name=\"robots\" content=\"index, follow\" \/>\n<meta name=\"googlebot\" content=\"index, follow, max-snippet:-1, max-image-preview:large, max-video-preview:-1\" \/>\n<meta name=\"bingbot\" content=\"index, follow, max-snippet:-1, max-image-preview:large, max-video-preview:-1\" \/>\n<link rel=\"canonical\" href=\"https:\/\/www.posgraduacao.unimontes.br\/ppgcps\/apresentacao\/\" \/>\n<meta property=\"og:locale\" content=\"pt_BR\" \/>\n<meta property=\"og:type\" content=\"article\" \/>\n<meta property=\"og:title\" content=\"Apresenta\u00e7\u00e3o - Programa de P\u00f3s Gradua\u00e7\u00e3o em Cuidado Prim\u00e1rio em Sa\u00fade\" \/>\n<meta property=\"og:description\" content=\"O Curso de Mestrado Profissional em Cuidado Prim\u00e1rio em Sa\u00fade deseja propiciar a forma\u00e7\u00e3o de profissionais p\u00f3s-graduandos aptos para aprofundar o conhecimento em suas \u00e1reas de trabalho, com desempenho diferenciado para assist\u00eancia \u00e0 sa\u00fade, potencial para desenvolvimento de pesquisa e novas tecnologias aplic\u00e1veis na gest\u00e3o e na aten\u00e7\u00e3o prim\u00e1ria em sa\u00fade e envolvidos com o [&hellip;]\" \/>\n<meta property=\"og:url\" content=\"https:\/\/www.posgraduacao.unimontes.br\/ppgcps\/apresentacao\/\" \/>\n<meta property=\"og:site_name\" content=\"Programa de P\u00f3s Gradua\u00e7\u00e3o em Cuidado Prim\u00e1rio em Sa\u00fade\" \/>\n<meta name=\"twitter:card\" content=\"summary_large_image\" \/>\n<script type=\"application\/ld+json\" class=\"yoast-schema-graph\">{\"@context\":\"https:\/\/schema.org\",\"@graph\":[{\"@type\":\"WebSite\",\"@id\":\"https:\/\/www.posgraduacao.unimontes.br\/ppgcps\/#website\",\"url\":\"https:\/\/www.posgraduacao.unimontes.br\/ppgcps\/\",\"name\":\"Programa de P\\u00f3s Gradua\\u00e7\\u00e3o em Cuidado Prim\\u00e1rio em Sa\\u00fade\",\"description\":\"\",\"potentialAction\":[{\"@type\":\"SearchAction\",\"target\":\"https:\/\/www.posgraduacao.unimontes.br\/ppgcps\/?s={search_term_string}\",\"query-input\":\"required name=search_term_string\"}],\"inLanguage\":\"pt-BR\"},{\"@type\":\"WebPage\",\"@id\":\"https:\/\/www.posgraduacao.unimontes.br\/ppgcps\/apresentacao\/#webpage\",\"url\":\"https:\/\/www.posgraduacao.unimontes.br\/ppgcps\/apresentacao\/\",\"name\":\"Apresenta\\u00e7\\u00e3o - Programa de P\\u00f3s Gradua\\u00e7\\u00e3o em Cuidado Prim\\u00e1rio em Sa\\u00fade\",\"isPartOf\":{\"@id\":\"https:\/\/www.posgraduacao.unimontes.br\/ppgcps\/#website\"},\"datePublished\":\"2018-11-30T12:48:14+00:00\",\"dateModified\":\"2018-11-30T12:48:14+00:00\",\"inLanguage\":\"pt-BR\",\"potentialAction\":[{\"@type\":\"ReadAction\",\"target\":[\"https:\/\/www.posgraduacao.unimontes.br\/ppgcps\/apresentacao\/\"]}]}]}<\/script>\n<!-- \/ Yoast SEO plugin. -->","_links":{"self":[{"href":"https:\/\/www.posgraduacao.unimontes.br\/ppgcps\/wp-json\/wp\/v2\/pages\/50"}],"collection":[{"href":"https:\/\/www.posgraduacao.unimontes.br\/ppgcps\/wp-json\/wp\/v2\/pages"}],"about":[{"href":"https:\/\/www.posgraduacao.unimontes.br\/ppgcps\/wp-json\/wp\/v2\/types\/page"}],"author":[{"embeddable":true,"href":"https:\/\/www.posgraduacao.unimontes.br\/ppgcps\/wp-json\/wp\/v2\/users\/5"}],"replies":[{"embeddable":true,"href":"https:\/\/www.posgraduacao.unimontes.br\/ppgcps\/wp-json\/wp\/v2\/comments?post=50"}],"version-history":[{"count":2,"href":"https:\/\/www.posgraduacao.unimontes.br\/ppgcps\/wp-json\/wp\/v2\/pages\/50\/revisions"}],"predecessor-version":[{"id":1260,"href":"https:\/\/www.posgraduacao.unimontes.br\/ppgcps\/wp-json\/wp\/v2\/pages\/50\/revisions\/1260"}],"wp:attachment":[{"href":"https:\/\/www.posgraduacao.unimontes.br\/ppgcps\/wp-json\/wp\/v2\/media?parent=50"}],"curies":[{"name":"wp","href":"https:\/\/api.w.org\/{rel}","templated":true}]}}