{"id":422,"date":"2019-05-13T11:37:15","date_gmt":"2019-05-13T14:37:15","guid":{"rendered":"http:\/\/www.posgraduacao.unimontes.br\/ppgcps\/?page_id=422"},"modified":"2025-12-05T16:02:00","modified_gmt":"2025-12-05T19:02:00","slug":"processo-seletivo","status":"publish","type":"page","link":"https:\/\/www.posgraduacao.unimontes.br\/ppgcps\/processo-seletivo\/","title":{"rendered":"Processo seletivo"},"content":{"rendered":"<section class=\"kc-elm kc-css-784353 kc_row\"><div class=\"kc-row-container  kc-container\"><div class=\"kc-wrap-columns\"><div class=\"kc-elm kc-css-264730 kc_col-sm-12 kc_column kc_col-sm-12\"><div class=\"kc-col-container\"><div class=\"kc-elm kc-css-245479\" style=\"height: 20px; clear: both; width:100%;\"><\/div><div class=\"kc-elm kc-css-634173 kc_text_block\"><h4><strong>Processo Seletivo 02\/2026 &#8211; Diciplinas isoladas<\/strong><\/h4>\n<\/div>\n<div class=\"kc-elm kc-css-271955\">\n\t<a class=\"kc_button\" href=\"https:\/\/www.posgraduacao.unimontes.br\/uploads\/sites\/18\/2026\/04\/Edital-isolada-versao-final-1.pdf\" target=\"_self\" title=\"\" onclick=\"\">\n\t\tEdital diciplinas isoladas\t<\/a>\n<\/div>\n<div class=\"kc-elm kc-css-580601\" style=\"height: 20px; clear: both; width:100%;\"><\/div><div class=\"kc-elm kc-css-626640\" style=\"height: 20px; clear: both; width:100%;\"><\/div><div class=\"kc-elm kc-css-160330 kc_text_block\"><h4><strong>Processo Seletivo 2026 &#8211; Mestrado e Doutorado em Cuidado Prim\u00e1rio em S\u00e1ude<\/strong><\/h4>\n<\/div><div class=\"kc-elm kc-css-316659\" style=\"height: 20px; clear: both; width:100%;\"><\/div>\n<div class=\"kc-elm kc-css-530012\">\n\t<a class=\"kc_button\" href=\"https:\/\/www.posgraduacao.unimontes.br\/uploads\/sites\/18\/2025\/12\/RESULTADO-FINAL.pdf\" target=\"_self\" title=\"\" onclick=\"\">\n\t\tResultado Final \t<\/a>\n<\/div>\n<div class=\"kc-elm kc-css-446797\" style=\"height: 20px; clear: both; width:100%;\"><\/div>\n<div class=\"kc-elm kc-css-452274\">\n\t<a class=\"kc_button\" href=\"https:\/\/www.posgraduacao.unimontes.br\/uploads\/sites\/18\/2025\/12\/RESULTADO-FINAL-APOS-RECURSO.pdf\" target=\"_self\" title=\"\" onclick=\"\">\n\t\tResultado p\u00f3s recursos\t<\/a>\n<\/div>\n<div class=\"kc-elm kc-css-326578\" style=\"height: 20px; clear: both; width:100%;\"><\/div>\n<div class=\"kc-elm kc-css-515465\">\n\t<a class=\"kc_button\" href=\"https:\/\/www.posgraduacao.unimontes.br\/uploads\/sites\/18\/2025\/12\/RESULTADO-FINAL-ANTES-DE-EVENTUAL-RECURSO-1.pdf\" target=\"_self\" title=\"\" onclick=\"\">\n\t\tResultado antes dos recursos\t<\/a>\n<\/div>\n<div class=\"kc-elm kc-css-984927\" style=\"height: 20px; clear: both; width:100%;\"><\/div>\n<div class=\"kc-elm kc-css-327164\">\n\t<a class=\"kc_button\" href=\"https:\/\/www.posgraduacao.unimontes.br\/uploads\/sites\/18\/2025\/11\/DATA-E-LOCAL-DA-PROVA-1.pdf\" target=\"_self\" title=\"\" onclick=\"\">\n\t\tRetifica\u00e7\u00e3o - Local da Prova.\t<\/a>\n<\/div>\n<div class=\"kc-elm kc-css-932569\" style=\"height: 20px; clear: both; width:100%;\"><\/div>\n<div class=\"kc-elm kc-css-471286\">\n\t<a class=\"kc_button\" href=\"https:\/\/unimontes.br\/wp-content\/uploads\/2025\/10\/candidatos-aptos-2a-etapa-mestrado-e-doutorado-ppgcps-2026.pdf\" target=\"_self\" title=\"\" onclick=\"\">\n\t\tLista de Candidatos Aptos - 2\u00aa Etapa\t<\/a>\n<\/div>\n<div class=\"kc-elm kc-css-470626\" style=\"height: 20px; clear: both; width:100%;\"><\/div>\n<div class=\"kc-elm kc-css-505180\">\n\t<a class=\"kc_button\" href=\"https:\/\/www.posgraduacao.unimontes.br\/uploads\/sites\/18\/2025\/11\/RESULTADO-PRIMEIRA-ETAPA.pdf\" target=\"_self\" title=\"\" onclick=\"\">\n\t\tLista de Candidatos Aptos e N\u00e3o Aptos\t<\/a>\n<\/div>\n<div class=\"kc-elm kc-css-795257\" style=\"height: 20px; clear: both; width:100%;\"><\/div>\n<div class=\"kc-elm kc-css-425346\">\n\t<a class=\"kc_button\" href=\"https:\/\/www.posgraduacao.unimontes.br\/uploads\/sites\/18\/2025\/11\/RETIFICACAO-DATAS.pdf\" target=\"_self\" title=\"\" onclick=\"\">\n\t\tRETIFICA\u00c7\u00c3O EDITAL 2026\t<\/a>\n<\/div>\n<div class=\"kc-elm kc-css-197118\" style=\"height: 20px; clear: both; width:100%;\"><\/div>\n<div class=\"kc-elm kc-css-785166\">\n\t<a class=\"kc_button\" href=\"https:\/\/www.posgraduacao.unimontes.br\/uploads\/sites\/18\/2025\/10\/EDITAL-PPGCPS.pdf\" target=\"_self\" title=\"\" onclick=\"\">\n\t\tEDITAL 2026\t<\/a>\n<\/div>\n<div class=\"kc-elm kc-css-84049\" style=\"height: 20px; clear: both; width:100%;\"><\/div><div class=\"kc-elm kc-css-177755\" style=\"height: 20px; clear: both; width:100%;\"><\/div><div class=\"kc-elm kc-css-522141\" style=\"height: 20px; clear: both; width:100%;\"><\/div><div class=\"kc-elm kc-css-293616 kc_text_block\"><h4><strong>Processo Seletivo 2025 &#8211; Mestrado e Doutorado em Cuidado Prim\u00e1rio em S\u00e1ude<\/strong><\/h4>\n<\/div><div class=\"kc-elm kc-css-355291\" style=\"height: 20px; clear: both; width:100%;\"><\/div>\n<div class=\"kc-elm kc-css-899011\">\n\t<a class=\"kc_button\" href=\"https:\/\/www.posgraduacao.unimontes.br\/ppgcps\/2024\/10\/17\/processo-seletivo-mestrado-e-doutorado-profissional-em-cuidado-primario-em-saude-2025\/\" target=\"_self\" title=\"\" onclick=\"\">\n\t\tEDITAL 2025\t<\/a>\n<\/div>\n<div class=\"kc-elm kc-css-767937\" style=\"height: 20px; clear: both; width:100%;\"><\/div><div class=\"kc-elm kc-css-685796\" style=\"height: 20px; clear: both; width:100%;\"><\/div><div class=\"kc-elm kc-css-168096\" style=\"height: 20px; clear: both; width:100%;\"><\/div><div class=\"kc-elm kc-css-436344 kc_text_block\"><h4><strong>Processo Seletivo 2024 &#8211; Mestrado Profissional em Cuidado Prim\u00e1rio em Sa\u00fade<\/strong><\/h4>\n<\/div><div class=\"kc-elm kc-css-528116\" style=\"height: 20px; clear: both; width:100%;\"><\/div>\n<div class=\"kc-elm kc-css-216773\">\n\t<a class=\"kc_button\" href=\"https:\/\/www.posgraduacao.unimontes.br\/ppgcps\/2023\/10\/27\/processo-seletivo-mestrado-profissional-em-cuidado-primario-em-saude\/\" target=\"_self\" title=\"\" onclick=\"\">\n\t\tEDITAL 2024\t<\/a>\n<\/div>\n<div class=\"kc-elm kc-css-465413\" style=\"height: 20px; clear: both; width:100%;\"><\/div><div class=\"kc-elm kc-css-579466\" style=\"height: 20px; clear: both; width:100%;\"><\/div><div class=\"kc-elm kc-css-959538\" style=\"height: 20px; clear: both; width:100%;\"><\/div><div class=\"kc-elm kc-css-13882 kc_text_block\"><h4><strong>Processo Seletivo 2023 &#8211; Mestrado Profissional em Cuidado Prim\u00e1rio em Sa\u00fade<\/strong><\/h4>\n<\/div><div class=\"kc-elm kc-css-773594\" style=\"height: 20px; clear: both; width:100%;\"><\/div>\n<div class=\"kc-elm kc-css-813914\">\n\t<a class=\"kc_button\" href=\"https:\/\/www.posgraduacao.unimontes.br\/ppgcps\/2022\/10\/28\/processo-seletivo-para-ingresso-no-mestrado-profissional-em-cuidado-primario-em-saude-1-2023\/\" target=\"_self\" title=\"\" onclick=\"\">\n\t\tEDITAL 2023\t<\/a>\n<\/div>\n<div class=\"kc-elm kc-css-358595\" style=\"height: 20px; clear: both; width:100%;\"><\/div><div class=\"kc-elm kc-css-467302\" style=\"height: 20px; clear: both; width:100%;\"><\/div><div class=\"kc-elm kc-css-163755\" style=\"height: 20px; clear: both; width:100%;\"><\/div><div class=\"kc-elm kc-css-928370 kc_text_block\"><h4><strong>Processo Seletivo 2022 &#8211; Mestrado Profissional em Cuidado Prim\u00e1rio em Sa\u00fade<\/strong><\/h4>\n<\/div>\n<div class=\"kc-elm kc-css-604766\">\n\t<a class=\"kc_button\" href=\"https:\/\/www.posgraduacao.unimontes.br\/ppgcps\/2021\/11\/17\/resultado-processo-seletivo\/\" target=\"_self\" title=\"\" onclick=\"\">\n\t\tEDITAL 2022\t<\/a>\n<\/div>\n<div class=\"kc-elm kc-css-674701\" style=\"height: 20px; clear: both; width:100%;\"><\/div><\/div><\/div><\/div><\/div><\/section>\n","protected":false},"excerpt":{"rendered":"","protected":false},"author":5,"featured_media":0,"parent":0,"menu_order":0,"comment_status":"closed","ping_status":"closed","template":"","meta":[],"yoast_head":"<!-- This site is optimized with the Yoast SEO plugin v14.7 - https:\/\/yoast.com\/wordpress\/plugins\/seo\/ -->\n<title>Processo seletivo - Programa de P\u00f3s Gradua\u00e7\u00e3o em Cuidado Prim\u00e1rio em Sa\u00fade<\/title>\n<meta name=\"robots\" content=\"index, follow\" \/>\n<meta name=\"googlebot\" content=\"index, follow, max-snippet:-1, max-image-preview:large, max-video-preview:-1\" \/>\n<meta name=\"bingbot\" content=\"index, follow, max-snippet:-1, max-image-preview:large, max-video-preview:-1\" \/>\n<link rel=\"canonical\" href=\"https:\/\/www.posgraduacao.unimontes.br\/ppgcps\/processo-seletivo\/\" \/>\n<meta property=\"og:locale\" content=\"pt_BR\" \/>\n<meta property=\"og:type\" content=\"article\" \/>\n<meta property=\"og:title\" content=\"Processo seletivo - Programa de P\u00f3s Gradua\u00e7\u00e3o em Cuidado Prim\u00e1rio em Sa\u00fade\" \/>\n<meta property=\"og:description\" content=\"Processo Seletivo 02\/2026 &#8211; Diciplinas isoladas Edital diciplinas isoladas Processo Seletivo 2026 &#8211; Mestrado e Doutorado em Cuidado Prim\u00e1rio em S\u00e1ude Resultado Final Resultado p\u00f3s recursos Resultado antes dos recursos Retifica\u00e7\u00e3o &#8211; Local da Prova. Lista de Candidatos Aptos &#8211; 2\u00aa Etapa Lista de Candidatos Aptos e N\u00e3o Aptos RETIFICA\u00c7\u00c3O EDITAL 2026 EDITAL 2026 Processo [&hellip;]\" \/>\n<meta property=\"og:url\" content=\"https:\/\/www.posgraduacao.unimontes.br\/ppgcps\/processo-seletivo\/\" \/>\n<meta property=\"og:site_name\" content=\"Programa de P\u00f3s Gradua\u00e7\u00e3o em Cuidado Prim\u00e1rio em Sa\u00fade\" \/>\n<meta property=\"article:modified_time\" content=\"2025-12-05T19:02:00+00:00\" \/>\n<meta name=\"twitter:card\" content=\"summary_large_image\" \/>\n<script type=\"application\/ld+json\" class=\"yoast-schema-graph\">{\"@context\":\"https:\/\/schema.org\",\"@graph\":[{\"@type\":\"WebSite\",\"@id\":\"https:\/\/www.posgraduacao.unimontes.br\/ppgcps\/#website\",\"url\":\"https:\/\/www.posgraduacao.unimontes.br\/ppgcps\/\",\"name\":\"Programa de P\\u00f3s Gradua\\u00e7\\u00e3o em Cuidado Prim\\u00e1rio em Sa\\u00fade\",\"description\":\"\",\"potentialAction\":[{\"@type\":\"SearchAction\",\"target\":\"https:\/\/www.posgraduacao.unimontes.br\/ppgcps\/?s={search_term_string}\",\"query-input\":\"required name=search_term_string\"}],\"inLanguage\":\"pt-BR\"},{\"@type\":\"WebPage\",\"@id\":\"https:\/\/www.posgraduacao.unimontes.br\/ppgcps\/processo-seletivo\/#webpage\",\"url\":\"https:\/\/www.posgraduacao.unimontes.br\/ppgcps\/processo-seletivo\/\",\"name\":\"Processo seletivo - Programa de P\\u00f3s Gradua\\u00e7\\u00e3o em Cuidado Prim\\u00e1rio em Sa\\u00fade\",\"isPartOf\":{\"@id\":\"https:\/\/www.posgraduacao.unimontes.br\/ppgcps\/#website\"},\"datePublished\":\"2019-05-13T14:37:15+00:00\",\"dateModified\":\"2025-12-05T19:02:00+00:00\",\"inLanguage\":\"pt-BR\",\"potentialAction\":[{\"@type\":\"ReadAction\",\"target\":[\"https:\/\/www.posgraduacao.unimontes.br\/ppgcps\/processo-seletivo\/\"]}]}]}<\/script>\n<!-- \/ Yoast SEO plugin. -->","_links":{"self":[{"href":"https:\/\/www.posgraduacao.unimontes.br\/ppgcps\/wp-json\/wp\/v2\/pages\/422"}],"collection":[{"href":"https:\/\/www.posgraduacao.unimontes.br\/ppgcps\/wp-json\/wp\/v2\/pages"}],"about":[{"href":"https:\/\/www.posgraduacao.unimontes.br\/ppgcps\/wp-json\/wp\/v2\/types\/page"}],"author":[{"embeddable":true,"href":"https:\/\/www.posgraduacao.unimontes.br\/ppgcps\/wp-json\/wp\/v2\/users\/5"}],"replies":[{"embeddable":true,"href":"https:\/\/www.posgraduacao.unimontes.br\/ppgcps\/wp-json\/wp\/v2\/comments?post=422"}],"version-history":[{"count":18,"href":"https:\/\/www.posgraduacao.unimontes.br\/ppgcps\/wp-json\/wp\/v2\/pages\/422\/revisions"}],"predecessor-version":[{"id":2555,"href":"https:\/\/www.posgraduacao.unimontes.br\/ppgcps\/wp-json\/wp\/v2\/pages\/422\/revisions\/2555"}],"wp:attachment":[{"href":"https:\/\/www.posgraduacao.unimontes.br\/ppgcps\/wp-json\/wp\/v2\/media?parent=422"}],"curies":[{"name":"wp","href":"https:\/\/api.w.org\/{rel}","templated":true}]}}