{"id":2291,"date":"2024-04-05T10:55:01","date_gmt":"2024-04-05T13:55:01","guid":{"rendered":"https:\/\/www.posgraduacao.unimontes.br\/ppgcps\/?page_id=2291"},"modified":"2024-07-08T11:34:41","modified_gmt":"2024-07-08T14:34:41","slug":"documentos","status":"publish","type":"page","link":"https:\/\/www.posgraduacao.unimontes.br\/ppgcps\/documentos\/","title":{"rendered":"Documentos"},"content":{"rendered":"<section class=\"kc-elm kc-css-429674 kc_row\"><div class=\"kc-row-container  kc-container\"><div class=\"kc-wrap-columns\"><div class=\"kc-elm kc-css-571547 kc_column kc_col-sm-12\"><div class=\"kc-col-container\"><div class=\"kc-elm kc-css-258012\" style=\"height: 20px; clear: both; width:100%;\"><\/div><div class=\"kc-elm kc-css-521374\" style=\"height: 20px; clear: both; width:100%;\"><\/div><div class=\"kc-elm kc-css-687102 kc_text_block\"><h4><strong>ATEN\u00c7\u00c3O! <\/strong><\/h4>\n<p><strong>Verifique previamente os requisitos necess\u00e1rios para fazer o agendamento de banca de qualifica\u00e7\u00e3o\/defesa. <\/strong><\/p>\n<p><strong>Os requisitos est\u00e3o dispon\u00edveis na Parte II do MANUAL DE INSTRU\u00c7\u00d5ES: ESTRUTURA\u00c7\u00c3O DO TRABALHO DE QUALIFICA\u00c7\u00c3O E DE DISSERTA\u00c7\u00c3O E, ENCAMINHAMENTOS P\u00d3S APRESENTA\u00c7\u00c3O P\u00daBLICA (<a href=\"https:\/\/www.posgraduacao.unimontes.br\/ppgcps\/manual-para-apresentacao-qualificacao-e-defesa-2024\/\">clique aqui<\/a>).<\/strong><\/p>\n<\/div><div class=\"kc-elm kc-css-988512\" style=\"height: 20px; clear: both; width:100%;\"><\/div><div class=\"kc-elm kc-css-361717 kc_text_block\"><h4><strong>Of\u00edcios e Formul\u00e1rios<\/strong><\/h4>\n<\/div><div class=\"kc-elm kc-css-294926 kc_text_block\"><ul>\n<li><a href=\"https:\/\/www.posgraduacao.unimontes.br\/ppgcps\/oficio-1-2\/\"><strong>Of\u00edcio 1 &#8211; Agendamento de Banca de Qualifica\u00e7\u00e3o<\/strong><\/a><\/li>\n<\/ul>\n<ul>\n<li><a href=\"https:\/\/www.posgraduacao.unimontes.br\/ppgcps\/oficio-2\/\" target=\"_blank\" rel=\"noopener\"><strong>Of\u00edcio 2 &#8211; Agendamento de Banca de Defesa<\/strong><\/a><\/li>\n<\/ul>\n<ul>\n<li><a href=\"https:\/\/www.posgraduacao.unimontes.br\/ppgcps\/oficio-3\/\" target=\"_blank\" rel=\"noopener\"><strong>Of\u00edcio 3 &#8211; Dep\u00f3sito da Disserta\u00e7\u00e3o<\/strong><\/a><\/li>\n<\/ul>\n<ul>\n<li><a href=\"https:\/\/www.posgraduacao.unimontes.br\/ppgcps\/formulario-1\/\" target=\"_blank\" rel=\"noopener\"><strong>Formul\u00e1rio 1 &#8211; Autoriza\u00e7\u00e3o para publica\u00e7\u00e3o na Internet<\/strong><\/a><\/li>\n<\/ul>\n<ul>\n<li><a href=\"https:\/\/www.posgraduacao.unimontes.br\/ppgcps\/formulario-2\/\" target=\"_blank\" rel=\"noopener\"><strong>Formul\u00e1rio 2 &#8211;\u00a0 Question\u00e1rio do aluno(a) egresso(a)<\/strong><\/a><\/li>\n<\/ul>\n<ul>\n<li><strong><a href=\"https:\/\/www.posgraduacao.unimontes.br\/ppgcps\/formulario-3\/\" target=\"_blank\" rel=\"noopener\">Formul\u00e1rio 3 &#8211; Solicita\u00e7\u00e3o de Ficha Catalogr\u00e1fica<\/a><\/strong><\/li>\n<\/ul>\n<\/div><div class=\"kc-elm kc-css-529764\" style=\"height: 20px; clear: both; width:100%;\"><\/div><\/div><\/div><\/div><\/div><\/section>\n","protected":false},"excerpt":{"rendered":"","protected":false},"author":17,"featured_media":0,"parent":0,"menu_order":0,"comment_status":"closed","ping_status":"closed","template":"","meta":[],"yoast_head":"<!-- This site is optimized with the Yoast SEO plugin v14.7 - https:\/\/yoast.com\/wordpress\/plugins\/seo\/ -->\n<title>Documentos - Programa de P\u00f3s Gradua\u00e7\u00e3o em Cuidado Prim\u00e1rio em Sa\u00fade<\/title>\n<meta name=\"robots\" content=\"index, follow\" \/>\n<meta name=\"googlebot\" content=\"index, follow, max-snippet:-1, max-image-preview:large, max-video-preview:-1\" \/>\n<meta name=\"bingbot\" content=\"index, follow, max-snippet:-1, max-image-preview:large, max-video-preview:-1\" \/>\n<link rel=\"canonical\" href=\"https:\/\/www.posgraduacao.unimontes.br\/ppgcps\/documentos\/\" \/>\n<meta property=\"og:locale\" content=\"pt_BR\" \/>\n<meta property=\"og:type\" content=\"article\" \/>\n<meta property=\"og:title\" content=\"Documentos - Programa de P\u00f3s Gradua\u00e7\u00e3o em Cuidado Prim\u00e1rio em Sa\u00fade\" \/>\n<meta property=\"og:description\" content=\"ATEN\u00c7\u00c3O! Verifique previamente os requisitos necess\u00e1rios para fazer o agendamento de banca de qualifica\u00e7\u00e3o\/defesa. Os requisitos est\u00e3o dispon\u00edveis na Parte II do MANUAL DE INSTRU\u00c7\u00d5ES: ESTRUTURA\u00c7\u00c3O DO TRABALHO DE QUALIFICA\u00c7\u00c3O E DE DISSERTA\u00c7\u00c3O E, ENCAMINHAMENTOS P\u00d3S APRESENTA\u00c7\u00c3O P\u00daBLICA (clique aqui). Of\u00edcios e Formul\u00e1rios Of\u00edcio 1 &#8211; Agendamento de Banca de Qualifica\u00e7\u00e3o Of\u00edcio 2 &#8211; Agendamento [&hellip;]\" \/>\n<meta property=\"og:url\" content=\"https:\/\/www.posgraduacao.unimontes.br\/ppgcps\/documentos\/\" \/>\n<meta property=\"og:site_name\" content=\"Programa de P\u00f3s Gradua\u00e7\u00e3o em Cuidado Prim\u00e1rio em Sa\u00fade\" \/>\n<meta property=\"article:modified_time\" content=\"2024-07-08T14:34:41+00:00\" \/>\n<meta name=\"twitter:card\" content=\"summary_large_image\" \/>\n<script type=\"application\/ld+json\" class=\"yoast-schema-graph\">{\"@context\":\"https:\/\/schema.org\",\"@graph\":[{\"@type\":\"WebSite\",\"@id\":\"https:\/\/www.posgraduacao.unimontes.br\/ppgcps\/#website\",\"url\":\"https:\/\/www.posgraduacao.unimontes.br\/ppgcps\/\",\"name\":\"Programa de P\\u00f3s Gradua\\u00e7\\u00e3o em Cuidado Prim\\u00e1rio em Sa\\u00fade\",\"description\":\"\",\"potentialAction\":[{\"@type\":\"SearchAction\",\"target\":\"https:\/\/www.posgraduacao.unimontes.br\/ppgcps\/?s={search_term_string}\",\"query-input\":\"required name=search_term_string\"}],\"inLanguage\":\"pt-BR\"},{\"@type\":\"WebPage\",\"@id\":\"https:\/\/www.posgraduacao.unimontes.br\/ppgcps\/documentos\/#webpage\",\"url\":\"https:\/\/www.posgraduacao.unimontes.br\/ppgcps\/documentos\/\",\"name\":\"Documentos - Programa de P\\u00f3s Gradua\\u00e7\\u00e3o em Cuidado Prim\\u00e1rio em Sa\\u00fade\",\"isPartOf\":{\"@id\":\"https:\/\/www.posgraduacao.unimontes.br\/ppgcps\/#website\"},\"datePublished\":\"2024-04-05T13:55:01+00:00\",\"dateModified\":\"2024-07-08T14:34:41+00:00\",\"inLanguage\":\"pt-BR\",\"potentialAction\":[{\"@type\":\"ReadAction\",\"target\":[\"https:\/\/www.posgraduacao.unimontes.br\/ppgcps\/documentos\/\"]}]}]}<\/script>\n<!-- \/ Yoast SEO plugin. -->","_links":{"self":[{"href":"https:\/\/www.posgraduacao.unimontes.br\/ppgcps\/wp-json\/wp\/v2\/pages\/2291"}],"collection":[{"href":"https:\/\/www.posgraduacao.unimontes.br\/ppgcps\/wp-json\/wp\/v2\/pages"}],"about":[{"href":"https:\/\/www.posgraduacao.unimontes.br\/ppgcps\/wp-json\/wp\/v2\/types\/page"}],"author":[{"embeddable":true,"href":"https:\/\/www.posgraduacao.unimontes.br\/ppgcps\/wp-json\/wp\/v2\/users\/17"}],"replies":[{"embeddable":true,"href":"https:\/\/www.posgraduacao.unimontes.br\/ppgcps\/wp-json\/wp\/v2\/comments?post=2291"}],"version-history":[{"count":5,"href":"https:\/\/www.posgraduacao.unimontes.br\/ppgcps\/wp-json\/wp\/v2\/pages\/2291\/revisions"}],"predecessor-version":[{"id":2383,"href":"https:\/\/www.posgraduacao.unimontes.br\/ppgcps\/wp-json\/wp\/v2\/pages\/2291\/revisions\/2383"}],"wp:attachment":[{"href":"https:\/\/www.posgraduacao.unimontes.br\/ppgcps\/wp-json\/wp\/v2\/media?parent=2291"}],"curies":[{"name":"wp","href":"https:\/\/api.w.org\/{rel}","templated":true}]}}