{"id":1953,"date":"2023-07-14T09:27:03","date_gmt":"2023-07-14T12:27:03","guid":{"rendered":"https:\/\/www.posgraduacao.unimontes.br\/ppgcps\/?page_id=1953"},"modified":"2023-07-14T09:27:03","modified_gmt":"2023-07-14T12:27:03","slug":"alge","status":"publish","type":"page","link":"https:\/\/www.posgraduacao.unimontes.br\/ppgcps\/alge\/","title":{"rendered":"ALGE"},"content":{"rendered":"<section class=\"kc-elm kc_row\"><div class=\"kc-row-container  kc-container\"><div class=\"kc-wrap-columns\"><div class=\"kc-elm kc_column kc_col-sm-12\"><div class=\"kc-col-container\"><div class=\"kc-elm kc-css-122902\" style=\"height: 20px; clear: both; width:100%;\"><\/div><div class=\"kc-elm kc-css-10977 kc_text_block\"><p><strong>O projeto ALGE &#8211; Avalia\u00e7\u00e3o das condi\u00e7\u00f5es de sa\u00fade das gestantes de Montes Claros-MG &#8211; foi idealizado por uma equipe de professores, estudantes e pesquisadores da Universidade Estadual de Montes Claros e tem como objetivo avaliar longitudinalmente as condi\u00e7\u00f5es de sa\u00fade das gestantes assistidas na Estrat\u00e9gia de Sa\u00fade da Fam\u00edlia do munic\u00edpio de Montes Claros, Minas Gerais, Brasil. <\/strong><strong>A popula\u00e7\u00e3o ser\u00e1 constitu\u00edda pelas gestantes regularmente cadastradas na Estrat\u00e9gia de Sa\u00fade da Fam\u00edlia, da zona urbana. Aquelas que se encontram no 1\u00ba trimestre, ser\u00e3o acompanhadas ao longo das tr\u00eas ondas do estudo.<\/strong><\/p>\n<\/div><div class=\"kc-elm kc-css-989569\" style=\"height: 20px; clear: both; width:100%;\"><\/div><div class=\"kc-elm kc-css-988100\" style=\"height: 20px; clear: both; width:100%;\"><\/div><div class=\"kc-elm kc-css-437281 kc-animated kc-animate-eff-fadeInLeft kc-feature-boxes kc-fb-layout-1\">\n\n\t<div class=\"content-icon\"><i class=\"fab-instagram\"><\/i><\/div><div class=\"content-desc\">estudoalge1000dias<\/div><div class=\"content-button\"><a href=\"https:\/\/www.instagram.com\/estudoalge1000dias\/\" target=\"_blank\" title=\"\">SAIBA MAIS <\/a><\/div>\n<\/div>\n<div class=\"kc-elm kc-css-116154\" style=\"height: 20px; clear: both; width:100%;\"><\/div><\/div><\/div><\/div><\/div><\/section>\n","protected":false},"excerpt":{"rendered":"","protected":false},"author":17,"featured_media":0,"parent":0,"menu_order":0,"comment_status":"closed","ping_status":"closed","template":"","meta":[],"yoast_head":"<!-- This site is optimized with the Yoast SEO plugin v14.7 - https:\/\/yoast.com\/wordpress\/plugins\/seo\/ -->\n<title>ALGE - Programa de P\u00f3s Gradua\u00e7\u00e3o em Cuidado Prim\u00e1rio em Sa\u00fade<\/title>\n<meta name=\"robots\" content=\"index, follow\" \/>\n<meta name=\"googlebot\" content=\"index, follow, max-snippet:-1, max-image-preview:large, max-video-preview:-1\" \/>\n<meta name=\"bingbot\" content=\"index, follow, max-snippet:-1, max-image-preview:large, max-video-preview:-1\" \/>\n<link rel=\"canonical\" href=\"https:\/\/www.posgraduacao.unimontes.br\/ppgcps\/alge\/\" \/>\n<meta property=\"og:locale\" content=\"pt_BR\" \/>\n<meta property=\"og:type\" content=\"article\" \/>\n<meta property=\"og:title\" content=\"ALGE - Programa de P\u00f3s Gradua\u00e7\u00e3o em Cuidado Prim\u00e1rio em Sa\u00fade\" \/>\n<meta property=\"og:description\" content=\"O projeto ALGE &#8211; Avalia\u00e7\u00e3o das condi\u00e7\u00f5es de sa\u00fade das gestantes de Montes Claros-MG &#8211; foi idealizado por uma equipe de professores, estudantes e pesquisadores da Universidade Estadual de Montes Claros e tem como objetivo avaliar longitudinalmente as condi\u00e7\u00f5es de sa\u00fade das gestantes assistidas na Estrat\u00e9gia de Sa\u00fade da Fam\u00edlia do munic\u00edpio de Montes Claros, [&hellip;]\" \/>\n<meta property=\"og:url\" content=\"https:\/\/www.posgraduacao.unimontes.br\/ppgcps\/alge\/\" \/>\n<meta property=\"og:site_name\" content=\"Programa de P\u00f3s Gradua\u00e7\u00e3o em Cuidado Prim\u00e1rio em Sa\u00fade\" \/>\n<meta name=\"twitter:card\" content=\"summary_large_image\" \/>\n<script type=\"application\/ld+json\" class=\"yoast-schema-graph\">{\"@context\":\"https:\/\/schema.org\",\"@graph\":[{\"@type\":\"WebSite\",\"@id\":\"https:\/\/www.posgraduacao.unimontes.br\/ppgcps\/#website\",\"url\":\"https:\/\/www.posgraduacao.unimontes.br\/ppgcps\/\",\"name\":\"Programa de P\\u00f3s Gradua\\u00e7\\u00e3o em Cuidado Prim\\u00e1rio em Sa\\u00fade\",\"description\":\"\",\"potentialAction\":[{\"@type\":\"SearchAction\",\"target\":\"https:\/\/www.posgraduacao.unimontes.br\/ppgcps\/?s={search_term_string}\",\"query-input\":\"required name=search_term_string\"}],\"inLanguage\":\"pt-BR\"},{\"@type\":\"WebPage\",\"@id\":\"https:\/\/www.posgraduacao.unimontes.br\/ppgcps\/alge\/#webpage\",\"url\":\"https:\/\/www.posgraduacao.unimontes.br\/ppgcps\/alge\/\",\"name\":\"ALGE - Programa de P\\u00f3s Gradua\\u00e7\\u00e3o em Cuidado Prim\\u00e1rio em Sa\\u00fade\",\"isPartOf\":{\"@id\":\"https:\/\/www.posgraduacao.unimontes.br\/ppgcps\/#website\"},\"datePublished\":\"2023-07-14T12:27:03+00:00\",\"dateModified\":\"2023-07-14T12:27:03+00:00\",\"inLanguage\":\"pt-BR\",\"potentialAction\":[{\"@type\":\"ReadAction\",\"target\":[\"https:\/\/www.posgraduacao.unimontes.br\/ppgcps\/alge\/\"]}]}]}<\/script>\n<!-- \/ Yoast SEO plugin. -->","_links":{"self":[{"href":"https:\/\/www.posgraduacao.unimontes.br\/ppgcps\/wp-json\/wp\/v2\/pages\/1953"}],"collection":[{"href":"https:\/\/www.posgraduacao.unimontes.br\/ppgcps\/wp-json\/wp\/v2\/pages"}],"about":[{"href":"https:\/\/www.posgraduacao.unimontes.br\/ppgcps\/wp-json\/wp\/v2\/types\/page"}],"author":[{"embeddable":true,"href":"https:\/\/www.posgraduacao.unimontes.br\/ppgcps\/wp-json\/wp\/v2\/users\/17"}],"replies":[{"embeddable":true,"href":"https:\/\/www.posgraduacao.unimontes.br\/ppgcps\/wp-json\/wp\/v2\/comments?post=1953"}],"version-history":[{"count":4,"href":"https:\/\/www.posgraduacao.unimontes.br\/ppgcps\/wp-json\/wp\/v2\/pages\/1953\/revisions"}],"predecessor-version":[{"id":1959,"href":"https:\/\/www.posgraduacao.unimontes.br\/ppgcps\/wp-json\/wp\/v2\/pages\/1953\/revisions\/1959"}],"wp:attachment":[{"href":"https:\/\/www.posgraduacao.unimontes.br\/ppgcps\/wp-json\/wp\/v2\/media?parent=1953"}],"curies":[{"name":"wp","href":"https:\/\/api.w.org\/{rel}","templated":true}]}}

<section class="kc-elm kc_row"><div class="kc-row-container  kc-container"><div class="kc-wrap-columns"><div class="kc-elm kc_column kc_col-sm-12"><div class="kc-col-container"><div class="kc-elm kc-css-122902" style="height: 20px; clear: both; width:100%;"></div><div class="kc-elm kc-css-10977 kc_text_block"><p><strong>O projeto ALGE &#8211; Avaliação das condições de saúde das gestantes de Montes Claros-MG &#8211; foi idealizado por uma equipe de professores, estudantes e pesquisadores da Universidade Estadual de Montes Claros e tem como objetivo avaliar longitudinalmente as condições de saúde das gestantes assistidas na Estratégia de Saúde da Família do município de Montes Claros, Minas Gerais, Brasil. </strong><strong>A população será constituída pelas gestantes regularmente cadastradas na Estratégia de Saúde da Família, da zona urbana. Aquelas que se encontram no 1º trimestre, serão acompanhadas ao longo das três ondas do estudo.</strong></p>
</div><div class="kc-elm kc-css-989569" style="height: 20px; clear: both; width:100%;"></div><div class="kc-elm kc-css-988100" style="height: 20px; clear: both; width:100%;"></div><div class="kc-elm kc-css-437281 kc-animated kc-animate-eff-fadeInLeft kc-feature-boxes kc-fb-layout-1">

	<div class="content-icon"><i class="fab-instagram"></i></div><div class="content-desc">estudoalge1000dias</div><div class="content-button"><a href="https://www.instagram.com/estudoalge1000dias/" target="_blank" title="">SAIBA MAIS </a></div>
</div>
<div class="kc-elm kc-css-116154" style="height: 20px; clear: both; width:100%;"></div></div></div></div></div></section>

<!-- This site is optimized with the Yoast SEO plugin v14.7 - https://yoast.com/wordpress/plugins/seo/ -->
<title>ALGE - Programa de Pós Graduação em Cuidado Primário em Saúde</title>
<meta name="robots" content="index, follow" />
<meta name="googlebot" content="index, follow, max-snippet:-1, max-image-preview:large, max-video-preview:-1" />
<meta name="bingbot" content="index, follow, max-snippet:-1, max-image-preview:large, max-video-preview:-1" />
<link rel="canonical" href="https://www.posgraduacao.unimontes.br/ppgcps/alge/" />
<meta property="og:locale" content="pt_BR" />
<meta property="og:type" content="article" />
<meta property="og:title" content="ALGE - Programa de Pós Graduação em Cuidado Primário em Saúde" />
<meta property="og:description" content="O projeto ALGE &#8211; Avaliação das condições de saúde das gestantes de Montes Claros-MG &#8211; foi idealizado por uma equipe de professores, estudantes e pesquisadores da Universidade Estadual de Montes Claros e tem como objetivo avaliar longitudinalmente as condições de saúde das gestantes assistidas na Estratégia de Saúde da Família do município de Montes Claros, [&hellip;]" />
<meta property="og:url" content="https://www.posgraduacao.unimontes.br/ppgcps/alge/" />
<meta property="og:site_name" content="Programa de Pós Graduação em Cuidado Primário em Saúde" />
<meta name="twitter:card" content="summary_large_image" />
<script type="application/ld+json" class="yoast-schema-graph">{"@context":"https://schema.org","@graph":[{"@type":"WebSite","@id":"https://www.posgraduacao.unimontes.br/ppgcps/#website","url":"https://www.posgraduacao.unimontes.br/ppgcps/","name":"Programa de P\u00f3s Gradua\u00e7\u00e3o em Cuidado Prim\u00e1rio em Sa\u00fade","description":"","potentialAction":[{"@type":"SearchAction","target":"https://www.posgraduacao.unimontes.br/ppgcps/?s={search_term_string}","query-input":"required name=search_term_string"}],"inLanguage":"pt-BR"},{"@type":"WebPage","@id":"https://www.posgraduacao.unimontes.br/ppgcps/alge/#webpage","url":"https://www.posgraduacao.unimontes.br/ppgcps/alge/","name":"ALGE - Programa de P\u00f3s Gradua\u00e7\u00e3o em Cuidado Prim\u00e1rio em Sa\u00fade","isPartOf":{"@id":"https://www.posgraduacao.unimontes.br/ppgcps/#website"},"datePublished":"2023-07-14T12:27:03+00:00","dateModified":"2023-07-14T12:27:03+00:00","inLanguage":"pt-BR","potentialAction":[{"@type":"ReadAction","target":["https://www.posgraduacao.unimontes.br/ppgcps/alge/"]}]}]}</script>
<!-- / Yoast SEO plugin. -->
