{"id":59,"date":"2018-10-25T09:50:17","date_gmt":"2018-10-25T11:50:17","guid":{"rendered":"http:\/\/www.posgraduacao.unimontes.br\/ppgba\/?page_id=59"},"modified":"2025-11-19T12:42:59","modified_gmt":"2025-11-19T15:42:59","slug":"artigos","status":"publish","type":"page","link":"https:\/\/www.posgraduacao.unimontes.br\/ppgbot\/artigos\/","title":{"rendered":"Artigos"},"content":{"rendered":"<section class=\"kc-elm kc-css-434916 kc_row\"><div class=\"kc-row-container  kc-container\"><div class=\"kc-wrap-columns\"><div class=\"kc-elm kc-css-800586 kc_col-sm-12 kc_column kc_col-sm-12\"><div class=\"kc-col-container\">\n<div class=\"kc-elm kc-css-78127\">\n\t<a class=\"kc_button\" href=\"http:\/\/www.posgraduacao.unimontes.br\/uploads\/sites\/17\/2020\/08\/Structural-aspects-of-germination-control-in-pyrenes-of-Caryocar-brasiliense.pdf\" target=\"_self\" title=\"\" onclick=\"\">\n\t\tSouza et al. 2017 Structural aspects of germination control in pyrenes of Caryocar brasiliense\t<\/a>\n<\/div>\n<div class=\"kc-elm kc-css-218954\" style=\"height: 20px; clear: both; width:100%;\"><\/div>\n<div class=\"kc-elm kc-css-597188\">\n\t<a class=\"kc_button\" href=\"http:\/\/www.posgraduacao.unimontes.br\/uploads\/sites\/17\/2020\/08\/Seed-Storage-Indicates-the-High-Stability-of-Baba\u00e7u-Oil-Attalea-vitrivir-Zona.pdf\" target=\"_self\" title=\"\" onclick=\"\">\n\t\tSalvador et al. 2019 Seed Storage Indicates the High Stability of Baba\u00e7u Oil (Attalea vitrivir Zona)\t<\/a>\n<\/div>\n<div class=\"kc-elm kc-css-90824\" style=\"height: 20px; clear: both; width:100%;\"><\/div>\n<div class=\"kc-elm kc-css-487613\">\n\t<a class=\"kc_button\" href=\"http:\/\/www.posgraduacao.unimontes.br\/uploads\/sites\/17\/2020\/08\/Efects-of-leaf-extracts-of-Protium-spruceanum-against-adult.pdf\" target=\"_self\" title=\"\" onclick=\"\">\n\t\tFigueiredo et al. 2019 Effects of leaf extracts of Protium spruceanum against adult and larval Rhipicephalus microplus\t<\/a>\n<\/div>\n<div class=\"kc-elm kc-css-564003\" style=\"height: 20px; clear: both; width:100%;\"><\/div>\n<div class=\"kc-elm kc-css-514464\">\n\t<a class=\"kc_button\" href=\"http:\/\/www.posgraduacao.unimontes.br\/uploads\/sites\/17\/2020\/07\/Ara\u00fajo-et-al.-2020-Gall-inducing-arthropods-in-a-Neotropical-savanna-area-in-the-EPA-of-Rio-Pandeiros.pdf\" target=\"_self\" title=\"\" onclick=\"\">\n\t\tAra\u00fajo et al. 2020 Gall-inducing arthropods in a Neotropical savanna area in the EPA of Rio Pandeiros\t<\/a>\n<\/div>\n<div class=\"kc-elm kc-css-865008\" style=\"height: 20px; clear: both; width:100%;\"><\/div>\n<div class=\"kc-elm kc-css-461171\">\n\t<a class=\"kc_button\" href=\"http:\/\/www.posgraduacao.unimontes.br\/uploads\/sites\/17\/2020\/08\/Mucilaginous-Secretions-in-the-Xylem-and-Leaf-Apoplast-of-the-Swamp-Palm-Mauritia-flexuosa-L.f.-Arecaceae.pdf\" target=\"_self\" title=\"\" onclick=\"\">\n\t\tSilveira et al. 2020 Mucilaginous Secretions in the Xylem and Leaf Apoplast of the Swamp Palm Mauritia flexuosa L.f. (Arecaceae)\t<\/a>\n<\/div>\n<div class=\"kc-elm kc-css-840905\" style=\"height: 20px; clear: both; width:100%;\"><\/div>\n<div class=\"kc-elm kc-css-781607\">\n\t<a class=\"kc_button\" href=\"http:\/\/www.posgraduacao.unimontes.br\/uploads\/sites\/17\/2025\/04\/Plant-Biology-2025-Fernandes-Gall-responses-to-drying-habitats-Insights-from-the-community-of-ga.pdf\" target=\"_self\" title=\"\" onclick=\"\">\n\t\tPlant Biology - 2025 - Fernandes - Gall responses to drying habitats Insights from the community of ga\t<\/a>\n<\/div>\n<div class=\"kc-elm kc-css-204708\" style=\"height: 20px; clear: both; width:100%;\"><\/div>\n<div class=\"kc-elm kc-css-17151\">\n\t<a class=\"kc_button\" href=\"http:\/\/www.posgraduacao.unimontes.br\/uploads\/sites\/17\/2025\/04\/Artigo-18-Mazzottini-dos-Santos_et_al.2025-intera\u00e7\u00e3o-polen-pistilo.pdf\" target=\"_self\" title=\"\" onclick=\"\">\n\t\tPlant Biology - 2025 - Mazzottini-dos-Santos - Pollen\u2013pistil interaction in Mauritia flexuosa: structural and cytological... \t<\/a>\n<\/div>\n<div class=\"kc-elm kc-css-977429\" style=\"height: 20px; clear: both; width:100%;\"><\/div>\n<div class=\"kc-elm kc-css-501720\">\n\t<a class=\"kc_button\" href=\"http:\/\/www.posgraduacao.unimontes.br\/uploads\/sites\/17\/2025\/06\/Santos-et-al-2025.pdf\" target=\"_self\" title=\"\" onclick=\"\">\n\t\tSociety of Wetland Scientists - 2025 - Raissa Tais - Continuous Flowering of Different Strata Enables Resource Stability in a Tropical Vereda Wetland\t<\/a>\n<\/div>\n<div class=\"kc-elm kc-css-367708\" style=\"height: 20px; clear: both; width:100%;\"><\/div>\n<div class=\"kc-elm kc-css-788124\">\n\t<a class=\"kc_button\" href=\"http:\/\/www.posgraduacao.unimontes.br\/uploads\/sites\/17\/2025\/11\/Artigo-20-Mendes-Martins-et-al.-2025-aroeira-bee-polen_compressed.pdf\" target=\"_self\" title=\"\" onclick=\"\">\n\t\tJournal of Food Measurement and Characterization - 2025 - \u00c9rica Mendes - Seasonality, composition and storage of aroeira bee pollen\t<\/a>\n<\/div>\n<\/div><\/div><\/div><\/div><\/section>\n","protected":false},"excerpt":{"rendered":"","protected":false},"author":5,"featured_media":0,"parent":0,"menu_order":0,"comment_status":"closed","ping_status":"closed","template":"","meta":[],"yoast_head":"<!-- This site is optimized with the Yoast SEO plugin v14.7 - https:\/\/yoast.com\/wordpress\/plugins\/seo\/ -->\n<title>Artigos - PPGBOT - P\u00f3s Gradua\u00e7\u00e3o em Bot\u00e2nica Aplicada<\/title>\n<meta name=\"robots\" content=\"index, follow\" \/>\n<meta name=\"googlebot\" content=\"index, follow, max-snippet:-1, max-image-preview:large, max-video-preview:-1\" \/>\n<meta name=\"bingbot\" content=\"index, follow, max-snippet:-1, max-image-preview:large, max-video-preview:-1\" \/>\n<link rel=\"canonical\" href=\"https:\/\/www.posgraduacao.unimontes.br\/ppgbot\/artigos\/\" \/>\n<meta property=\"og:locale\" content=\"pt_BR\" \/>\n<meta property=\"og:type\" content=\"article\" \/>\n<meta property=\"og:title\" content=\"Artigos - PPGBOT - P\u00f3s Gradua\u00e7\u00e3o em Bot\u00e2nica Aplicada\" \/>\n<meta property=\"og:description\" content=\"Souza et al. 2017 Structural aspects of germination control in pyrenes of Caryocar brasiliense Salvador et al. 2019 Seed Storage Indicates the High Stability of Baba\u00e7u Oil (Attalea vitrivir Zona) Figueiredo et al. 2019 Effects of leaf extracts of Protium spruceanum against adult and larval Rhipicephalus microplus Ara\u00fajo et al. 2020 Gall-inducing arthropods in a [&hellip;]\" \/>\n<meta property=\"og:url\" content=\"https:\/\/www.posgraduacao.unimontes.br\/ppgbot\/artigos\/\" \/>\n<meta property=\"og:site_name\" content=\"PPGBOT - P\u00f3s Gradua\u00e7\u00e3o em Bot\u00e2nica Aplicada\" \/>\n<meta property=\"article:modified_time\" content=\"2025-11-19T15:42:59+00:00\" \/>\n<meta name=\"twitter:card\" content=\"summary_large_image\" \/>\n<script type=\"application\/ld+json\" class=\"yoast-schema-graph\">{\"@context\":\"https:\/\/schema.org\",\"@graph\":[{\"@type\":\"WebSite\",\"@id\":\"https:\/\/www.posgraduacao.unimontes.br\/ppgbot\/#website\",\"url\":\"https:\/\/www.posgraduacao.unimontes.br\/ppgbot\/\",\"name\":\"PPGBOT - P\\u00f3s Gradua\\u00e7\\u00e3o em Bot\\u00e2nica Aplicada\",\"description\":\"\",\"potentialAction\":[{\"@type\":\"SearchAction\",\"target\":\"https:\/\/www.posgraduacao.unimontes.br\/ppgbot\/?s={search_term_string}\",\"query-input\":\"required name=search_term_string\"}],\"inLanguage\":\"pt-BR\"},{\"@type\":\"WebPage\",\"@id\":\"https:\/\/www.posgraduacao.unimontes.br\/ppgbot\/artigos\/#webpage\",\"url\":\"https:\/\/www.posgraduacao.unimontes.br\/ppgbot\/artigos\/\",\"name\":\"Artigos - PPGBOT - P\\u00f3s Gradua\\u00e7\\u00e3o em Bot\\u00e2nica Aplicada\",\"isPartOf\":{\"@id\":\"https:\/\/www.posgraduacao.unimontes.br\/ppgbot\/#website\"},\"datePublished\":\"2018-10-25T11:50:17+00:00\",\"dateModified\":\"2025-11-19T15:42:59+00:00\",\"inLanguage\":\"pt-BR\",\"potentialAction\":[{\"@type\":\"ReadAction\",\"target\":[\"https:\/\/www.posgraduacao.unimontes.br\/ppgbot\/artigos\/\"]}]}]}<\/script>\n<!-- \/ Yoast SEO plugin. -->","_links":{"self":[{"href":"https:\/\/www.posgraduacao.unimontes.br\/ppgbot\/wp-json\/wp\/v2\/pages\/59"}],"collection":[{"href":"https:\/\/www.posgraduacao.unimontes.br\/ppgbot\/wp-json\/wp\/v2\/pages"}],"about":[{"href":"https:\/\/www.posgraduacao.unimontes.br\/ppgbot\/wp-json\/wp\/v2\/types\/page"}],"author":[{"embeddable":true,"href":"https:\/\/www.posgraduacao.unimontes.br\/ppgbot\/wp-json\/wp\/v2\/users\/5"}],"replies":[{"embeddable":true,"href":"https:\/\/www.posgraduacao.unimontes.br\/ppgbot\/wp-json\/wp\/v2\/comments?post=59"}],"version-history":[{"count":18,"href":"https:\/\/www.posgraduacao.unimontes.br\/ppgbot\/wp-json\/wp\/v2\/pages\/59\/revisions"}],"predecessor-version":[{"id":3234,"href":"https:\/\/www.posgraduacao.unimontes.br\/ppgbot\/wp-json\/wp\/v2\/pages\/59\/revisions\/3234"}],"wp:attachment":[{"href":"https:\/\/www.posgraduacao.unimontes.br\/ppgbot\/wp-json\/wp\/v2\/media?parent=59"}],"curies":[{"name":"wp","href":"https:\/\/api.w.org\/{rel}","templated":true}]}}