{"id":57,"date":"2018-10-25T09:50:04","date_gmt":"2018-10-25T11:50:04","guid":{"rendered":"http:\/\/www.posgraduacao.unimontes.br\/ppgba\/?page_id=57"},"modified":"2025-12-12T11:53:15","modified_gmt":"2025-12-12T14:53:15","slug":"dissertacoes","status":"publish","type":"page","link":"https:\/\/www.posgraduacao.unimontes.br\/ppgbot\/dissertacoes\/","title":{"rendered":"Disserta\u00e7\u00f5es"},"content":{"rendered":"<section class=\"kc-elm kc-css-485430 kc_row\"><div class=\"kc-row-container  kc-container\"><div class=\"kc-wrap-columns\"><div class=\"kc-elm kc-css-703965 kc_col-sm-12 kc_column kc_col-sm-12\"><div class=\"kc-col-container\"><div class=\"kc-elm kc-css-965791 kc_text_block\"><p><!-- \/wp:paragraph --><\/p>\n<p><!-- wp:paragraph --><\/p>\n<p><strong>1\u00b0 Turma I\/2019<\/strong><\/p>\n<p><!-- \/wp:paragraph --><\/p>\n<p><!-- wp:paragraph --><\/p>\n<p><a href=\"http:\/\/www.posgraduacao.unimontes.br\/uploads\/sites\/17\/2023\/06\/004-Danila-Moreira-Silva-2021.pdf\">ASPECTOS REPRODUTIVOS DE PLANTAS DO ECOSSISTEMA VEREDA<\/a><\/p>\n<p><!-- \/wp:paragraph --><\/p>\n<p><!-- wp:paragraph --><\/p>\n<p><a href=\"http:\/\/www.posgraduacao.unimontes.br\/uploads\/sites\/17\/2024\/10\/UMA-NOVA-ESP\u00c9CIE-LONGAMENTE-CONHECIDA.pdf\"> UMA NOVA ESP\u00c9CIE LONGAMENTE CONHECIDA <\/a><\/p>\n<p><!-- \/wp:paragraph --><\/p>\n<p><!-- wp:paragraph --><\/p>\n<p><a href=\"http:\/\/www.posgraduacao.unimontes.br\/uploads\/sites\/17\/2024\/10\/CICLAGEM-DE-NUTRIENTES-E-QUALIDADE-DO-SOLO-EM-VEREDAS-DO-SUDESTE-BRASILEIRO.pdf\">CICLAGEM DE NUTRIENTES E QUALIDADE DO SOLO EM VEREDAS DO SUDESTE BRASILEIRO<\/a><\/p>\n<p><!-- \/wp:paragraph --><\/p>\n<p><!-- wp:paragraph --><\/p>\n<p><a href=\"http:\/\/www.posgraduacao.unimontes.br\/uploads\/sites\/17\/2024\/10\/POTENCIAL-ORNAMENTAL-DE-ESP\u00c9CIES-NATIVAS-DE....pdf\">POTENCIAL ORNAMENTAL DE ESP\u00c9CIES NATIVAS DE CAMPO RUPESTRE<\/a><\/p>\n<p><!-- \/wp:paragraph --><\/p>\n<p><!-- wp:paragraph --><\/p>\n<p><a href=\"http:\/\/www.posgraduacao.unimontes.br\/uploads\/sites\/17\/2024\/10\/TRA\u00c7OS-FUNCIONAIS-QUE-DETERMINAM-A....pdf\">TRA\u00c7OS FUNCIONAIS QUE DETERMINAM A COLONIZA\u00c7\u00c3O DE \u00c1REAS DEGRADADAS NO CERRADO<\/a><\/p>\n<p><!-- \/wp:paragraph --><\/p>\n<p><!-- wp:paragraph --><\/p>\n<p><!-- \/wp:paragraph --><\/p>\n<p><!-- wp:paragraph --><\/p>\n<p><strong>2\u00b0 Turma II\/2019<\/strong><\/p>\n<p><!-- \/wp:paragraph --><\/p>\n<p><!-- wp:paragraph --><\/p>\n<p><a href=\"http:\/\/www.posgraduacao.unimontes.br\/uploads\/sites\/17\/2024\/10\/LATIC\u00cdFEROS-ANASTOMOSADOS-NA-ESTRUTURA-PRIM\u00c1RIA-E....pdf\">LATIC\u00cdFEROS ANASTOMOSADOS NA ESTRUTURA PRIM\u00c1RIA E SECUND\u00c1RIA DO CAULE DE Calotropis procera (Aiton) W.T.AITON (APOCYNACEAE)<\/a><\/p>\n<p><!-- \/wp:paragraph --><\/p>\n<p><!-- wp:paragraph --><\/p>\n<p><a href=\"http:\/\/www.posgraduacao.unimontes.br\/uploads\/sites\/17\/2024\/10\/DIVERSIDADE-TAXON\u00d4MICA-E-POTENCIAL-REGENERATIVO-DO-BANCO-DE-SEMENTES-DO-SOLO-DE-DIFERENTES-TRECHOS-DA-MATA-CILIAR-DA-BACIA-RIO-DOCE.pdf\">DIVERSIDADE TAXON\u00d4MICA E POTENCIAL REGENERATIVO DO BANCO DE SEMENTES DO SOLO DE DIFERENTES TRECHOS DA MATA CILIAR DA BACIA RIO DOCE<\/a><\/p>\n<p><!-- \/wp:paragraph --><\/p>\n<p><!-- wp:paragraph --><\/p>\n<p><a href=\"http:\/\/www.posgraduacao.unimontes.br\/uploads\/sites\/17\/2024\/10\/ESP\u00c9CIES-ACAULESCENTES-DE-Syagrus-MART.-ARECACEAE-NO....pdf\">ESP\u00c9CIES ACAULESCENTES DE Syagrus MART. (ARECACEAE) NO PARQUE ESTADUAL DA SERRA DO CABRAL-MG<\/a><\/p>\n<p><!-- \/wp:paragraph --><\/p>\n<p><!-- wp:paragraph --><\/p>\n<p><a href=\"http:\/\/www.posgraduacao.unimontes.br\/uploads\/sites\/17\/2024\/10\/AVALIA\u00c7\u00c3O-DO-EXTRATO-DA-CASCA-DO-FRUTO-DO-PEQUIZEIRO-Caryocar....pdf\">AVALIA\u00c7\u00c3O DO EXTRATO DA CASCA DO FRUTO DO PEQUIZEIRO (Caryocar brasiliense CAMB.) COMO COMPONENTE ATIVO PRINCIPAL NA FORMULA\u00c7\u00c3O DE FOTOPROTETORES<\/a><\/p>\n<p><!-- \/wp:paragraph --><\/p>\n<p><!-- wp:paragraph --><\/p>\n<p><a href=\"http:\/\/www.posgraduacao.unimontes.br\/uploads\/sites\/17\/2024\/10\/EFIC\u00c1CIA-DA-RESINA-E-DO-EXTRATO-ETAN\u00d3LICO-DE-FOLHAS-DE-Protium....pdf\">EFIC\u00c1CIA DA RESINA E DO EXTRATO ETAN\u00d3LICO DE FOLHAS DE Protium spruceanum (BENT) ENGL. EM ASSOCIA\u00c7\u00c3O COM CIPERMETRINA NO CONTROLE DE Rhipicephalus (Boophilus) microplus (CANESTRINI, 1887).<\/a><\/p>\n<p><!-- \/wp:paragraph --><\/p>\n<p><!-- wp:paragraph --><\/p>\n<p><a href=\"http:\/\/www.posgraduacao.unimontes.br\/uploads\/sites\/17\/2024\/10\/MORFOLOGIA-GERMINA\u00c7\u00c3O-E-USO-DE-AN\u00c1LISE-DE-IMAGENS....pdf\">MORFOLOGIA, GERMINA\u00c7\u00c3O E USO DE AN\u00c1LISE DE IMAGENS PARA AVALIA\u00c7\u00c3O DE AQU\u00caNIOS DE ARNICA (LYCHNOPHORA SALICIFOLIA MART.)<\/a><\/p>\n<p><!-- \/wp:paragraph --><\/p>\n<p><!-- wp:paragraph --><\/p>\n<p><!-- \/wp:paragraph --><\/p>\n<p><!-- wp:paragraph --><\/p>\n<p><strong>3\u00b0 Turma I\/2020<\/strong><\/p>\n<p><!-- \/wp:paragraph --><\/p>\n<p><!-- wp:paragraph --><\/p>\n<p><a href=\"http:\/\/www.posgraduacao.unimontes.br\/uploads\/sites\/17\/2023\/06\/013-Ana-Fl\u00e1via-Silva-2022-1.pdf\">FENOLOGIA REPRODUTIVA DA COMUNIDADE VEGETAL EM ECOSSISTEMAS DE VEREDAS NO SUDESTE DO BRASIL <\/a><\/p>\n<p><!-- \/wp:paragraph --><\/p>\n<p><!-- wp:paragraph --><\/p>\n<p><a href=\"http:\/\/www.posgraduacao.unimontes.br\/uploads\/sites\/17\/2024\/10\/DESENVOLVIMENTO-DE-ESP\u00c9CIES-PLANTADAS-EM-BORDAS-DE....pdf\">DESENVOLVIMENTO DE ESP\u00c9CIES PLANTADAS EM BORDAS DE<\/a> <a href=\"http:\/\/www.posgraduacao.unimontes.br\/uploads\/sites\/17\/2024\/10\/DESENVOLVIMENTO-DE-ESP\u00c9CIES-PLANTADAS-EM-BORDAS-DE....pdf\">VEREDAS VISANDOA RESTAURA\u00c7\u00c3O AMBIENTAL<\/a><\/p>\n<p><!-- \/wp:paragraph --><\/p>\n<p><!-- wp:paragraph --><\/p>\n<p><a href=\"http:\/\/www.posgraduacao.unimontes.br\/uploads\/sites\/17\/2023\/06\/020-Gladyane-Mendes-Bel\u00e9m-2022.pdf\"> EFEITO ANTIMICROBIANO DE \u00d3LEOS E EXTRATOS DE <em>Mauritia flexuosa<\/em> L.f. (ARECACEAE) <\/a><\/p>\n<p><!-- \/wp:paragraph --><\/p>\n<p><!-- wp:paragraph --><\/p>\n<p><a href=\"http:\/\/www.posgraduacao.unimontes.br\/uploads\/sites\/17\/2024\/10\/ATIVIDADE-MOLUSCICIDA-DE-EXTRATOS-DE-PLANTAS-DO....pdf\">ATIVIDADE MOLUSCICIDA DE EXTRATOS DE PLANTAS DO CERRADO EM Biomphalaria glabrata (SAY, 1818)<\/a><\/p>\n<p><!-- \/wp:paragraph --><\/p>\n<p><!-- wp:paragraph --><\/p>\n<p><a href=\"http:\/\/www.posgraduacao.unimontes.br\/uploads\/sites\/17\/2024\/10\/CRESCIMENTO-GEOTR\u00d3PICO-POSITIVO-DO-PEC\u00cdOLO....pdf\">CRESCIMENTO GEOTR\u00d3PICO POSITIVO DO PEC\u00cdOLO COTILEDONAR EM Butia capitata E IMPLICA\u00c7\u00d5ES ECOL\u00d3GICAS E FILOGEN\u00c9TICAS EM PALMEIRAS<\/a><\/p>\n<p><!-- \/wp:paragraph --><\/p>\n<p><!-- wp:paragraph --><\/p>\n<p><a href=\"http:\/\/www.posgraduacao.unimontes.br\/uploads\/sites\/17\/2023\/06\/019-Sthefanie-Brito-Oliva-Mota-2022.pdf\"> EFEITO CITOT\u00d3XICO E GENOT\u00d3XICO DE EXTRATOS DE <em>STRYPHNODENDRON POLYPHYLLUM<\/em> Mart. E A\u00c7\u00c3O LARVICIDA SOBRE <em>AEDES AEGYPTI<\/em><\/a><\/p>\n<p><!-- \/wp:paragraph --><\/p>\n<p><!-- wp:paragraph --><\/p>\n<p><strong>4\u00b0 Turma II\/2020<\/strong><\/p>\n<p><!-- \/wp:paragraph --><\/p>\n<p><!-- wp:paragraph --><\/p>\n<p><a href=\"http:\/\/www.posgraduacao.unimontes.br\/uploads\/sites\/17\/2024\/10\/CARACTERIZA\u00c7\u00c3O-FUNCIONAL-DE-ESP\u00c9CIES-VEGETAIS-EM....pdf\">CARACTERIZA\u00c7\u00c3O FUNCIONAL DE ESP\u00c9CIES VEGETAIS EM DUAS VEREDAS SOB DIFERENTES N\u00cdVEIS DE SECAMENTO<\/a><\/p>\n<p><!-- \/wp:paragraph --><\/p>\n<p><!-- wp:paragraph --><\/p>\n<p><a href=\"http:\/\/www.posgraduacao.unimontes.br\/uploads\/sites\/17\/2024\/10\/AVALIA\u00c7\u00c3O-DE-ATIVIDADE-ANTIMICROBIANA-E-TRIPANOCIDA....pdf\">AVALIA\u00c7\u00c3O DE ATIVIDADE ANTIMICROBIANA E TRIPANOCIDA DO EXTRATO BRUTO, PARTI\u00c7\u00c3O E FRA\u00c7\u00d5ES DE DIPLOPTERYS PUBIPETALA (A. JUSS.) WR ANDERSON E C. DAVIS<\/a><\/p>\n<p><!-- \/wp:paragraph --><\/p>\n<p><!-- wp:paragraph --><\/p>\n<p><a href=\"http:\/\/www.posgraduacao.unimontes.br\/uploads\/sites\/17\/2024\/10\/O-PAPEL-DO-AMBIENTE-NA-RIQUEZA-ABUND\u00c2NCIA-E-EXPRESS\u00c3O-DE-CARACTER\u00cdSTICAS-ESTRUTURAIS-E-METAB\u00d3LICAS-NAS-GALHAS-DA-SUPER-HOSPEDEIRA-Caryocar-brasiliense-Cambess.-CARYOCARACEAE.pdf\">O PAPEL DO AMBIENTE NA RIQUEZA, ABUND\u00c2NCIA E EXPRESS\u00c3O DE CARACTER\u00cdSTICAS ESTRUTURAIS E METAB\u00d3LICAS NAS GALHAS DA SUPER-HOSPEDEIRA Caryocar brasiliense Cambess. (CARYOCARACEAE)<\/a><\/p>\n<p><!-- \/wp:paragraph --><\/p>\n<p><!-- wp:paragraph --><\/p>\n<p><a href=\"http:\/\/www.posgraduacao.unimontes.br\/uploads\/sites\/17\/2025\/04\/Etnobot\u00e2nica-e-Etnofenologia-de-esp\u00e9cies-chave-de-palmeiras-em-comunidades-veredeiras-no-Norte-de-Minas-Gerais.pdf\">ETNOBOT\u00c2NICA E ETNOFENOLOGIA DE ESP\u00c9CIES CHAVE DE PALMEIRAS EM COMUNIDADES VEREDEIRAS NO NORTE DE MINAS GERAIS<\/a><\/p>\n<p><!-- \/wp:paragraph --><\/p>\n<p><!-- wp:paragraph --><\/p>\n<p><a href=\"http:\/\/www.posgraduacao.unimontes.br\/uploads\/sites\/17\/2023\/06\/016-Mariane-Scarcela-Dur\u00e3es-2022.pdf\"> AN\u00c1LISE DE CARACTER\u00cdSTICAS MORFOL\u00d3GICAS E FISIOL\u00d3GICAS EM VEREDAS COM DIFERENTES N\u00cdVEIS DE SECAMENTO <\/a><\/p>\n<p><!-- \/wp:paragraph --><\/p>\n<p><!-- wp:paragraph --><\/p>\n<p><a href=\"http:\/\/www.posgraduacao.unimontes.br\/uploads\/sites\/17\/2024\/10\/ANATOMIA-E-HISTOQU\u00cdMICA-DURANTE-A-GERMINA\u00c7\u00c3O-NA....pdf\">ANATOMIA E HISTOQU\u00cdMICA DURANTE A GERMINA\u00c7\u00c3O NA PALMEIRA BASAL Mauritiella armata<\/a><\/p>\n<p><!-- \/wp:paragraph --><\/p>\n<p><!-- wp:paragraph --><\/p>\n<p><a href=\"http:\/\/www.posgraduacao.unimontes.br\/uploads\/sites\/17\/2023\/06\/022-Ranielly-Moura-Fagundes-2022.pdf\"> VIABILIDADE DOS GR\u00c3OS DE P\u00d3LEN DE COQUINHO-AZEDO [<em>Butia capitata <\/em>(Mart.) Becc.] EM DIFERENTES SAZONALIDADES E DISTINTAS REGI\u00d5ES DA INFLORESC\u00caNCIA <\/a><\/p>\n<p><!-- \/wp:paragraph --><\/p>\n<p><!-- wp:paragraph --><\/p>\n<p><strong>5\u00b0 Turma I\/2021<\/strong><\/p>\n<p><!-- \/wp:paragraph --><\/p>\n<p><!-- wp:paragraph --><\/p>\n<p><a href=\"http:\/\/www.posgraduacao.unimontes.br\/uploads\/sites\/17\/2024\/10\/CARACTERIZA\u00c7\u00c3O-MORFOL\u00d3GICA-DAS-SEMENTES....pdf\">CARACTERIZA\u00c7\u00c3O MORFOL\u00d3GICA DAS SEMENTES, GERMINA\u00c7\u00c3O E ESTABELECIMENTO IN VITRO DE Cambessedesia hilariana<\/a><\/p>\n<p><!-- \/wp:paragraph --><\/p>\n<p><!-- wp:paragraph --><\/p>\n<p><a href=\"http:\/\/www.posgraduacao.unimontes.br\/uploads\/sites\/17\/2024\/10\/AVALIA\u00c7\u00c3O-DO-EXTRATO-ETAN\u00d3LICO-PULPAR-DA-PITANGA....pdf\">AVALIA\u00c7\u00c3O DO EXTRATO ETAN\u00d3LICO PULPAR DA PITANGA (Eugenia uniflora L.) COMO DERIVADO DE DROGA VEGETAL \u00c0 FORMULA\u00c7\u00c3O DE ANTISS\u00c9PTICO BUCAL<\/a><\/p>\n<p><!-- \/wp:paragraph --><\/p>\n<p><!-- wp:paragraph --><\/p>\n<p><a href=\"http:\/\/www.posgraduacao.unimontes.br\/uploads\/sites\/17\/2025\/04\/REDES-DE-INTERA\u00c7\u00d5ES-DE-VISITANTES-FLORAIS-EM-INDIV\u00cdDUOS-DE-Byrsonima-intermedia-A.-Juss.-MALPIGHIACEAE-1-1.pdf\">REDES DE INTERA\u00c7\u00d5ES DE VISITANTES FLORAIS EM INDIV\u00cdDUOS DE Byrsonima intermedia A. Juss. (MALPIGHIACEAE)<\/a><\/p>\n<p><!-- \/wp:paragraph --><\/p>\n<p><!-- wp:paragraph --><\/p>\n<p><strong>6\u00b0 Turma II\/2021<\/strong><\/p>\n<p><!-- \/wp:paragraph --><\/p>\n<p><!-- wp:paragraph --><\/p>\n<p><a href=\"http:\/\/www.posgraduacao.unimontes.br\/uploads\/sites\/17\/2024\/10\/ATIVIDADE-LARVICIDA-DOS-EXTRATOS-AQUOSO-E-ETAN\u00d3LICO-DAS....pdf\">ATIVIDADE LARVICIDA DOS EXTRATOS AQUOSO E ETAN\u00d3LICO DAS ESP\u00c9CIES Magonia pubescens A. St. Hill E Myracrodruon urundeuva Allem\u00e3o FRENTE \u00c0S LARVAS DE Aedes aegypti (Culicidae)<\/a><\/p>\n<p><!-- \/wp:paragraph --><\/p>\n<p><!-- wp:paragraph --><\/p>\n<p><a href=\"http:\/\/www.posgraduacao.unimontes.br\/uploads\/sites\/17\/2024\/10\/MUDAN\u00c7AS-FLOR\u00cdSTICO-ESTRUTURAIS-E-VARIA\u00c7\u00c3O-DO-ESTOQUE-DE....pdf\">MUDAN\u00c7AS FLOR\u00cdSTICO-ESTRUTURAIS E VARIA\u00c7\u00c3O DO ESTOQUE DE CARBONO EM FORMA\u00c7\u00c3O DE VEREDA<\/a><\/p>\n<p><!-- \/wp:paragraph --><\/p>\n<p><!-- wp:paragraph --><\/p>\n<p><a href=\"http:\/\/www.posgraduacao.unimontes.br\/uploads\/sites\/17\/2024\/10\/AVAN\u00c7OS-DA-CECIDOLOGIA-E-O-IMPACTO-DE-AMBIENTES-ANTROPIZADOS-NA-SUPERHOSPEDEIRA-DE-GALHAS-Copaifera-oblongifolia-Mart.-FABACEAE.pdf\">AVAN\u00c7OS DA CECIDOLOGIA E O IMPACTO DE AMBIENTES ANTROPIZADOS NA SUPERHOSPEDEIRA DE GALHAS Copaifera oblongifolia Mart (FABACEAE) <\/a><\/p>\n<p><!-- \/wp:paragraph --><\/p>\n<p><!-- wp:paragraph --><\/p>\n<p><a href=\"http:\/\/www.posgraduacao.unimontes.br\/uploads\/sites\/17\/2024\/10\/NOVAS-ESTRAT\u00c9GIAS-PARA-O-ESTUDO-DA-ANATOMIA-VEGETAL....pdf\">NOVAS ESTRAT\u00c9GIAS PARA O ESTUDO DA ANATOMIA VEGETAL<\/a><\/p>\n<p><!-- \/wp:paragraph --><\/p>\n<p><!-- wp:paragraph --><\/p>\n<p><a href=\"http:\/\/www.posgraduacao.unimontes.br\/uploads\/sites\/17\/2024\/10\/APORTE-E-DECOMPOSI\u00c7\u00c3O-DE-SERRAPILHEIRA-EM....pdf\">APORTE E DECOMPOSI\u00c7\u00c3O DE SERRAPILHEIRA EM AMBIENTES DE VEREDAS E SUA INTERA\u00c7\u00c3O COM AS VARI\u00c1VEIS AMBIENTAIS<\/a><\/p>\n<p><!-- \/wp:paragraph --><\/p>\n<p><!-- wp:paragraph --><\/p>\n<p><a href=\"http:\/\/www.posgraduacao.unimontes.br\/uploads\/sites\/17\/2024\/10\/CARACTERIZA\u00c7\u00c3O-DA-DIVERSIDADE-DE-INTERA\u00c7\u00d5ES-PLANTA-....pdf\">CARACTERIZA\u00c7\u00c3O DA DIVERSIDADE DE INTERA\u00c7\u00d5ES PLANTA-MORCEGO POLINIZADOR EM FRAGMENTOS DE FLORESTA TROPICAL SECA (COL\u00d4MBIA)<\/a><\/p>\n<p><!-- \/wp:paragraph --><\/p>\n<p><!-- wp:paragraph --><\/p>\n<p><strong>7\u00b0 Turma I\/2022<\/strong><\/p>\n<p><!-- \/wp:paragraph --><\/p>\n<p><!-- wp:paragraph --><\/p>\n<p><a href=\"http:\/\/www.posgraduacao.unimontes.br\/uploads\/sites\/17\/2024\/10\/DIVERSIDADE-DE-MACROFAUNA-DO-SOLO-EM-VEREDAS-COM-DIFERENTES-EST\u00c1GIOS-DE-CONSERVA\u00c7\u00c3O.pdf\">DIVERSIDADE DE MACROFAUNA DO SOLO EM VEREDAS COM DIFERENTES EST\u00c1GIOS DE CONSERVA\u00c7\u00c3O <\/a><\/p>\n<p><!-- \/wp:paragraph --><\/p>\n<p><!-- wp:paragraph --><\/p>\n<p><a href=\"http:\/\/www.posgraduacao.unimontes.br\/uploads\/sites\/17\/2024\/10\/INTERA\u00c7\u00d5ES-PLANTA-POLINIZADOR-EM-ECOSSISTEMAS-DE-VEREDAS-DE-OFERTA-DE-RECURSOS-FLORAIS-PARA-A-COMUNIDADE-\u00c0-REDE-DE-INTERA\u00c7\u00d5ES-DE-PALMEIRAS-CHAVE.pdf\">INTERA\u00c7\u00d5ES PLANTA-POLINIZADOR EM ECOSSISTEMAS DE VEREDAS: DE OFERTA DE RECURSOS FLORAIS PARA A COMUNIDADE \u00c0 REDE DE INTERA\u00c7\u00d5ES DE PALMEIRAS-CHAVE <\/a><\/p>\n<p><!-- \/wp:paragraph --><\/p>\n<p><!-- wp:paragraph --><\/p>\n<p><a href=\"http:\/\/www.posgraduacao.unimontes.br\/uploads\/sites\/17\/2024\/10\/DESENVOLVIMENTO-DE-MACR\u00d3FITAS-E-DESEMPENHO-DE-SISTEMAS-ALAGADOS-CONSTRU\u00cdDOS-TRATANDO-ESGOTO-BRUTO.pdf\">DESENVOLVIMENTO DE MACR\u00d3FITAS E DESEMPENHO DE SISTEMAS ALAGADOS CONSTRU\u00cdDOS TRATANDO ESGOTO BRUTO<\/a><\/p>\n<p><!-- \/wp:paragraph --><\/p>\n<p><!-- wp:paragraph --><\/p>\n<p><a href=\"http:\/\/www.posgraduacao.unimontes.br\/uploads\/sites\/17\/2024\/10\/AVALIA\u00c7\u00c3ODOUSODOSOLOSUPERFICIALNA-RESTAURA\u00c7\u00c3ODEVEREDASNONORTEDEMINASGERAIS.pdf\">AVALIA\u00c7\u00c3O DO USO DO SOLO SUPERFICIAL NA RESTAURA\u00c7\u00c3O DE VEREDAS NO NORTE DE MINAS GERAIS <\/a><\/p>\n<p><!-- \/wp:paragraph --><\/p>\n<p><!-- wp:paragraph --><\/p>\n<p><a href=\"http:\/\/www.posgraduacao.unimontes.br\/uploads\/sites\/17\/2024\/10\/AN\u00c1LISE-DE-P\u00d3LEN-EM-PELAGEM-DE-MORCEGOS-EM....pdf\">AN\u00c1LISE DE P\u00d3LEN EM PELAGEM DE MORCEGOS EM VEREDAS DO NORTE DE MINAS GERAIS, BRASIL<\/a><\/p>\n<p><!-- \/wp:paragraph --><\/p>\n<p><!-- wp:paragraph --><\/p>\n<p><a href=\"http:\/\/www.posgraduacao.unimontes.br\/uploads\/sites\/17\/2024\/10\/POTENCIAL-ANTIOXIDANTE-E-QUANTIFICA\u00c7\u00c3O-DOS....pdf\">POTENCIAL ANTIOXIDANTE E QUANTIFICA\u00c7\u00c3O DOS COMPOSTOS FEN\u00d3LICOS PRESENTES EM FOLHAS DE Mauritiella armata (Mart.) Burret<\/a><\/p>\n<p><!-- \/wp:paragraph --><\/p>\n<p><!-- wp:paragraph --><\/p>\n<p><a href=\"http:\/\/www.posgraduacao.unimontes.br\/uploads\/sites\/17\/2024\/10\/ATRIBUTOS-FLORAIS-FLUTUA\u00c7\u00c3O-DE-RECURSOS-E-INTERA\u00c7\u00d5ES-ECOL\u00d3GICAS-EM-\u00c1REAS-TROPICAIS-\u00daMIDAS.pdf\">ATRIBUTOS FLORAIS, FLUTUA\u00c7\u00c3O DE RECURSOS E INTERA\u00c7\u00d5ES ECOL\u00d3GICAS EM \u00c1REAS TROPICAIS \u00daMIDAS <\/a><\/p>\n<p><!-- \/wp:paragraph --><\/p>\n<p><!-- wp:paragraph --><\/p>\n<p><a href=\"http:\/\/www.posgraduacao.unimontes.br\/uploads\/sites\/17\/2025\/03\/Disserta\u00e7\u00e3o_RenataPacheco_PPGBOT_FINAL.pdf\">ARQUITETURA A\u00c9REA DE Lychnophora Salicifolia Mart. E TESTE DE RAIOS X NO DESEMPENHO GERMINATIVO<\/a><\/p>\n<p><!-- \/wp:paragraph --><\/p>\n<p><!-- wp:paragraph --><\/p>\n<p><strong>8\u00b0 Turma II\/2022<\/strong><\/p>\n<p><!-- \/wp:paragraph --><\/p>\n<p><!-- wp:paragraph --><\/p>\n<p><a href=\"http:\/\/www.posgraduacao.unimontes.br\/uploads\/sites\/17\/2025\/03\/Disserta\u00e7\u00e3o-\u00c9rica-Mendes-Martins.pdf\">Sazonalidade, composi\u00e7\u00e3o e armazenamento do p\u00f3len ap\u00edcola de Astronium urundeuva (Anacardiaceae)<\/a><\/p>\n<p><!-- \/wp:paragraph --><\/p>\n<p><!-- wp:paragraph --><\/p>\n<p><a href=\"http:\/\/www.posgraduacao.unimontes.br\/uploads\/sites\/17\/2025\/03\/Dissertacao-Jose-Neves-2.pdf\">COMPOSI\u00c7\u00c3O FLOR\u00cdSTICA NO PARQUE ESTADUAL DA SERRA DO CABRAL: PREENCHENDO LACUNAS EM OCBILs NA POR\u00c7\u00c3O NORTE DA SERRA DO ESPINHA\u00c7O, MINAS GERAIS<\/a><\/p>\n<p><!-- \/wp:paragraph --><\/p>\n<p><!-- wp:paragraph --><\/p>\n<p><a href=\"http:\/\/www.posgraduacao.unimontes.br\/uploads\/sites\/17\/2025\/03\/Disserta\u00e7\u00e3o-PPGBOT-Luciano-Santos-ficha_catol.pdf\">\u00d3LEOS ESSENCIAIS PARA O CONTROLE SUSTENT\u00c1VEL DE CARRAPATOS: EFEITOS SOBRE DIFERENTES EST\u00c1GIOS DE Rhipicephalus (Boophilus) microplus<\/a><\/p>\n<p><!-- \/wp:paragraph --><\/p>\n<p><!-- wp:paragraph --><\/p>\n<p><a href=\"http:\/\/www.posgraduacao.unimontes.br\/uploads\/sites\/17\/2025\/03\/VERA-LUCIA-ALVES-DISSERTACAO_-VERSAO-FINAL-Cataloga\u00e7\u00e3o.pdf\">EFIC\u00c1CIA DOS EXTRATOS VEGETAIS DO CERRADO CONTRA LARVAS DE Rhipicephalus microplus E Amblyomma sculptum (ACARI: IXODIDAE)<\/a><\/p>\n<p><!-- \/wp:paragraph --><\/p>\n<p><!-- wp:paragraph --><\/p>\n<p><a href=\"http:\/\/www.posgraduacao.unimontes.br\/uploads\/sites\/17\/2025\/04\/Disserta\u00e7\u00e3o-Lucas-Rodrigues-de-Souza...pdf\">SISTEMAS SEXUAIS E REPRODUTIVOS EM VEREDAS SOB DIFERENTES NIVEIS DE SECAMENTO<\/a><\/p>\n<p><!-- \/wp:paragraph --><\/p>\n<p><!-- wp:paragraph --><\/p>\n<p><strong>9\u00b0 Turma I\/2023<\/strong><\/p>\n<p><!-- \/wp:paragraph --><\/p>\n<p><!-- wp:paragraph --><\/p>\n<p><a href=\"http:\/\/www.posgraduacao.unimontes.br\/uploads\/sites\/17\/2025\/04\/Disserta\u00e7\u00e3o-Eduarda-Vict\u00f3ria-Alves-1-1.pdf\">CARACTERIZA\u00c7\u00c3O QU\u00cdMICA E ATIVIDADE BIOL\u00d3GICA DOS EXTRATOS DE Piptadenia viridiflora E Caryocar brasiliense CONTRA LARVAS E F\u00caMEAS INGURGITADAS DE Rhipicephalus microplus <\/a><\/p>\n<p><!-- \/wp:paragraph --><\/p>\n<p><!-- wp:paragraph --><\/p>\n<p><a href=\"http:\/\/www.posgraduacao.unimontes.br\/uploads\/sites\/17\/2025\/04\/DISSERTA\u00c7\u00c3O_Marta-_Silva-1-1.pdf\">ATIVIDADE ACARICIDA E EFEITOS HISTOL\u00d3GICOS DOS EXTRATOS ETAN\u00d3LICOS DE Myracrodruon urundeuva E Magonia pubescens SOBRE Rhipicephalus microplus <\/a><\/p>\n<p><!-- \/wp:paragraph --><\/p>\n<p><!-- wp:paragraph --><\/p>\n<p><a href=\"http:\/\/www.posgraduacao.unimontes.br\/uploads\/sites\/17\/2025\/04\/Disserta\u00e7\u00e3o-Maria-J\u00falia-Gomes-Marques-1-1.pdf\">ASPECTOS CITOL\u00d3GICOS DA GERMINA\u00c7\u00c3O DO P\u00d3LEN DE MAURITIA FLEXUOSA (ARECACEAE) <\/a><\/p>\n<p><!-- \/wp:paragraph --><\/p>\n<p><!-- wp:paragraph --><\/p>\n<p><a href=\"http:\/\/www.posgraduacao.unimontes.br\/uploads\/sites\/17\/2025\/09\/Toler\u00e2ncia-de-Handroanthus-impetiginosus-a-Pb-e-Ni-2.pdf\">TOLER\u00c2NCIA DE Handroanthus impetiginosus (Mart. ex DC.) Mattos AO CHUMBO e N\u00cdQUEL<\/a><\/p>\n<p><strong>9\u00b0 Turma I\/2023<\/strong><\/p>\n<p><a href=\"http:\/\/www.posgraduacao.unimontes.br\/uploads\/sites\/17\/2025\/12\/Dissertacao-final-Eduarda-Victoria-Alves-.pdf\">CARACTERIZA\u00c7\u00c3O QU\u00cdMICA E ATIVIDADE BIOL\u00d3GICA DOS EXTRATOS DE Piptadenia viridiflora E Caryocar brasiliense CONTRA LARVAS INFECTANTES E F\u00caMEAS INGURGITADAS DE Rhipicephalus microplus<\/a><\/p>\n<p>ASPECTOS CITOL\u00d3GICOS DA GERMINA\u00c7\u00c3O DO P\u00d3LEN DE MAURITIA FLEXUOSA (ARECACEAE)<\/p>\n<p><a href=\"http:\/\/www.posgraduacao.unimontes.br\/uploads\/sites\/17\/2025\/12\/DISSERTACAO_Marta-_Silva-1-1.pdf\">ATIVIDADE ACARICIDA E EFEITOS HISTOL\u00d3GICOS DOS EXTRATOS ETAN\u00d3LICOS DE Myracrodruon urundeuva E Magonia pubescens SOBRE Rhipicephalus microplus<\/a><\/p>\n<p><a href=\"http:\/\/www.posgraduacao.unimontes.br\/uploads\/sites\/17\/2025\/12\/Tolerancia-de-Handroanthus-impetiginosus-a-Pb-e-Ni-2.pdf\">TOLER\u00c2NCIA DE Handroanthus impetiginosus (Mart. ex DC.) Mattos AO CHUMBO e N\u00cdQUEL<\/a><\/p>\n<p><strong>10\u00b0 Turma II\/2023<\/strong><\/p>\n<p>GALLS IN EUGENIA L. (MYRTACEAE): DISTRIBUTION, DEVELOPMENT AND INTEGRATION BETWEEN THE ACADEMIC AND SCHOOL ENVIRONMENT<\/p>\n<p><a href=\"http:\/\/www.posgraduacao.unimontes.br\/uploads\/sites\/17\/2025\/12\/Projeto-mestrado-Versao-final-para-a-banca-FVSA-1.pdf\">DIVERSIDADE DE FLEBOTOM\u00cdNEOS E SUAS INTERA\u00c7\u00d5ES EM \u00c1REAS DE VEREDAS SOB DIFERENTES N\u00cdVEIS DE SECAMENTO<\/a><\/p>\n<p>AN\u00c1LISE FITOQU\u00cdMICA, ESTUDO IN S\u00cdLICO E EFEITO ANTIBACTERIANO DO CANABIDIOL DE UMA ESP\u00c9CIE VEGETAL DA FAM\u00cdLIA CANABACEAE OCORRENTE NO SEMI\u00c1RIDO MINEIRO<\/p>\n<p><a href=\"http:\/\/www.posgraduacao.unimontes.br\/uploads\/sites\/17\/2025\/12\/Dissertacao-Petronilio-Junior-Soares-Santos-1.pdf\">EXCLUS\u00c3O DE ALUM\u00cdNIO EM DI\u00c1SPOROS DE MACA\u00daBA: ASPECTOS ESTRUTURAIS E CITOL\u00d3GICOS<\/a><\/p>\n<p><a href=\"http:\/\/www.posgraduacao.unimontes.br\/uploads\/sites\/17\/2025\/12\/Dissertacao-Stefhanie-Silva-Pedrosa-1.pdf\">ATRIBUTOS FLORAIS E DIN\u00c2MICA DE DEPOSI\u00c7\u00c3O DE P\u00d3LEN EM VEREDA<\/a><\/p>\n<p><a href=\"http:\/\/www.posgraduacao.unimontes.br\/uploads\/sites\/17\/2025\/12\/Tatiele-versao-final-com-ficha-catalografica-03-11-2025.pdf\">IDENTIFICA\u00c7\u00c3O DA MICOBIOTA E CONTROLE DE Neodeightonia phoenicum ASSOCIADOS \u00c0 SEMENTE DE MACA\u00daBA<\/a><\/p>\n<p><!-- \/wp:paragraph --><\/p>\n<\/div><\/div><\/div><\/div><\/div><\/section>","protected":false},"excerpt":{"rendered":"","protected":false},"author":5,"featured_media":0,"parent":0,"menu_order":0,"comment_status":"closed","ping_status":"closed","template":"","meta":[],"yoast_head":"<!-- This site is optimized with the Yoast SEO plugin v14.7 - https:\/\/yoast.com\/wordpress\/plugins\/seo\/ -->\n<title>Disserta\u00e7\u00f5es - PPGBOT - P\u00f3s Gradua\u00e7\u00e3o em Bot\u00e2nica Aplicada<\/title>\n<meta name=\"robots\" content=\"index, follow\" \/>\n<meta name=\"googlebot\" content=\"index, follow, max-snippet:-1, max-image-preview:large, max-video-preview:-1\" \/>\n<meta name=\"bingbot\" content=\"index, follow, max-snippet:-1, max-image-preview:large, max-video-preview:-1\" \/>\n<link rel=\"canonical\" href=\"https:\/\/www.posgraduacao.unimontes.br\/ppgbot\/dissertacoes\/\" \/>\n<meta property=\"og:locale\" content=\"pt_BR\" \/>\n<meta property=\"og:type\" content=\"article\" \/>\n<meta property=\"og:title\" content=\"Disserta\u00e7\u00f5es - PPGBOT - P\u00f3s Gradua\u00e7\u00e3o em Bot\u00e2nica Aplicada\" \/>\n<meta property=\"og:description\" content=\"1\u00b0 Turma I\/2019 ASPECTOS REPRODUTIVOS DE PLANTAS DO ECOSSISTEMA VEREDA UMA NOVA ESP\u00c9CIE LONGAMENTE CONHECIDA CICLAGEM DE NUTRIENTES E QUALIDADE DO SOLO EM VEREDAS DO SUDESTE BRASILEIRO POTENCIAL ORNAMENTAL DE ESP\u00c9CIES NATIVAS DE CAMPO RUPESTRE TRA\u00c7OS FUNCIONAIS QUE DETERMINAM A COLONIZA\u00c7\u00c3O DE \u00c1REAS DEGRADADAS NO CERRADO 2\u00b0 Turma II\/2019 LATIC\u00cdFEROS ANASTOMOSADOS NA ESTRUTURA PRIM\u00c1RIA E [&hellip;]\" \/>\n<meta property=\"og:url\" content=\"https:\/\/www.posgraduacao.unimontes.br\/ppgbot\/dissertacoes\/\" \/>\n<meta property=\"og:site_name\" content=\"PPGBOT - P\u00f3s Gradua\u00e7\u00e3o em Bot\u00e2nica Aplicada\" \/>\n<meta property=\"article:modified_time\" content=\"2025-12-12T14:53:15+00:00\" \/>\n<meta name=\"twitter:card\" content=\"summary_large_image\" \/>\n<script type=\"application\/ld+json\" class=\"yoast-schema-graph\">{\"@context\":\"https:\/\/schema.org\",\"@graph\":[{\"@type\":\"WebSite\",\"@id\":\"https:\/\/www.posgraduacao.unimontes.br\/ppgbot\/#website\",\"url\":\"https:\/\/www.posgraduacao.unimontes.br\/ppgbot\/\",\"name\":\"PPGBOT - P\\u00f3s Gradua\\u00e7\\u00e3o em Bot\\u00e2nica Aplicada\",\"description\":\"\",\"potentialAction\":[{\"@type\":\"SearchAction\",\"target\":\"https:\/\/www.posgraduacao.unimontes.br\/ppgbot\/?s={search_term_string}\",\"query-input\":\"required name=search_term_string\"}],\"inLanguage\":\"pt-BR\"},{\"@type\":\"WebPage\",\"@id\":\"https:\/\/www.posgraduacao.unimontes.br\/ppgbot\/dissertacoes\/#webpage\",\"url\":\"https:\/\/www.posgraduacao.unimontes.br\/ppgbot\/dissertacoes\/\",\"name\":\"Disserta\\u00e7\\u00f5es - PPGBOT - P\\u00f3s Gradua\\u00e7\\u00e3o em Bot\\u00e2nica Aplicada\",\"isPartOf\":{\"@id\":\"https:\/\/www.posgraduacao.unimontes.br\/ppgbot\/#website\"},\"datePublished\":\"2018-10-25T11:50:04+00:00\",\"dateModified\":\"2025-12-12T14:53:15+00:00\",\"inLanguage\":\"pt-BR\",\"potentialAction\":[{\"@type\":\"ReadAction\",\"target\":[\"https:\/\/www.posgraduacao.unimontes.br\/ppgbot\/dissertacoes\/\"]}]}]}<\/script>\n<!-- \/ Yoast SEO plugin. -->","_links":{"self":[{"href":"https:\/\/www.posgraduacao.unimontes.br\/ppgbot\/wp-json\/wp\/v2\/pages\/57"}],"collection":[{"href":"https:\/\/www.posgraduacao.unimontes.br\/ppgbot\/wp-json\/wp\/v2\/pages"}],"about":[{"href":"https:\/\/www.posgraduacao.unimontes.br\/ppgbot\/wp-json\/wp\/v2\/types\/page"}],"author":[{"embeddable":true,"href":"https:\/\/www.posgraduacao.unimontes.br\/ppgbot\/wp-json\/wp\/v2\/users\/5"}],"replies":[{"embeddable":true,"href":"https:\/\/www.posgraduacao.unimontes.br\/ppgbot\/wp-json\/wp\/v2\/comments?post=57"}],"version-history":[{"count":41,"href":"https:\/\/www.posgraduacao.unimontes.br\/ppgbot\/wp-json\/wp\/v2\/pages\/57\/revisions"}],"predecessor-version":[{"id":3336,"href":"https:\/\/www.posgraduacao.unimontes.br\/ppgbot\/wp-json\/wp\/v2\/pages\/57\/revisions\/3336"}],"wp:attachment":[{"href":"https:\/\/www.posgraduacao.unimontes.br\/ppgbot\/wp-json\/wp\/v2\/media?parent=57"}],"curies":[{"name":"wp","href":"https:\/\/api.w.org\/{rel}","templated":true}]}}