{"id":3118,"date":"2025-06-13T12:47:39","date_gmt":"2025-06-13T15:47:39","guid":{"rendered":"https:\/\/www.posgraduacao.unimontes.br\/ppgbot\/?page_id=3118"},"modified":"2025-08-01T10:45:50","modified_gmt":"2025-08-01T13:45:50","slug":"i-processo-seletivo-2025-2","status":"publish","type":"page","link":"https:\/\/www.posgraduacao.unimontes.br\/ppgbot\/i-processo-seletivo-2025-2\/","title":{"rendered":"II Processo Seletivo 2025"},"content":{"rendered":"<section class=\"kc-elm kc-css-135348 kc_row\"><div class=\"kc-row-container  kc-container\"><div class=\"kc-wrap-columns\"><div class=\"kc-elm kc-css-663524 kc_column kc_col-sm-12\"><div class=\"kc-col-container\"><div class=\"kc-elm kc-css-689545 kc_text_block\"><p>\n<span style=\"vertical-align: inherit;\">O Programa de P\u00f3s-Gradua\u00e7\u00e3o em Bot\u00e2nica Aplicada lan\u00e7a Edital para o seu 14\u00b0 processo seletivo de alunos regulares, com entrada no 2\u00b0 semestre de 2025. Ser\u00e3o oferecidas 13 vagas neste processo e o per\u00edodo de inscri\u00e7\u00f5es \u00e9 do dia 17\/06\/2025 at\u00e9 17\/07\/2025.<\/span><\/p>\n<div class=\"wp-block-button\">\n<div class=\"wp-block-button\"><a href=\"http:\/\/www.posgraduacao.unimontes.br\/uploads\/sites\/17\/2025\/06\/Edital-02-25-do-Processo-Seletivo-Regular-do-PPGBOT.docx.pdf\"><span style=\"vertical-align: inherit;\">Edital n\u00ba 02\/2025 &#8211; Processo Seletivo Regular<\/span><\/a><\/div>\n<\/div>\n<\/div><div class=\"kc-elm kc-css-874108\" style=\"height: 16px; clear: both; width:100%;\"><\/div><div class=\"kc-elm kc-css-177138 kc_text_block\"><div class=\"wp-block-button\">\n<div><a href=\"http:\/\/www.posgraduacao.unimontes.br\/uploads\/sites\/17\/2025\/06\/RETIFICA\u00c7\u00c3O-EDITAL-N\u00ba-02-2025-PROCESSO-SELETIVO-REGULAR.pdf\">1\u00b0 Retifica\u00e7\u00e3o do Edital N\u00ba 02\/2025\u00a0<\/a><\/div>\n<\/div>\n<div><\/div>\n<\/div><div class=\"kc-elm kc-css-454357\" style=\"height: 16px; clear: both; width:100%;\"><\/div><div class=\"kc-elm kc-css-981711 kc_text_block\"><p>\n<a href=\"http:\/\/www.posgraduacao.unimontes.br\/uploads\/sites\/17\/2025\/07\/RETITICA\u00c7\u00c3O-EDITAL-N\u00ba-02-2025-PROCESSO-SELETIVO-REGULAR-1.pdf\">2\u00b0 Retifica\u00e7\u00e3o do Edital N\u00b0 02\/2025 &#8211; Prorroga\u00e7\u00e3o das inscri\u00e7\u00f5es\u00a0<\/a><\/p>\n<div><\/div>\n<\/div><div class=\"kc-elm kc-css-963007\" style=\"height: 16px; clear: both; width:100%;\"><\/div><div class=\"kc-elm kc-css-574549 kc_text_block\"><p style=\"text-align: left;\"><a href=\"http:\/\/www.posgraduacao.unimontes.br\/uploads\/sites\/17\/2025\/07\/Homologa\u00e7\u00e3o-EDITAL-N\u00ba-02-2025-1.pdf\">Homologa\u00e7\u00e3o das inscri\u00e7\u00f5es Edital n\u00b0 02\/2025<\/a><\/p>\n<div><\/div>\n<\/div><div class=\"kc-elm kc-css-219161\" style=\"height: 16px; clear: both; width:100%;\"><\/div><div class=\"kc-elm kc-css-747172 kc_text_block\"><p style=\"text-align: left;\"><a href=\"http:\/\/www.posgraduacao.unimontes.br\/uploads\/sites\/17\/2025\/07\/Resultado-Preliminar-Edital-2-2025.pdf\">Resultado Preliminar &#8211; Edital n\u00b0 02\/2025<\/a><\/p>\n<div><\/div>\n<\/div><div class=\"kc-elm kc-css-666937\" style=\"height: 16px; clear: both; width:100%;\"><\/div><div class=\"kc-elm kc-css-84223 kc_text_block\"><p style=\"text-align: left;\"><a href=\"http:\/\/www.posgraduacao.unimontes.br\/uploads\/sites\/17\/2025\/08\/Resultado-Final-Edital-2-2025-1.docx.pdf\">Resultado Final &#8211; Edital n\u00b0 02\/2025<\/a><\/p>\n<div><\/div>\n<\/div><\/div><\/div><\/div><\/div><\/section><section class=\"kc-elm kc-css-612683 kc_row\"><div class=\"kc-row-container  kc-container\"><div class=\"kc-wrap-columns\"><div class=\"kc-elm kc-css-479083 kc_col-sm-12 kc_column kc_col-sm-12\"><div class=\"kc-col-container\"><div class=\"kc-elm kc-css-865010\" style=\"height: 20px; clear: both; width:100%;\"><\/div><div class=\"kc-elm kc-css-508730\" style=\"height: 20px; clear: both; width:100%;\"><\/div><div class=\"kc-elm kc-css-299392 kc_text_block\"><p>\n<span style=\"font-style: inherit;\">O Programa de P\u00f3s-Gradua\u00e7\u00e3o em Bot\u00e2nica Aplicada lan\u00e7a Edital para processo seletivo de disciplinas isoladas, com entrada no 2\u00b0 semestre de 2025. O per\u00edodo de inscri\u00e7\u00f5es \u00e9 do dia 17\/06\/2025 at\u00e9 17\/07\/2025 .<\/span><\/p>\n<div class=\"wp-block-button\">\n<div class=\"wp-block-button\">\n<div class=\"wp-block-button\">\n<div class=\"wp-block-button\"><a href=\"http:\/\/www.posgraduacao.unimontes.br\/uploads\/sites\/17\/2025\/06\/Edital-02-25-Disciplinas-Isoladas-do-PPGBOT.docx.pdf\"><span style=\"vertical-align: inherit;\">Edital n\u00ba 02\/2025 &#8211; Processo Seletivo de Disciplinas Isoladas<\/span><\/a><\/div>\n<\/div>\n<\/div>\n<\/div>\n<\/div><div class=\"kc-elm kc-css-545774\" style=\"height: 16px; clear: both; width:100%;\"><\/div><div class=\"kc-elm kc-css-474040 kc_text_block\"><p>\n<a href=\"http:\/\/www.posgraduacao.unimontes.br\/uploads\/sites\/17\/2025\/06\/RETIFICA\u00c7\u00c3O-EDITAL-N\u00ba-02-2025-PROCESSO-SELETIVO-DISCIPLINAS-ISOLADAS.pdf\">1\u00b0 Retifica\u00e7\u00e3o do Edital N\u00ba 02\/2025\u00a0<\/a><\/p>\n<\/div><div class=\"kc-elm kc-css-375394\" style=\"height: 16px; clear: both; width:100%;\"><\/div><div class=\"kc-elm kc-css-278574 kc_text_block\"><p>\n<a href=\"http:\/\/www.posgraduacao.unimontes.br\/uploads\/sites\/17\/2025\/07\/RETIFICA\u00c7\u00c3O-EDITAL-N\u00ba-02-2025-PROCESSO-SELETIVO-DISCIPLINAS-ISOLADAS.pdf\">2\u00b0 Retifica\u00e7\u00e3o do Edital N\u00b0 02\/2025 &#8211; Prorroga\u00e7\u00e3o das inscri\u00e7\u00f5es\u00a0<\/a><\/p>\n<\/div><div class=\"kc-elm kc-css-98526\" style=\"height: 16px; clear: both; width:100%;\"><\/div><div class=\"kc-elm kc-css-950712 kc_text_block\"><p>\n<a href=\"http:\/\/www.posgraduacao.unimontes.br\/uploads\/sites\/17\/2025\/07\/Resultado-preliminar-EDITAL-N\u00ba-02-2025-Disciplinas-Isoladas.pdf\">Resultado preliminar \u2013 Edital n\u00ba 02\/2025 \u2013 Processo Seletivo de Disciplinas Isoladas<\/a><\/p>\n<\/div><div class=\"kc-elm kc-css-553194\" style=\"height: 16px; clear: both; width:100%;\"><\/div><div class=\"kc-elm kc-css-191844 kc_text_block\"><p><a href=\"http:\/\/www.posgraduacao.unimontes.br\/uploads\/sites\/17\/2025\/08\/Resultado-Final-EDITAL-N\u00ba-02-2025-Disciplinas-Isoladas.docx.pdf\">Resultado Final \u2013 Edital n\u00ba 02\/2025 \u2013 Processo Seletivo de Disciplinas Isoladas<\/a><\/p>\n<\/div><\/div><\/div><\/div><\/div><\/section>\n","protected":false},"excerpt":{"rendered":"","protected":false},"author":13,"featured_media":0,"parent":0,"menu_order":0,"comment_status":"closed","ping_status":"closed","template":"","meta":[],"yoast_head":"<!-- This site is optimized with the Yoast SEO plugin v14.7 - https:\/\/yoast.com\/wordpress\/plugins\/seo\/ -->\n<title>II Processo Seletivo 2025 - PPGBOT - P\u00f3s Gradua\u00e7\u00e3o em Bot\u00e2nica Aplicada<\/title>\n<meta name=\"robots\" content=\"index, follow\" \/>\n<meta name=\"googlebot\" content=\"index, follow, max-snippet:-1, max-image-preview:large, max-video-preview:-1\" \/>\n<meta name=\"bingbot\" content=\"index, follow, max-snippet:-1, max-image-preview:large, max-video-preview:-1\" \/>\n<link rel=\"canonical\" href=\"https:\/\/www.posgraduacao.unimontes.br\/ppgbot\/i-processo-seletivo-2025-2\/\" \/>\n<meta property=\"og:locale\" content=\"pt_BR\" \/>\n<meta property=\"og:type\" content=\"article\" \/>\n<meta property=\"og:title\" content=\"II Processo Seletivo 2025 - PPGBOT - P\u00f3s Gradua\u00e7\u00e3o em Bot\u00e2nica Aplicada\" \/>\n<meta property=\"og:description\" content=\"O Programa de P\u00f3s-Gradua\u00e7\u00e3o em Bot\u00e2nica Aplicada lan\u00e7a Edital para o seu 14\u00b0 processo seletivo de alunos regulares, com entrada no 2\u00b0 semestre de 2025. Ser\u00e3o oferecidas 13 vagas neste processo e o per\u00edodo de inscri\u00e7\u00f5es \u00e9 do dia 17\/06\/2025 at\u00e9 17\/07\/2025. Edital n\u00ba 02\/2025 &#8211; Processo Seletivo Regular 1\u00b0 Retifica\u00e7\u00e3o do Edital N\u00ba 02\/2025\u00a0 [&hellip;]\" \/>\n<meta property=\"og:url\" content=\"https:\/\/www.posgraduacao.unimontes.br\/ppgbot\/i-processo-seletivo-2025-2\/\" \/>\n<meta property=\"og:site_name\" content=\"PPGBOT - P\u00f3s Gradua\u00e7\u00e3o em Bot\u00e2nica Aplicada\" \/>\n<meta property=\"article:modified_time\" content=\"2025-08-01T13:45:50+00:00\" \/>\n<meta name=\"twitter:card\" content=\"summary_large_image\" \/>\n<script type=\"application\/ld+json\" class=\"yoast-schema-graph\">{\"@context\":\"https:\/\/schema.org\",\"@graph\":[{\"@type\":\"WebSite\",\"@id\":\"https:\/\/www.posgraduacao.unimontes.br\/ppgbot\/#website\",\"url\":\"https:\/\/www.posgraduacao.unimontes.br\/ppgbot\/\",\"name\":\"PPGBOT - P\\u00f3s Gradua\\u00e7\\u00e3o em Bot\\u00e2nica Aplicada\",\"description\":\"\",\"potentialAction\":[{\"@type\":\"SearchAction\",\"target\":\"https:\/\/www.posgraduacao.unimontes.br\/ppgbot\/?s={search_term_string}\",\"query-input\":\"required name=search_term_string\"}],\"inLanguage\":\"pt-BR\"},{\"@type\":\"WebPage\",\"@id\":\"https:\/\/www.posgraduacao.unimontes.br\/ppgbot\/i-processo-seletivo-2025-2\/#webpage\",\"url\":\"https:\/\/www.posgraduacao.unimontes.br\/ppgbot\/i-processo-seletivo-2025-2\/\",\"name\":\"II Processo Seletivo 2025 - PPGBOT - P\\u00f3s Gradua\\u00e7\\u00e3o em Bot\\u00e2nica Aplicada\",\"isPartOf\":{\"@id\":\"https:\/\/www.posgraduacao.unimontes.br\/ppgbot\/#website\"},\"datePublished\":\"2025-06-13T15:47:39+00:00\",\"dateModified\":\"2025-08-01T13:45:50+00:00\",\"inLanguage\":\"pt-BR\",\"potentialAction\":[{\"@type\":\"ReadAction\",\"target\":[\"https:\/\/www.posgraduacao.unimontes.br\/ppgbot\/i-processo-seletivo-2025-2\/\"]}]}]}<\/script>\n<!-- \/ Yoast SEO plugin. -->","_links":{"self":[{"href":"https:\/\/www.posgraduacao.unimontes.br\/ppgbot\/wp-json\/wp\/v2\/pages\/3118"}],"collection":[{"href":"https:\/\/www.posgraduacao.unimontes.br\/ppgbot\/wp-json\/wp\/v2\/pages"}],"about":[{"href":"https:\/\/www.posgraduacao.unimontes.br\/ppgbot\/wp-json\/wp\/v2\/types\/page"}],"author":[{"embeddable":true,"href":"https:\/\/www.posgraduacao.unimontes.br\/ppgbot\/wp-json\/wp\/v2\/users\/13"}],"replies":[{"embeddable":true,"href":"https:\/\/www.posgraduacao.unimontes.br\/ppgbot\/wp-json\/wp\/v2\/comments?post=3118"}],"version-history":[{"count":31,"href":"https:\/\/www.posgraduacao.unimontes.br\/ppgbot\/wp-json\/wp\/v2\/pages\/3118\/revisions"}],"predecessor-version":[{"id":3190,"href":"https:\/\/www.posgraduacao.unimontes.br\/ppgbot\/wp-json\/wp\/v2\/pages\/3118\/revisions\/3190"}],"wp:attachment":[{"href":"https:\/\/www.posgraduacao.unimontes.br\/ppgbot\/wp-json\/wp\/v2\/media?parent=3118"}],"curies":[{"name":"wp","href":"https:\/\/api.w.org\/{rel}","templated":true}]}}