{"id":3001,"date":"2025-03-11T12:55:06","date_gmt":"2025-03-11T15:55:06","guid":{"rendered":"https:\/\/www.posgraduacao.unimontes.br\/ppgbot\/?page_id=3001"},"modified":"2025-03-11T12:56:28","modified_gmt":"2025-03-11T15:56:28","slug":"43o-erbot-iv-simbot-botanica-e-o-antropoceno-passado-presente-e-futuro-para-garantir-sustentabilidade","status":"publish","type":"page","link":"https:\/\/www.posgraduacao.unimontes.br\/ppgbot\/43o-erbot-iv-simbot-botanica-e-o-antropoceno-passado-presente-e-futuro-para-garantir-sustentabilidade\/","title":{"rendered":"43\u00ba ERBOT &#038; IV SIMBOT &#8211; Bot\u00e2nica e o Antropoceno: passado, presente e futuro para garantir sustentabilidade"},"content":{"rendered":"<section class=\"kc-elm kc-css-549907 kc_row\"><div class=\"kc-row-container  kc-container\"><div class=\"kc-wrap-columns\"><div class=\"kc-elm kc-css-642893 kc_column kc_col-sm-12\"><div class=\"kc-col-container\"><div class=\"kc-elm kc-css-286459\" style=\"height: 47px; clear: both; width:100%;\"><\/div><div class=\"kc-elm kc-css-561739 kc_text_block\"><h4>O evento foi o primeiro Erbot presencial ap\u00f3s a pandemia e tivemos 468 inscritos, dos estados que comp\u00f5em a regional Minas Gerais, Bahia e Espirito Santo, mas tivemos tamb\u00e9m pessoas do Rio Grande Sul, Alagoas e S\u00e3o Paulo. Foram 260 trabalhos submetidos como resumo expandido, distribu\u00eddos em 12 \u00e1reas tem\u00e1ticas e nas duas modalidades de apresenta\u00e7\u00e3o: em poster e oral. Foram mais de trinta pessoas envolvidas na organiza\u00e7\u00e3o do evento, com professores do PPGBot, alunos do programa, egressos e alunos da gradua\u00e7\u00e3o. Nos cinco dias de eventos tivemos 17 minicursos, 9 palestras magistrais e 8 mesas redondas com os seguintes temas: Bot\u00e2nica Aplicada: uso sustent\u00e1vel das plantas; Anatomia Ecol\u00f3gica; Bot\u00e2nica Inclusiva; Atua\u00e7\u00e3o profissional d@s Bi\u00f3log@s Bot\u00e2nic@s; Flora de Minas Gerais: estado da arte e lacunas de pesquisa; Reflex\u00f5es etnobot\u00e2nicas sobre conserva\u00e7\u00e3o e uso da biodiversidade no Antropoceno; Redes de Intera\u00e7\u00f5es Ecol\u00f3gicas Animal-Planta em Gradientes Antr\u00f3picos; Projetos Ecol\u00f3gicos de Longa Dura\u00e7\u00e3o (PELDs) da Regional. Contamos com a participa\u00e7\u00e3o de 37 palestrantes cadastrados.<\/h4>\n<h4>Na abertura do evento, realizamos uma Exposi\u00e7\u00e3o cientifica e interativa que recebeu 5 escolas da rede p\u00fablica e privada, com alunos da educa\u00e7\u00e3o b\u00e1sica. Foram expostos stands de ensino e de extens\u00e3o, com trabalhos de alunos de gradua\u00e7\u00e3o e p\u00f3s-gradua\u00e7\u00e3o, feira de artesanato de produtos locais voltados para a bot\u00e2nica. Tivemos um local destinado para os alunos da educa\u00e7\u00e3o b\u00e1sica conversar com os pesquisadores e diversas outras atividades l\u00fadicas para falar da bot\u00e2nica. Ainda na abertura, contamos com a palestra de forma remota da Mercedes Bustamante &#8211; Presidente da CAPES, com o t\u00edtulo &#8220;Destaque da import\u00e2ncia da bot\u00e2nica na pesquisa e p\u00f3s-gradua\u00e7\u00e3o, frente a perda da biodiversidade no antropoceno: passado, presente e futuro para garantir sustentabilidade\". Logo ap\u00f3s, tivemos uma bela apresenta\u00e7\u00e3o cultural do grupo dos Catopes de Montes Claros e a Palestra Magna, com a Patricia Morellato, com o tema \u201cFenologia, Biodiversidade e Mudan\u00e7as Clim\u00e1ticas no Antropoceno\u201d.<\/h4>\n<\/div><div class=\"kc-elm kc-css-838632\" style=\"height: 51px; clear: both; width:100%;\"><\/div><div class=\"kc-elm kc-css-374034 kc_shortcode kc_single_image\">\n\n        <img src=\"https:\/\/www.posgraduacao.unimontes.br\/uploads\/sites\/17\/2025\/03\/IV-Simbot1.jpg\" class=\"\" alt=\"\" \/>    <\/div>\n<div class=\"kc-elm kc-css-879318 kc_shortcode kc_single_image\">\n\n        <img src=\"https:\/\/www.posgraduacao.unimontes.br\/uploads\/sites\/17\/2025\/03\/IV-Simbot-2.png\" class=\"\" alt=\"\" \/>    <\/div>\n<div class=\"kc-elm kc-css-308781 kc_shortcode kc_single_image\">\n\n        <img src=\"https:\/\/www.posgraduacao.unimontes.br\/uploads\/sites\/17\/2025\/03\/IV-Simbot-3.png\" class=\"\" alt=\"\" \/>    <\/div>\n<div class=\"kc-elm kc-css-56286 kc_shortcode kc_single_image\">\n\n        <img src=\"https:\/\/www.posgraduacao.unimontes.br\/uploads\/sites\/17\/2025\/03\/IV-Simbot-4.png\" class=\"\" alt=\"\" \/>    <\/div>\n<\/div><\/div><\/div><\/div><\/section>\n","protected":false},"excerpt":{"rendered":"","protected":false},"author":13,"featured_media":0,"parent":0,"menu_order":0,"comment_status":"closed","ping_status":"closed","template":"","meta":[],"yoast_head":"<!-- This site is optimized with the Yoast SEO plugin v14.7 - https:\/\/yoast.com\/wordpress\/plugins\/seo\/ -->\n<title>43\u00ba ERBOT &amp; IV SIMBOT - Bot\u00e2nica e o Antropoceno: passado, presente e futuro para garantir sustentabilidade  - PPGBOT - P\u00f3s Gradua\u00e7\u00e3o em Bot\u00e2nica Aplicada<\/title>\n<meta name=\"robots\" content=\"index, follow\" \/>\n<meta name=\"googlebot\" content=\"index, follow, max-snippet:-1, max-image-preview:large, max-video-preview:-1\" \/>\n<meta name=\"bingbot\" content=\"index, follow, max-snippet:-1, max-image-preview:large, max-video-preview:-1\" \/>\n<link rel=\"canonical\" href=\"https:\/\/www.posgraduacao.unimontes.br\/ppgbot\/43o-erbot-iv-simbot-botanica-e-o-antropoceno-passado-presente-e-futuro-para-garantir-sustentabilidade\/\" \/>\n<meta property=\"og:locale\" content=\"pt_BR\" \/>\n<meta property=\"og:type\" content=\"article\" \/>\n<meta property=\"og:title\" content=\"43\u00ba ERBOT &amp; IV SIMBOT - Bot\u00e2nica e o Antropoceno: passado, presente e futuro para garantir sustentabilidade  - PPGBOT - P\u00f3s Gradua\u00e7\u00e3o em Bot\u00e2nica Aplicada\" \/>\n<meta property=\"og:description\" content=\"O evento foi o primeiro Erbot presencial ap\u00f3s a pandemia e tivemos 468 inscritos, dos estados que comp\u00f5em a regional Minas Gerais, Bahia e Espirito Santo, mas tivemos tamb\u00e9m pessoas do Rio Grande Sul, Alagoas e S\u00e3o Paulo. Foram 260 trabalhos submetidos como resumo expandido, distribu\u00eddos em 12 \u00e1reas tem\u00e1ticas e nas duas modalidades de [&hellip;]\" \/>\n<meta property=\"og:url\" content=\"https:\/\/www.posgraduacao.unimontes.br\/ppgbot\/43o-erbot-iv-simbot-botanica-e-o-antropoceno-passado-presente-e-futuro-para-garantir-sustentabilidade\/\" \/>\n<meta property=\"og:site_name\" content=\"PPGBOT - P\u00f3s Gradua\u00e7\u00e3o em Bot\u00e2nica Aplicada\" \/>\n<meta property=\"article:modified_time\" content=\"2025-03-11T15:56:28+00:00\" \/>\n<meta property=\"og:image\" content=\"http:\/\/www.posgraduacao.unimontes.br\/uploads\/sites\/17\/2025\/03\/IV-Simbot1.jpg\" \/>\n<meta name=\"twitter:card\" content=\"summary_large_image\" \/>\n<script type=\"application\/ld+json\" class=\"yoast-schema-graph\">{\"@context\":\"https:\/\/schema.org\",\"@graph\":[{\"@type\":\"WebSite\",\"@id\":\"https:\/\/www.posgraduacao.unimontes.br\/ppgbot\/#website\",\"url\":\"https:\/\/www.posgraduacao.unimontes.br\/ppgbot\/\",\"name\":\"PPGBOT - P\\u00f3s Gradua\\u00e7\\u00e3o em Bot\\u00e2nica Aplicada\",\"description\":\"\",\"potentialAction\":[{\"@type\":\"SearchAction\",\"target\":\"https:\/\/www.posgraduacao.unimontes.br\/ppgbot\/?s={search_term_string}\",\"query-input\":\"required name=search_term_string\"}],\"inLanguage\":\"pt-BR\"},{\"@type\":\"ImageObject\",\"@id\":\"https:\/\/www.posgraduacao.unimontes.br\/ppgbot\/43o-erbot-iv-simbot-botanica-e-o-antropoceno-passado-presente-e-futuro-para-garantir-sustentabilidade\/#primaryimage\",\"inLanguage\":\"pt-BR\",\"url\":\"http:\/\/www.posgraduacao.unimontes.br\/uploads\/sites\/17\/2025\/03\/IV-Simbot1.jpg\"},{\"@type\":\"WebPage\",\"@id\":\"https:\/\/www.posgraduacao.unimontes.br\/ppgbot\/43o-erbot-iv-simbot-botanica-e-o-antropoceno-passado-presente-e-futuro-para-garantir-sustentabilidade\/#webpage\",\"url\":\"https:\/\/www.posgraduacao.unimontes.br\/ppgbot\/43o-erbot-iv-simbot-botanica-e-o-antropoceno-passado-presente-e-futuro-para-garantir-sustentabilidade\/\",\"name\":\"43\\u00ba ERBOT & IV SIMBOT - Bot\\u00e2nica e o Antropoceno: passado, presente e futuro para garantir sustentabilidade - PPGBOT - P\\u00f3s Gradua\\u00e7\\u00e3o em Bot\\u00e2nica Aplicada\",\"isPartOf\":{\"@id\":\"https:\/\/www.posgraduacao.unimontes.br\/ppgbot\/#website\"},\"primaryImageOfPage\":{\"@id\":\"https:\/\/www.posgraduacao.unimontes.br\/ppgbot\/43o-erbot-iv-simbot-botanica-e-o-antropoceno-passado-presente-e-futuro-para-garantir-sustentabilidade\/#primaryimage\"},\"datePublished\":\"2025-03-11T15:55:06+00:00\",\"dateModified\":\"2025-03-11T15:56:28+00:00\",\"inLanguage\":\"pt-BR\",\"potentialAction\":[{\"@type\":\"ReadAction\",\"target\":[\"https:\/\/www.posgraduacao.unimontes.br\/ppgbot\/43o-erbot-iv-simbot-botanica-e-o-antropoceno-passado-presente-e-futuro-para-garantir-sustentabilidade\/\"]}]}]}<\/script>\n<!-- \/ Yoast SEO plugin. -->","_links":{"self":[{"href":"https:\/\/www.posgraduacao.unimontes.br\/ppgbot\/wp-json\/wp\/v2\/pages\/3001"}],"collection":[{"href":"https:\/\/www.posgraduacao.unimontes.br\/ppgbot\/wp-json\/wp\/v2\/pages"}],"about":[{"href":"https:\/\/www.posgraduacao.unimontes.br\/ppgbot\/wp-json\/wp\/v2\/types\/page"}],"author":[{"embeddable":true,"href":"https:\/\/www.posgraduacao.unimontes.br\/ppgbot\/wp-json\/wp\/v2\/users\/13"}],"replies":[{"embeddable":true,"href":"https:\/\/www.posgraduacao.unimontes.br\/ppgbot\/wp-json\/wp\/v2\/comments?post=3001"}],"version-history":[{"count":2,"href":"https:\/\/www.posgraduacao.unimontes.br\/ppgbot\/wp-json\/wp\/v2\/pages\/3001\/revisions"}],"predecessor-version":[{"id":3007,"href":"https:\/\/www.posgraduacao.unimontes.br\/ppgbot\/wp-json\/wp\/v2\/pages\/3001\/revisions\/3007"}],"wp:attachment":[{"href":"https:\/\/www.posgraduacao.unimontes.br\/ppgbot\/wp-json\/wp\/v2\/media?parent=3001"}],"curies":[{"name":"wp","href":"https:\/\/api.w.org\/{rel}","templated":true}]}}