{"id":1153,"date":"2020-07-23T17:40:33","date_gmt":"2020-07-23T20:40:33","guid":{"rendered":"https:\/\/www.posgraduacao.unimontes.br\/ppgbot\/?page_id=1153"},"modified":"2025-03-11T12:45:57","modified_gmt":"2025-03-11T15:45:57","slug":"ciclo-de-palestras-e-apresentacoes","status":"publish","type":"page","link":"https:\/\/www.posgraduacao.unimontes.br\/ppgbot\/ciclo-de-palestras-e-apresentacoes\/","title":{"rendered":"Ciclo de Palestras e Apresenta\u00e7\u00f5es"},"content":{"rendered":"<section class=\"kc-elm kc-css-104443 kc_row\"><div class=\"kc-row-container  kc-container\"><div class=\"kc-wrap-columns\"><div class=\"kc-elm kc-css-145965 kc_col-sm-12 kc_column kc_col-sm-12\"><div class=\"kc-col-container\"><div class=\"kc-elm kc-css-562014\" style=\"height: 38px; clear: both; width:100%;\"><\/div><div class=\"kc-elm kc-css-145873 kc_text_block\"><h2 style=\"text-align: left;\"><em>2\u00b0 Ciclo de Palestras e Apresenta\u00e7\u00f5es do PPGBot<\/em><\/h2>\n<\/div><div class=\"kc-elm kc-css-651428\" style=\"height: 26px; clear: both; width:100%;\"><\/div><div class=\"kc-elm kc-css-464787 kc_shortcode kc_single_image\">\n\n        <img src=\"https:\/\/www.posgraduacao.unimontes.br\/uploads\/sites\/17\/2025\/03\/2\u00b0-Ciclo.png\" class=\"\" alt=\"\" \/>    <\/div>\n<div class=\"kc-elm kc-css-217748\" style=\"height: 85px; clear: both; width:100%;\"><\/div><div class=\"kc-elm kc-css-617860 kc_text_block\"><h2><em>3\u00b0 Ciclo de Palestras e Apresenta\u00e7\u00f5es do PPGBot<\/em><\/h2>\n<\/div><div class=\"kc-elm kc-css-486573\" style=\"height: 26px; clear: both; width:100%;\"><\/div><div class=\"kc-elm kc-css-824067 kc_shortcode kc_single_image\">\n\n        <img src=\"https:\/\/www.posgraduacao.unimontes.br\/uploads\/sites\/17\/2025\/03\/3\u00b0-Ciclo.png\" class=\"\" alt=\"\" \/>    <\/div>\n<div class=\"kc-elm kc-css-119416\" style=\"height: 85px; clear: both; width:100%;\"><\/div><div class=\"kc-elm kc-css-674792 kc_text_block\"><h2><em>4\u00b0 Ciclo de Palestras e Apresenta\u00e7\u00f5es do PPGBot<\/em><\/h2>\n<\/div><div class=\"kc-elm kc-css-444289\" style=\"height: 26px; clear: both; width:100%;\"><\/div><div class=\"kc-elm kc-css-541062 kc_shortcode kc_single_image\">\n\n        <img src=\"https:\/\/www.posgraduacao.unimontes.br\/uploads\/sites\/17\/2025\/03\/4\u00b0-Ciclo.png\" class=\"\" alt=\"\" \/>    <\/div>\n<div class=\"kc-elm kc-css-557660\" style=\"height: 85px; clear: both; width:100%;\"><\/div><div class=\"kc-elm kc-css-507891 kc_text_block\"><h2><em>5\u00b0 Ciclo de Palestras e Apresenta\u00e7\u00f5es do PPGBot<\/em><\/h2>\n<\/div><div class=\"kc-elm kc-css-838777\" style=\"height: 26px; clear: both; width:100%;\"><\/div><div class=\"kc-elm kc-css-45743 kc_shortcode kc_single_image\">\n\n        <img src=\"https:\/\/www.posgraduacao.unimontes.br\/uploads\/sites\/17\/2025\/03\/5\u00b0-Ciclo.png\" class=\"\" alt=\"\" \/>    <\/div>\n<div class=\"kc-elm kc-css-60940\" style=\"height: 85px; clear: both; width:100%;\"><\/div><div class=\"kc-elm kc-css-779525 kc_text_block\"><h2 style=\"text-align: left;\"><em>6\u00b0 Ciclo de Palestras e Apresenta\u00e7\u00f5es do PPGBot<\/em><\/h2>\n<figure class=\"wp-block-image size-large\"><img loading=\"lazy\" width=\"808\" height=\"337\" class=\"wp-image-1742\" src=\"http:\/\/www.posgraduacao.unimontes.br\/uploads\/sites\/17\/2022\/07\/Cartaz-6-ciclo-de-palestras-e-apresenta\u00e7\u00f5es-PPGBot.png\" alt=\"\" \/><\/p><figcaption>O Programa de P\u00f3s-Gradua\u00e7\u00e3o em Bot\u00e2nica Aplicada (PPGBot), da Universidade Estadual de Montes Claros &#8211; UNIMONTES, realizar\u00e1, entre os dias 13 e 14 de julho de 2022, o\u00a0<strong>6\u00ba\u00a0Ciclo de Palestras e Apresenta\u00e7\u00f5es do PPGBOT<\/strong>. O evento ser\u00e1\u00a0<em>online<\/em>, com transmiss\u00e3o ao vivo das apresenta\u00e7\u00f5es de projetos de disserta\u00e7\u00e3o dos docentes do PPGBot e\u00a0 palestras de convidados pelo Google Meet.\u00a0<br \/>As inscri\u00e7\u00f5es para o evento s\u00e3o gratuitas e podem ser feitas na plataforma da Even3. Teremos emiss\u00e3o e envio de certificados de participa\u00e7\u00e3o ap\u00f3s o evento.<\/p>\n<p><a href=\"https:\/\/www.even3.com.br\/6ciclopalestrasapresentacoesppgbot\">P\u00e1gina do Evento<\/a><\/p>\n<\/figcaption><\/figure>\n<p><!-- \/wp:image --><\/p>\n<p><!-- wp:image {\"id\":1743,\"sizeSlug\":\"large\"} --><\/p>\n<figure class=\"wp-block-image size-large\"><img loading=\"lazy\" width=\"807\" height=\"1024\" class=\"wp-image-1743\" src=\"http:\/\/www.posgraduacao.unimontes.br\/uploads\/sites\/17\/2022\/07\/Cartaz-programa\u00e7\u00e3o-6-ciclo-de-palestras-PPGBot-807x1024.png\" alt=\"\" \/><\/figure>\n<p><!-- \/wp:image --><\/p>\n<p><!-- wp:spacer --><\/p>\n<div class=\"wp-block-spacer\" style=\"height: 100px;\" aria-hidden=\"true\">\u00a0<\/div>\n<p><!-- \/wp:spacer --><\/p>\n<p><!-- wp:image {\"id\":1744,\"sizeSlug\":\"large\"} --><\/p>\n<figure class=\"wp-block-image size-large\"><img loading=\"lazy\" width=\"1024\" height=\"720\" class=\"wp-image-1744\" src=\"http:\/\/www.posgraduacao.unimontes.br\/uploads\/sites\/17\/2022\/07\/Palestra-Marina-1024x720.jpeg\" alt=\"\" \/><\/figure>\n<p><!-- \/wp:image --><\/p>\n<p><!-- wp:spacer --><\/p>\n<div class=\"wp-block-spacer\" style=\"height: 100px;\" aria-hidden=\"true\">\u00a0<\/div>\n<p><!-- \/wp:spacer --><\/p>\n<p><!-- wp:image {\"id\":1745,\"sizeSlug\":\"large\"} --><\/p>\n<figure class=\"wp-block-image size-large\"><img loading=\"lazy\" width=\"1024\" height=\"720\" class=\"wp-image-1745\" src=\"http:\/\/www.posgraduacao.unimontes.br\/uploads\/sites\/17\/2022\/07\/WhatsApp-Image-2022-07-12-at-09.54.46-1024x720.jpeg\" alt=\"\" \/><\/figure>\n<p><!-- \/wp:image --><\/p>\n<\/div><\/div><\/div><\/div><\/div><\/section>","protected":false},"excerpt":{"rendered":"","protected":false},"author":13,"featured_media":0,"parent":0,"menu_order":0,"comment_status":"closed","ping_status":"closed","template":"","meta":[],"yoast_head":"<!-- This site is optimized with the Yoast SEO plugin v14.7 - https:\/\/yoast.com\/wordpress\/plugins\/seo\/ -->\n<title>Ciclo de Palestras e Apresenta\u00e7\u00f5es - PPGBOT - P\u00f3s Gradua\u00e7\u00e3o em Bot\u00e2nica Aplicada<\/title>\n<meta name=\"robots\" content=\"index, follow\" \/>\n<meta name=\"googlebot\" content=\"index, follow, max-snippet:-1, max-image-preview:large, max-video-preview:-1\" \/>\n<meta name=\"bingbot\" content=\"index, follow, max-snippet:-1, max-image-preview:large, max-video-preview:-1\" \/>\n<link rel=\"canonical\" href=\"https:\/\/www.posgraduacao.unimontes.br\/ppgbot\/ciclo-de-palestras-e-apresentacoes\/\" \/>\n<meta property=\"og:locale\" content=\"pt_BR\" \/>\n<meta property=\"og:type\" content=\"article\" \/>\n<meta property=\"og:title\" content=\"Ciclo de Palestras e Apresenta\u00e7\u00f5es - PPGBOT - P\u00f3s Gradua\u00e7\u00e3o em Bot\u00e2nica Aplicada\" \/>\n<meta property=\"og:description\" content=\"2\u00b0 Ciclo de Palestras e Apresenta\u00e7\u00f5es do PPGBot 3\u00b0 Ciclo de Palestras e Apresenta\u00e7\u00f5es do PPGBot 4\u00b0 Ciclo de Palestras e Apresenta\u00e7\u00f5es do PPGBot 5\u00b0 Ciclo de Palestras e Apresenta\u00e7\u00f5es do PPGBot 6\u00b0 Ciclo de Palestras e Apresenta\u00e7\u00f5es do PPGBot O Programa de P\u00f3s-Gradua\u00e7\u00e3o em Bot\u00e2nica Aplicada (PPGBot), da Universidade Estadual de Montes Claros &#8211; [&hellip;]\" \/>\n<meta property=\"og:url\" content=\"https:\/\/www.posgraduacao.unimontes.br\/ppgbot\/ciclo-de-palestras-e-apresentacoes\/\" \/>\n<meta property=\"og:site_name\" content=\"PPGBOT - P\u00f3s Gradua\u00e7\u00e3o em Bot\u00e2nica Aplicada\" \/>\n<meta property=\"article:modified_time\" content=\"2025-03-11T15:45:57+00:00\" \/>\n<meta property=\"og:image\" content=\"http:\/\/www.posgraduacao.unimontes.br\/uploads\/sites\/17\/2025\/03\/2\u00b0-Ciclo.png\" \/>\n<meta name=\"twitter:card\" content=\"summary_large_image\" \/>\n<script type=\"application\/ld+json\" class=\"yoast-schema-graph\">{\"@context\":\"https:\/\/schema.org\",\"@graph\":[{\"@type\":\"WebSite\",\"@id\":\"https:\/\/www.posgraduacao.unimontes.br\/ppgbot\/#website\",\"url\":\"https:\/\/www.posgraduacao.unimontes.br\/ppgbot\/\",\"name\":\"PPGBOT - P\\u00f3s Gradua\\u00e7\\u00e3o em Bot\\u00e2nica Aplicada\",\"description\":\"\",\"potentialAction\":[{\"@type\":\"SearchAction\",\"target\":\"https:\/\/www.posgraduacao.unimontes.br\/ppgbot\/?s={search_term_string}\",\"query-input\":\"required name=search_term_string\"}],\"inLanguage\":\"pt-BR\"},{\"@type\":\"ImageObject\",\"@id\":\"https:\/\/www.posgraduacao.unimontes.br\/ppgbot\/ciclo-de-palestras-e-apresentacoes\/#primaryimage\",\"inLanguage\":\"pt-BR\",\"url\":\"http:\/\/www.posgraduacao.unimontes.br\/uploads\/sites\/17\/2025\/03\/2\\u00b0-Ciclo.png\"},{\"@type\":\"WebPage\",\"@id\":\"https:\/\/www.posgraduacao.unimontes.br\/ppgbot\/ciclo-de-palestras-e-apresentacoes\/#webpage\",\"url\":\"https:\/\/www.posgraduacao.unimontes.br\/ppgbot\/ciclo-de-palestras-e-apresentacoes\/\",\"name\":\"Ciclo de Palestras e Apresenta\\u00e7\\u00f5es - PPGBOT - P\\u00f3s Gradua\\u00e7\\u00e3o em Bot\\u00e2nica Aplicada\",\"isPartOf\":{\"@id\":\"https:\/\/www.posgraduacao.unimontes.br\/ppgbot\/#website\"},\"primaryImageOfPage\":{\"@id\":\"https:\/\/www.posgraduacao.unimontes.br\/ppgbot\/ciclo-de-palestras-e-apresentacoes\/#primaryimage\"},\"datePublished\":\"2020-07-23T20:40:33+00:00\",\"dateModified\":\"2025-03-11T15:45:57+00:00\",\"inLanguage\":\"pt-BR\",\"potentialAction\":[{\"@type\":\"ReadAction\",\"target\":[\"https:\/\/www.posgraduacao.unimontes.br\/ppgbot\/ciclo-de-palestras-e-apresentacoes\/\"]}]}]}<\/script>\n<!-- \/ Yoast SEO plugin. -->","_links":{"self":[{"href":"https:\/\/www.posgraduacao.unimontes.br\/ppgbot\/wp-json\/wp\/v2\/pages\/1153"}],"collection":[{"href":"https:\/\/www.posgraduacao.unimontes.br\/ppgbot\/wp-json\/wp\/v2\/pages"}],"about":[{"href":"https:\/\/www.posgraduacao.unimontes.br\/ppgbot\/wp-json\/wp\/v2\/types\/page"}],"author":[{"embeddable":true,"href":"https:\/\/www.posgraduacao.unimontes.br\/ppgbot\/wp-json\/wp\/v2\/users\/13"}],"replies":[{"embeddable":true,"href":"https:\/\/www.posgraduacao.unimontes.br\/ppgbot\/wp-json\/wp\/v2\/comments?post=1153"}],"version-history":[{"count":15,"href":"https:\/\/www.posgraduacao.unimontes.br\/ppgbot\/wp-json\/wp\/v2\/pages\/1153\/revisions"}],"predecessor-version":[{"id":2999,"href":"https:\/\/www.posgraduacao.unimontes.br\/ppgbot\/wp-json\/wp\/v2\/pages\/1153\/revisions\/2999"}],"wp:attachment":[{"href":"https:\/\/www.posgraduacao.unimontes.br\/ppgbot\/wp-json\/wp\/v2\/media?parent=1153"}],"curies":[{"name":"wp","href":"https:\/\/api.w.org\/{rel}","templated":true}]}}